{"id":959,"date":"2025-03-08T15:35:25","date_gmt":"2025-03-08T15:35:25","guid":{"rendered":"https:\/\/dugoudronetdesplumeseditions.ch\/romain_crelier\/?page_id=959"},"modified":"2025-04-05T13:33:19","modified_gmt":"2025-04-05T13:33:19","slug":"sept-femmes-artistes","status":"publish","type":"page","link":"https:\/\/dugoudronetdesplumeseditions.ch\/romain_crelier\/sur-deux-colonnes\/sept-femmes-artistes\/","title":{"rendered":"sept femmes artistes"},"content":{"rendered":"\n<figure class=\"wp-block-image size-full\"><img loading=\"lazy\" decoding=\"async\" width=\"800\" height=\"1003\" src=\"https:\/\/dugoudronetdesplumeseditions.ch\/romain_crelier\/wp-content\/uploads\/2025\/03\/7-Agnes-Martin-800-px-site.jpg\" alt=\"\" class=\"wp-image-960\" srcset=\"https:\/\/dugoudronetdesplumeseditions.ch\/romain_crelier\/wp-content\/uploads\/2025\/03\/7-Agnes-Martin-800-px-site.jpg 800w, https:\/\/dugoudronetdesplumeseditions.ch\/romain_crelier\/wp-content\/uploads\/2025\/03\/7-Agnes-Martin-800-px-site-239x300.jpg 239w, https:\/\/dugoudronetdesplumeseditions.ch\/romain_crelier\/wp-content\/uploads\/2025\/03\/7-Agnes-Martin-800-px-site-768x963.jpg 768w\" sizes=\"auto, (max-width: 800px) 100vw, 800px\" \/><\/figure>\n\n\n\n<p class=\"wp-block-paragraph\">Agnes Martin<\/p>\n\n\n\n<p class=\"wp-block-paragraph\">Ces sept gravures ont \u00e9t\u00e9 r\u00e9alis\u00e9es \u00e0 partir d\u2019un alphabet-trame que j\u2019ai invent\u00e9. Les artistes<br>choisies pour la qualit\u00e9 remarquable de leur travail sont Diane Arbus, Heidi Bucher, Eva Hesse,<br>Agnes Martin, Meret Oppenheim, Hannah Villiger et Rachel Whiteread.<\/p>\n\n\n\n<p class=\"wp-block-paragraph\">Chaque lettre de l\u2019alphabet correspond \u00e0 une trame de couleur, le noir, le rouge, le bleu et le vert. Chaque trame a une orientation particuli\u00e8re, horizontale, verticale, 45\u00b0 gauche, 45\u00b0 droite, 30\u00b0<br>gauche, 30\u00b0 droite et 15\u00b0 gauche. Les caract\u00e8res typographiques du pr\u00e9nom et du nom se <br>transforment en un dessin-trame plus ou moins color\u00e9 et plus ou moins dense, selon le nombre<br>de lettres qui composent le nom de la personne choisie, leur couleur et leur orientation.<\/p>\n\n\n\n<p class=\"wp-block-paragraph\">Cette s\u00e9rie de 7 eaux-fortes au trait en 4 couleurs a \u00e9t\u00e9 grav\u00e9e et imprim\u00e9e par Romain Crelier <br>en 2025 dans son atelier \u00e0 Chevenez sur un papier Zerkall 250 gr\/m2. Elles sont sign\u00e9es et <br>num\u00e9rot\u00e9es de 1\/10 \u00e0 10\/10. Deux exemplaires de chaque gravure on \u00e9t\u00e9 tir\u00e9s \u00e0 part, ils sont <br>sign\u00e9s et num\u00e9rot\u00e9s de E\/A I\/II \u00e0 EA II\/II.<\/p>\n\n\n\n<figure class=\"wp-block-image size-full\"><img loading=\"lazy\" decoding=\"async\" width=\"800\" height=\"1003\" src=\"https:\/\/dugoudronetdesplumeseditions.ch\/romain_crelier\/wp-content\/uploads\/2025\/03\/7-Diane-Arbus-800-site.jpg\" alt=\"\" class=\"wp-image-964\" srcset=\"https:\/\/dugoudronetdesplumeseditions.ch\/romain_crelier\/wp-content\/uploads\/2025\/03\/7-Diane-Arbus-800-site.jpg 800w, https:\/\/dugoudronetdesplumeseditions.ch\/romain_crelier\/wp-content\/uploads\/2025\/03\/7-Diane-Arbus-800-site-239x300.jpg 239w, https:\/\/dugoudronetdesplumeseditions.ch\/romain_crelier\/wp-content\/uploads\/2025\/03\/7-Diane-Arbus-800-site-768x963.jpg 768w\" sizes=\"auto, (max-width: 800px) 100vw, 800px\" \/><\/figure>\n\n\n\n<p class=\"wp-block-paragraph\">Diane Arbus<\/p>\n\n\n\n<figure class=\"wp-block-image size-full\"><img loading=\"lazy\" decoding=\"async\" width=\"800\" height=\"1003\" src=\"https:\/\/dugoudronetdesplumeseditions.ch\/romain_crelier\/wp-content\/uploads\/2025\/03\/7-Eva-Hesse-site-800-px.jpg\" alt=\"\" class=\"wp-image-965\" srcset=\"https:\/\/dugoudronetdesplumeseditions.ch\/romain_crelier\/wp-content\/uploads\/2025\/03\/7-Eva-Hesse-site-800-px.jpg 800w, https:\/\/dugoudronetdesplumeseditions.ch\/romain_crelier\/wp-content\/uploads\/2025\/03\/7-Eva-Hesse-site-800-px-239x300.jpg 239w, https:\/\/dugoudronetdesplumeseditions.ch\/romain_crelier\/wp-content\/uploads\/2025\/03\/7-Eva-Hesse-site-800-px-768x963.jpg 768w\" sizes=\"auto, (max-width: 800px) 100vw, 800px\" \/><\/figure>\n\n\n\n<p class=\"wp-block-paragraph\">Eva Hesse<\/p>\n\n\n\n<figure class=\"wp-block-image size-full\"><img loading=\"lazy\" decoding=\"async\" width=\"800\" height=\"1003\" src=\"https:\/\/dugoudronetdesplumeseditions.ch\/romain_crelier\/wp-content\/uploads\/2025\/03\/7-Hannah-Villiger-site-800.jpg\" alt=\"\" class=\"wp-image-966\" srcset=\"https:\/\/dugoudronetdesplumeseditions.ch\/romain_crelier\/wp-content\/uploads\/2025\/03\/7-Hannah-Villiger-site-800.jpg 800w, https:\/\/dugoudronetdesplumeseditions.ch\/romain_crelier\/wp-content\/uploads\/2025\/03\/7-Hannah-Villiger-site-800-239x300.jpg 239w, https:\/\/dugoudronetdesplumeseditions.ch\/romain_crelier\/wp-content\/uploads\/2025\/03\/7-Hannah-Villiger-site-800-768x963.jpg 768w\" sizes=\"auto, (max-width: 800px) 100vw, 800px\" \/><\/figure>\n\n\n\n<p class=\"wp-block-paragraph\">Hannah Villiger<\/p>\n\n\n\n<figure class=\"wp-block-image size-full is-resized\"><img loading=\"lazy\" decoding=\"async\" width=\"800\" height=\"1003\" src=\"https:\/\/dugoudronetdesplumeseditions.ch\/romain_crelier\/wp-content\/uploads\/2025\/03\/7-Heidi-Bucher-800-px-site.jpg\" alt=\"\" class=\"wp-image-967\" style=\"width:840px;height:auto\" srcset=\"https:\/\/dugoudronetdesplumeseditions.ch\/romain_crelier\/wp-content\/uploads\/2025\/03\/7-Heidi-Bucher-800-px-site.jpg 800w, https:\/\/dugoudronetdesplumeseditions.ch\/romain_crelier\/wp-content\/uploads\/2025\/03\/7-Heidi-Bucher-800-px-site-239x300.jpg 239w, https:\/\/dugoudronetdesplumeseditions.ch\/romain_crelier\/wp-content\/uploads\/2025\/03\/7-Heidi-Bucher-800-px-site-768x963.jpg 768w\" sizes=\"auto, (max-width: 800px) 100vw, 800px\" \/><\/figure>\n\n\n\n<p class=\"wp-block-paragraph\">Heidi Bucher<\/p>\n\n\n\n<figure class=\"wp-block-image size-full\"><img loading=\"lazy\" decoding=\"async\" width=\"800\" height=\"1003\" src=\"https:\/\/dugoudronetdesplumeseditions.ch\/romain_crelier\/wp-content\/uploads\/2025\/03\/7-Meret-Oppenheim-800-px-site.jpg\" alt=\"\" class=\"wp-image-968\" srcset=\"https:\/\/dugoudronetdesplumeseditions.ch\/romain_crelier\/wp-content\/uploads\/2025\/03\/7-Meret-Oppenheim-800-px-site.jpg 800w, https:\/\/dugoudronetdesplumeseditions.ch\/romain_crelier\/wp-content\/uploads\/2025\/03\/7-Meret-Oppenheim-800-px-site-239x300.jpg 239w, https:\/\/dugoudronetdesplumeseditions.ch\/romain_crelier\/wp-content\/uploads\/2025\/03\/7-Meret-Oppenheim-800-px-site-768x963.jpg 768w\" sizes=\"auto, (max-width: 800px) 100vw, 800px\" \/><\/figure>\n\n\n\n<p class=\"wp-block-paragraph\">Meret Oppenheim<\/p>\n\n\n\n<figure class=\"wp-block-image size-full\"><img loading=\"lazy\" decoding=\"async\" width=\"800\" height=\"1003\" src=\"https:\/\/dugoudronetdesplumeseditions.ch\/romain_crelier\/wp-content\/uploads\/2025\/03\/7-Rachel-Whiteread-800-px-site.jpg\" alt=\"\" class=\"wp-image-969\" srcset=\"https:\/\/dugoudronetdesplumeseditions.ch\/romain_crelier\/wp-content\/uploads\/2025\/03\/7-Rachel-Whiteread-800-px-site.jpg 800w, https:\/\/dugoudronetdesplumeseditions.ch\/romain_crelier\/wp-content\/uploads\/2025\/03\/7-Rachel-Whiteread-800-px-site-239x300.jpg 239w, https:\/\/dugoudronetdesplumeseditions.ch\/romain_crelier\/wp-content\/uploads\/2025\/03\/7-Rachel-Whiteread-800-px-site-768x963.jpg 768w\" sizes=\"auto, (max-width: 800px) 100vw, 800px\" \/><\/figure>\n\n\n\n<p class=\"wp-block-paragraph\">Rachel Whiteread<\/p>\n\n\n\n<figure class=\"wp-block-image size-full\"><img loading=\"lazy\" decoding=\"async\" width=\"800\" height=\"990\" src=\"https:\/\/dugoudronetdesplumeseditions.ch\/romain_crelier\/wp-content\/uploads\/2025\/04\/Alphabet-800-site.jpg\" alt=\"\" class=\"wp-image-1183\" srcset=\"https:\/\/dugoudronetdesplumeseditions.ch\/romain_crelier\/wp-content\/uploads\/2025\/04\/Alphabet-800-site.jpg 800w, https:\/\/dugoudronetdesplumeseditions.ch\/romain_crelier\/wp-content\/uploads\/2025\/04\/Alphabet-800-site-242x300.jpg 242w, https:\/\/dugoudronetdesplumeseditions.ch\/romain_crelier\/wp-content\/uploads\/2025\/04\/Alphabet-800-site-768x950.jpg 768w\" sizes=\"auto, (max-width: 800px) 100vw, 800px\" \/><\/figure>\n\n\n\n<p class=\"wp-block-paragraph\">Alphabet-trame<\/p>\n\n\n\n<p class=\"wp-block-paragraph\"><\/p>\n","protected":false},"excerpt":{"rendered":"<p>Agnes Martin Ces sept gravures ont \u00e9t\u00e9 r\u00e9alis\u00e9es \u00e0 partir d\u2019un alphabet-trame que j\u2019ai invent\u00e9. Les artisteschoisies pour la qualit\u00e9 remarquable de leur travail sont Diane Arbus, Heidi Bucher, Eva Hesse,Agnes Martin, Meret Oppenheim, Hannah Villiger et Rachel Whiteread. Chaque lettre de l\u2019alphabet correspond \u00e0 une trame de couleur, le noir, le rouge, le bleu &hellip; <a href=\"https:\/\/dugoudronetdesplumeseditions.ch\/romain_crelier\/sur-deux-colonnes\/sept-femmes-artistes\/\" class=\"more-link\">Continue reading <span class=\"screen-reader-text\">sept femmes artistes<\/span><\/a><\/p>\n","protected":false},"author":5,"featured_media":0,"parent":197,"menu_order":0,"comment_status":"closed","ping_status":"closed","template":"","meta":{"footnotes":""},"class_list":["post-959","page","type-page","status-publish","hentry"],"_links":{"self":[{"href":"https:\/\/dugoudronetdesplumeseditions.ch\/romain_crelier\/wp-json\/wp\/v2\/pages\/959","targetHints":{"allow":["GET"]}}],"collection":[{"href":"https:\/\/dugoudronetdesplumeseditions.ch\/romain_crelier\/wp-json\/wp\/v2\/pages"}],"about":[{"href":"https:\/\/dugoudronetdesplumeseditions.ch\/romain_crelier\/wp-json\/wp\/v2\/types\/page"}],"author":[{"embeddable":true,"href":"https:\/\/dugoudronetdesplumeseditions.ch\/romain_crelier\/wp-json\/wp\/v2\/users\/5"}],"replies":[{"embeddable":true,"href":"https:\/\/dugoudronetdesplumeseditions.ch\/romain_crelier\/wp-json\/wp\/v2\/comments?post=959"}],"version-history":[{"count":3,"href":"https:\/\/dugoudronetdesplumeseditions.ch\/romain_crelier\/wp-json\/wp\/v2\/pages\/959\/revisions"}],"predecessor-version":[{"id":1185,"href":"https:\/\/dugoudronetdesplumeseditions.ch\/romain_crelier\/wp-json\/wp\/v2\/pages\/959\/revisions\/1185"}],"up":[{"embeddable":true,"href":"https:\/\/dugoudronetdesplumeseditions.ch\/romain_crelier\/wp-json\/wp\/v2\/pages\/197"}],"wp:attachment":[{"href":"https:\/\/dugoudronetdesplumeseditions.ch\/romain_crelier\/wp-json\/wp\/v2\/media?parent=959"}],"curies":[{"name":"wp","href":"https:\/\/api.w.org\/{rel}","templated":true}]}}

<figure class="wp-block-image size-full"><img loading="lazy" decoding="async" width="800" height="1003" src="https://dugoudronetdesplumeseditions.ch/romain_crelier/wp-content/uploads/2025/03/7-Agnes-Martin-800-px-site.jpg" alt="" class="wp-image-960" srcset="https://dugoudronetdesplumeseditions.ch/romain_crelier/wp-content/uploads/2025/03/7-Agnes-Martin-800-px-site.jpg 800w, https://dugoudronetdesplumeseditions.ch/romain_crelier/wp-content/uploads/2025/03/7-Agnes-Martin-800-px-site-239x300.jpg 239w, https://dugoudronetdesplumeseditions.ch/romain_crelier/wp-content/uploads/2025/03/7-Agnes-Martin-800-px-site-768x963.jpg 768w" sizes="auto, (max-width: 800px) 100vw, 800px" /></figure>



<p class="wp-block-paragraph">Agnes Martin</p>



<p class="wp-block-paragraph">Ces sept gravures ont été réalisées à partir d’un alphabet-trame que j’ai inventé. Les artistes<br>choisies pour la qualité remarquable de leur travail sont Diane Arbus, Heidi Bucher, Eva Hesse,<br>Agnes Martin, Meret Oppenheim, Hannah Villiger et Rachel Whiteread.</p>



<p class="wp-block-paragraph">Chaque lettre de l’alphabet correspond à une trame de couleur, le noir, le rouge, le bleu et le vert. Chaque trame a une orientation particulière, horizontale, verticale, 45° gauche, 45° droite, 30°<br>gauche, 30° droite et 15° gauche. Les caractères typographiques du prénom et du nom se <br>transforment en un dessin-trame plus ou moins coloré et plus ou moins dense, selon le nombre<br>de lettres qui composent le nom de la personne choisie, leur couleur et leur orientation.</p>



<p class="wp-block-paragraph">Cette série de 7 eaux-fortes au trait en 4 couleurs a été gravée et imprimée par Romain Crelier <br>en 2025 dans son atelier à Chevenez sur un papier Zerkall 250 gr/m2. Elles sont signées et <br>numérotées de 1/10 à 10/10. Deux exemplaires de chaque gravure on été tirés à part, ils sont <br>signés et numérotés de E/A I/II à EA II/II.</p>



<figure class="wp-block-image size-full"><img loading="lazy" decoding="async" width="800" height="1003" src="https://dugoudronetdesplumeseditions.ch/romain_crelier/wp-content/uploads/2025/03/7-Diane-Arbus-800-site.jpg" alt="" class="wp-image-964" srcset="https://dugoudronetdesplumeseditions.ch/romain_crelier/wp-content/uploads/2025/03/7-Diane-Arbus-800-site.jpg 800w, https://dugoudronetdesplumeseditions.ch/romain_crelier/wp-content/uploads/2025/03/7-Diane-Arbus-800-site-239x300.jpg 239w, https://dugoudronetdesplumeseditions.ch/romain_crelier/wp-content/uploads/2025/03/7-Diane-Arbus-800-site-768x963.jpg 768w" sizes="auto, (max-width: 800px) 100vw, 800px" /></figure>



<p class="wp-block-paragraph">Diane Arbus</p>



<figure class="wp-block-image size-full"><img loading="lazy" decoding="async" width="800" height="1003" src="https://dugoudronetdesplumeseditions.ch/romain_crelier/wp-content/uploads/2025/03/7-Eva-Hesse-site-800-px.jpg" alt="" class="wp-image-965" srcset="https://dugoudronetdesplumeseditions.ch/romain_crelier/wp-content/uploads/2025/03/7-Eva-Hesse-site-800-px.jpg 800w, https://dugoudronetdesplumeseditions.ch/romain_crelier/wp-content/uploads/2025/03/7-Eva-Hesse-site-800-px-239x300.jpg 239w, https://dugoudronetdesplumeseditions.ch/romain_crelier/wp-content/uploads/2025/03/7-Eva-Hesse-site-800-px-768x963.jpg 768w" sizes="auto, (max-width: 800px) 100vw, 800px" /></figure>



<p class="wp-block-paragraph">Eva Hesse</p>



<figure class="wp-block-image size-full"><img loading="lazy" decoding="async" width="800" height="1003" src="https://dugoudronetdesplumeseditions.ch/romain_crelier/wp-content/uploads/2025/03/7-Hannah-Villiger-site-800.jpg" alt="" class="wp-image-966" srcset="https://dugoudronetdesplumeseditions.ch/romain_crelier/wp-content/uploads/2025/03/7-Hannah-Villiger-site-800.jpg 800w, https://dugoudronetdesplumeseditions.ch/romain_crelier/wp-content/uploads/2025/03/7-Hannah-Villiger-site-800-239x300.jpg 239w, https://dugoudronetdesplumeseditions.ch/romain_crelier/wp-content/uploads/2025/03/7-Hannah-Villiger-site-800-768x963.jpg 768w" sizes="auto, (max-width: 800px) 100vw, 800px" /></figure>



<p class="wp-block-paragraph">Hannah Villiger</p>



<figure class="wp-block-image size-full is-resized"><img loading="lazy" decoding="async" width="800" height="1003" src="https://dugoudronetdesplumeseditions.ch/romain_crelier/wp-content/uploads/2025/03/7-Heidi-Bucher-800-px-site.jpg" alt="" class="wp-image-967" style="width:840px;height:auto" srcset="https://dugoudronetdesplumeseditions.ch/romain_crelier/wp-content/uploads/2025/03/7-Heidi-Bucher-800-px-site.jpg 800w, https://dugoudronetdesplumeseditions.ch/romain_crelier/wp-content/uploads/2025/03/7-Heidi-Bucher-800-px-site-239x300.jpg 239w, https://dugoudronetdesplumeseditions.ch/romain_crelier/wp-content/uploads/2025/03/7-Heidi-Bucher-800-px-site-768x963.jpg 768w" sizes="auto, (max-width: 800px) 100vw, 800px" /></figure>



<p class="wp-block-paragraph">Heidi Bucher</p>



<figure class="wp-block-image size-full"><img loading="lazy" decoding="async" width="800" height="1003" src="https://dugoudronetdesplumeseditions.ch/romain_crelier/wp-content/uploads/2025/03/7-Meret-Oppenheim-800-px-site.jpg" alt="" class="wp-image-968" srcset="https://dugoudronetdesplumeseditions.ch/romain_crelier/wp-content/uploads/2025/03/7-Meret-Oppenheim-800-px-site.jpg 800w, https://dugoudronetdesplumeseditions.ch/romain_crelier/wp-content/uploads/2025/03/7-Meret-Oppenheim-800-px-site-239x300.jpg 239w, https://dugoudronetdesplumeseditions.ch/romain_crelier/wp-content/uploads/2025/03/7-Meret-Oppenheim-800-px-site-768x963.jpg 768w" sizes="auto, (max-width: 800px) 100vw, 800px" /></figure>



<p class="wp-block-paragraph">Meret Oppenheim</p>



<figure class="wp-block-image size-full"><img loading="lazy" decoding="async" width="800" height="1003" src="https://dugoudronetdesplumeseditions.ch/romain_crelier/wp-content/uploads/2025/03/7-Rachel-Whiteread-800-px-site.jpg" alt="" class="wp-image-969" srcset="https://dugoudronetdesplumeseditions.ch/romain_crelier/wp-content/uploads/2025/03/7-Rachel-Whiteread-800-px-site.jpg 800w, https://dugoudronetdesplumeseditions.ch/romain_crelier/wp-content/uploads/2025/03/7-Rachel-Whiteread-800-px-site-239x300.jpg 239w, https://dugoudronetdesplumeseditions.ch/romain_crelier/wp-content/uploads/2025/03/7-Rachel-Whiteread-800-px-site-768x963.jpg 768w" sizes="auto, (max-width: 800px) 100vw, 800px" /></figure>



<p class="wp-block-paragraph">Rachel Whiteread</p>



<figure class="wp-block-image size-full"><img loading="lazy" decoding="async" width="800" height="990" src="https://dugoudronetdesplumeseditions.ch/romain_crelier/wp-content/uploads/2025/04/Alphabet-800-site.jpg" alt="" class="wp-image-1183" srcset="https://dugoudronetdesplumeseditions.ch/romain_crelier/wp-content/uploads/2025/04/Alphabet-800-site.jpg 800w, https://dugoudronetdesplumeseditions.ch/romain_crelier/wp-content/uploads/2025/04/Alphabet-800-site-242x300.jpg 242w, https://dugoudronetdesplumeseditions.ch/romain_crelier/wp-content/uploads/2025/04/Alphabet-800-site-768x950.jpg 768w" sizes="auto, (max-width: 800px) 100vw, 800px" /></figure>



<p class="wp-block-paragraph">Alphabet-trame</p>



<p class="wp-block-paragraph"></p>

<p>Agnes Martin Ces sept gravures ont été réalisées à partir d’un alphabet-trame que j’ai inventé. Les artisteschoisies pour la qualité remarquable de leur travail sont Diane Arbus, Heidi Bucher, Eva Hesse,Agnes Martin, Meret Oppenheim, Hannah Villiger et Rachel Whiteread. Chaque lettre de l’alphabet correspond à une trame de couleur, le noir, le rouge, le bleu &hellip; <a href="https://dugoudronetdesplumeseditions.ch/romain_crelier/sur-deux-colonnes/sept-femmes-artistes/" class="more-link">Continue reading <span class="screen-reader-text">sept femmes artistes</span></a></p>
