{"id":925,"date":"2025-03-04T15:32:11","date_gmt":"2025-03-04T15:32:11","guid":{"rendered":"https:\/\/dugoudronetdesplumeseditions.ch\/romain_crelier\/?page_id=925"},"modified":"2025-04-27T15:33:04","modified_gmt":"2025-04-27T15:33:04","slug":"minuscules","status":"publish","type":"page","link":"https:\/\/dugoudronetdesplumeseditions.ch\/romain_crelier\/installations\/minuscules\/","title":{"rendered":"minuscules"},"content":{"rendered":"\n<figure class=\"wp-block-image size-large\"><img loading=\"lazy\" decoding=\"async\" width=\"1024\" height=\"688\" src=\"https:\/\/dugoudronetdesplumeseditions.ch\/romain_crelier\/wp-content\/uploads\/2025\/03\/minuscules-3b-corrige-plus-clair-que-3-1024x688.jpg\" alt=\"\" class=\"wp-image-941\" srcset=\"https:\/\/dugoudronetdesplumeseditions.ch\/romain_crelier\/wp-content\/uploads\/2025\/03\/minuscules-3b-corrige-plus-clair-que-3-1024x688.jpg 1024w, https:\/\/dugoudronetdesplumeseditions.ch\/romain_crelier\/wp-content\/uploads\/2025\/03\/minuscules-3b-corrige-plus-clair-que-3-300x202.jpg 300w, https:\/\/dugoudronetdesplumeseditions.ch\/romain_crelier\/wp-content\/uploads\/2025\/03\/minuscules-3b-corrige-plus-clair-que-3-768x516.jpg 768w, https:\/\/dugoudronetdesplumeseditions.ch\/romain_crelier\/wp-content\/uploads\/2025\/03\/minuscules-3b-corrige-plus-clair-que-3-1536x1033.jpg 1536w, https:\/\/dugoudronetdesplumeseditions.ch\/romain_crelier\/wp-content\/uploads\/2025\/03\/minuscules-3b-corrige-plus-clair-que-3-2048x1377.jpg 2048w\" sizes=\"auto, (max-width: 1024px) 100vw, 1024px\" \/><\/figure>\n\n\n\n<p class=\"wp-block-paragraph\">\u00ab\u00a0minuscules\u00a0\u00bb 2024<\/p>\n\n\n\n<p class=\"wp-block-paragraph\">L\u2019installation \u00ab\u00a0minuscules\u00a0\u00bb est compos\u00e9e de 28 \u00e9l\u00e9ments en b\u00e9ton qui ont la forme d\u2019une calotte sph\u00e9rique d\u2019un diam\u00e8tre de 13 cm et d\u2019une \u00e9paisseur\/profondeur de 5 cm. Le b\u00e9ton est teint\u00e9 dans <br>la masse avec un oxyde de fer. Il est ensuite l\u00e9g\u00e8rement poli.<br>Pour ce travail j\u2019utilise l\u2019alphabet braille qui permet de lire avec les doigts et qui est destin\u00e9 aux personnes malvoyantes ou aveugles. L\u2019id\u00e9e est de rendre visible un langage qui est cr\u00e9\u00e9 pour les personnes qui ne voient pas. Le l\u00e9ger relief de l\u2019alphabet braille est agrandi et coul\u00e9 dans une forme <br>en b\u00e9ton. Cette transformation d\u2019un langage pens\u00e9 pour les aveugles en une installation plastique <br>nous interroge sur la fronti\u00e8re qu\u2019il y a entre le visible et l\u2019invisible.<br>Ces 28 \u00e9l\u00e9ments forment les lettres du mot \u00ab\u00a0minuscules\u00a0\u00bb. Ce mot a pris pour moi une dimension particuli\u00e8re \u00e0 la lecture du livre de Pierre Michon \u00ab Vies minuscules \u00bb.<\/p>\n\n\n\n<figure class=\"wp-block-image size-large\"><img loading=\"lazy\" decoding=\"async\" width=\"1024\" height=\"697\" src=\"https:\/\/dugoudronetdesplumeseditions.ch\/romain_crelier\/wp-content\/uploads\/2025\/03\/minuscules-eac-sony-1-1024x697.jpg\" alt=\"\" class=\"wp-image-948\" srcset=\"https:\/\/dugoudronetdesplumeseditions.ch\/romain_crelier\/wp-content\/uploads\/2025\/03\/minuscules-eac-sony-1-1024x697.jpg 1024w, https:\/\/dugoudronetdesplumeseditions.ch\/romain_crelier\/wp-content\/uploads\/2025\/03\/minuscules-eac-sony-1-300x204.jpg 300w, https:\/\/dugoudronetdesplumeseditions.ch\/romain_crelier\/wp-content\/uploads\/2025\/03\/minuscules-eac-sony-1-768x523.jpg 768w, https:\/\/dugoudronetdesplumeseditions.ch\/romain_crelier\/wp-content\/uploads\/2025\/03\/minuscules-eac-sony-1-1536x1046.jpg 1536w, https:\/\/dugoudronetdesplumeseditions.ch\/romain_crelier\/wp-content\/uploads\/2025\/03\/minuscules-eac-sony-1-2048x1394.jpg 2048w\" sizes=\"auto, (max-width: 1024px) 100vw, 1024px\" \/><\/figure>\n\n\n\n<p class=\"wp-block-paragraph\">vue 2<\/p>\n\n\n\n<figure class=\"wp-block-image size-large\"><img loading=\"lazy\" decoding=\"async\" width=\"1024\" height=\"561\" src=\"https:\/\/dugoudronetdesplumeseditions.ch\/romain_crelier\/wp-content\/uploads\/2025\/03\/minuscules--1024x561.jpg\" alt=\"\" class=\"wp-image-929\" srcset=\"https:\/\/dugoudronetdesplumeseditions.ch\/romain_crelier\/wp-content\/uploads\/2025\/03\/minuscules--1024x561.jpg 1024w, https:\/\/dugoudronetdesplumeseditions.ch\/romain_crelier\/wp-content\/uploads\/2025\/03\/minuscules--300x164.jpg 300w, https:\/\/dugoudronetdesplumeseditions.ch\/romain_crelier\/wp-content\/uploads\/2025\/03\/minuscules--768x421.jpg 768w, https:\/\/dugoudronetdesplumeseditions.ch\/romain_crelier\/wp-content\/uploads\/2025\/03\/minuscules--1536x842.jpg 1536w, https:\/\/dugoudronetdesplumeseditions.ch\/romain_crelier\/wp-content\/uploads\/2025\/03\/minuscules--2048x1122.jpg 2048w\" sizes=\"auto, (max-width: 1024px) 100vw, 1024px\" \/><\/figure>\n\n\n\n<p class=\"wp-block-paragraph\">vue 3<\/p>\n\n\n\n<figure class=\"wp-block-image size-large\"><img loading=\"lazy\" decoding=\"async\" width=\"1024\" height=\"1024\" src=\"https:\/\/dugoudronetdesplumeseditions.ch\/romain_crelier\/wp-content\/uploads\/2025\/03\/minuscules-cantonale-24-1-element-1024x1024.jpg\" alt=\"\" class=\"wp-image-930\" srcset=\"https:\/\/dugoudronetdesplumeseditions.ch\/romain_crelier\/wp-content\/uploads\/2025\/03\/minuscules-cantonale-24-1-element-1024x1024.jpg 1024w, https:\/\/dugoudronetdesplumeseditions.ch\/romain_crelier\/wp-content\/uploads\/2025\/03\/minuscules-cantonale-24-1-element-300x300.jpg 300w, https:\/\/dugoudronetdesplumeseditions.ch\/romain_crelier\/wp-content\/uploads\/2025\/03\/minuscules-cantonale-24-1-element-150x150.jpg 150w, https:\/\/dugoudronetdesplumeseditions.ch\/romain_crelier\/wp-content\/uploads\/2025\/03\/minuscules-cantonale-24-1-element-768x768.jpg 768w, https:\/\/dugoudronetdesplumeseditions.ch\/romain_crelier\/wp-content\/uploads\/2025\/03\/minuscules-cantonale-24-1-element-1536x1536.jpg 1536w, https:\/\/dugoudronetdesplumeseditions.ch\/romain_crelier\/wp-content\/uploads\/2025\/03\/minuscules-cantonale-24-1-element-2048x2048.jpg 2048w\" sizes=\"auto, (max-width: 1024px) 100vw, 1024px\" \/><\/figure>\n\n\n\n<p class=\"wp-block-paragraph\">Un \u00e9l\u00e9ment en b\u00e9ton<\/p>\n\n\n\n<figure class=\"wp-block-image size-large\"><img loading=\"lazy\" decoding=\"async\" width=\"1024\" height=\"353\" src=\"https:\/\/dugoudronetdesplumeseditions.ch\/romain_crelier\/wp-content\/uploads\/2025\/03\/dessin-minuscules-2-1024x353.jpg\" alt=\"\" class=\"wp-image-943\" srcset=\"https:\/\/dugoudronetdesplumeseditions.ch\/romain_crelier\/wp-content\/uploads\/2025\/03\/dessin-minuscules-2-1024x353.jpg 1024w, https:\/\/dugoudronetdesplumeseditions.ch\/romain_crelier\/wp-content\/uploads\/2025\/03\/dessin-minuscules-2-300x103.jpg 300w, https:\/\/dugoudronetdesplumeseditions.ch\/romain_crelier\/wp-content\/uploads\/2025\/03\/dessin-minuscules-2-768x265.jpg 768w, https:\/\/dugoudronetdesplumeseditions.ch\/romain_crelier\/wp-content\/uploads\/2025\/03\/dessin-minuscules-2-1536x529.jpg 1536w, https:\/\/dugoudronetdesplumeseditions.ch\/romain_crelier\/wp-content\/uploads\/2025\/03\/dessin-minuscules-2-2048x706.jpg 2048w\" sizes=\"auto, (max-width: 1024px) 100vw, 1024px\" \/><\/figure>\n\n\n\n<div class=\"wp-block-file\"><\/div>\n\n\n\n<p class=\"wp-block-paragraph\">Plan<\/p>\n\n\n\n<p class=\"wp-block-paragraph\"><\/p>\n","protected":false},"excerpt":{"rendered":"<p>\u00ab\u00a0minuscules\u00a0\u00bb 2024 L\u2019installation \u00ab\u00a0minuscules\u00a0\u00bb est compos\u00e9e de 28 \u00e9l\u00e9ments en b\u00e9ton qui ont la forme d\u2019une calotte sph\u00e9rique d\u2019un diam\u00e8tre de 13 cm et d\u2019une \u00e9paisseur\/profondeur de 5 cm. Le b\u00e9ton est teint\u00e9 dans la masse avec un oxyde de fer. Il est ensuite l\u00e9g\u00e8rement poli.Pour ce travail j\u2019utilise l\u2019alphabet braille qui permet de lire &hellip; <a href=\"https:\/\/dugoudronetdesplumeseditions.ch\/romain_crelier\/installations\/minuscules\/\" class=\"more-link\">Continue reading <span class=\"screen-reader-text\">minuscules<\/span><\/a><\/p>\n","protected":false},"author":5,"featured_media":0,"parent":209,"menu_order":1,"comment_status":"closed","ping_status":"closed","template":"","meta":{"footnotes":""},"class_list":["post-925","page","type-page","status-publish","hentry"],"_links":{"self":[{"href":"https:\/\/dugoudronetdesplumeseditions.ch\/romain_crelier\/wp-json\/wp\/v2\/pages\/925","targetHints":{"allow":["GET"]}}],"collection":[{"href":"https:\/\/dugoudronetdesplumeseditions.ch\/romain_crelier\/wp-json\/wp\/v2\/pages"}],"about":[{"href":"https:\/\/dugoudronetdesplumeseditions.ch\/romain_crelier\/wp-json\/wp\/v2\/types\/page"}],"author":[{"embeddable":true,"href":"https:\/\/dugoudronetdesplumeseditions.ch\/romain_crelier\/wp-json\/wp\/v2\/users\/5"}],"replies":[{"embeddable":true,"href":"https:\/\/dugoudronetdesplumeseditions.ch\/romain_crelier\/wp-json\/wp\/v2\/comments?post=925"}],"version-history":[{"count":6,"href":"https:\/\/dugoudronetdesplumeseditions.ch\/romain_crelier\/wp-json\/wp\/v2\/pages\/925\/revisions"}],"predecessor-version":[{"id":1311,"href":"https:\/\/dugoudronetdesplumeseditions.ch\/romain_crelier\/wp-json\/wp\/v2\/pages\/925\/revisions\/1311"}],"up":[{"embeddable":true,"href":"https:\/\/dugoudronetdesplumeseditions.ch\/romain_crelier\/wp-json\/wp\/v2\/pages\/209"}],"wp:attachment":[{"href":"https:\/\/dugoudronetdesplumeseditions.ch\/romain_crelier\/wp-json\/wp\/v2\/media?parent=925"}],"curies":[{"name":"wp","href":"https:\/\/api.w.org\/{rel}","templated":true}]}}

<figure class="wp-block-image size-large"><img loading="lazy" decoding="async" width="1024" height="688" src="https://dugoudronetdesplumeseditions.ch/romain_crelier/wp-content/uploads/2025/03/minuscules-3b-corrige-plus-clair-que-3-1024x688.jpg" alt="" class="wp-image-941" srcset="https://dugoudronetdesplumeseditions.ch/romain_crelier/wp-content/uploads/2025/03/minuscules-3b-corrige-plus-clair-que-3-1024x688.jpg 1024w, https://dugoudronetdesplumeseditions.ch/romain_crelier/wp-content/uploads/2025/03/minuscules-3b-corrige-plus-clair-que-3-300x202.jpg 300w, https://dugoudronetdesplumeseditions.ch/romain_crelier/wp-content/uploads/2025/03/minuscules-3b-corrige-plus-clair-que-3-768x516.jpg 768w, https://dugoudronetdesplumeseditions.ch/romain_crelier/wp-content/uploads/2025/03/minuscules-3b-corrige-plus-clair-que-3-1536x1033.jpg 1536w, https://dugoudronetdesplumeseditions.ch/romain_crelier/wp-content/uploads/2025/03/minuscules-3b-corrige-plus-clair-que-3-2048x1377.jpg 2048w" sizes="auto, (max-width: 1024px) 100vw, 1024px" /></figure>



<p class="wp-block-paragraph">« minuscules » 2024</p>



<p class="wp-block-paragraph">L’installation « minuscules » est composée de 28 éléments en béton qui ont la forme d’une calotte sphérique d’un diamètre de 13 cm et d’une épaisseur/profondeur de 5 cm. Le béton est teinté dans <br>la masse avec un oxyde de fer. Il est ensuite légèrement poli.<br>Pour ce travail j’utilise l’alphabet braille qui permet de lire avec les doigts et qui est destiné aux personnes malvoyantes ou aveugles. L’idée est de rendre visible un langage qui est créé pour les personnes qui ne voient pas. Le léger relief de l’alphabet braille est agrandi et coulé dans une forme <br>en béton. Cette transformation d’un langage pensé pour les aveugles en une installation plastique <br>nous interroge sur la frontière qu’il y a entre le visible et l’invisible.<br>Ces 28 éléments forment les lettres du mot « minuscules ». Ce mot a pris pour moi une dimension particulière à la lecture du livre de Pierre Michon « Vies minuscules ».</p>



<figure class="wp-block-image size-large"><img loading="lazy" decoding="async" width="1024" height="697" src="https://dugoudronetdesplumeseditions.ch/romain_crelier/wp-content/uploads/2025/03/minuscules-eac-sony-1-1024x697.jpg" alt="" class="wp-image-948" srcset="https://dugoudronetdesplumeseditions.ch/romain_crelier/wp-content/uploads/2025/03/minuscules-eac-sony-1-1024x697.jpg 1024w, https://dugoudronetdesplumeseditions.ch/romain_crelier/wp-content/uploads/2025/03/minuscules-eac-sony-1-300x204.jpg 300w, https://dugoudronetdesplumeseditions.ch/romain_crelier/wp-content/uploads/2025/03/minuscules-eac-sony-1-768x523.jpg 768w, https://dugoudronetdesplumeseditions.ch/romain_crelier/wp-content/uploads/2025/03/minuscules-eac-sony-1-1536x1046.jpg 1536w, https://dugoudronetdesplumeseditions.ch/romain_crelier/wp-content/uploads/2025/03/minuscules-eac-sony-1-2048x1394.jpg 2048w" sizes="auto, (max-width: 1024px) 100vw, 1024px" /></figure>



<p class="wp-block-paragraph">vue 2</p>



<figure class="wp-block-image size-large"><img loading="lazy" decoding="async" width="1024" height="561" src="https://dugoudronetdesplumeseditions.ch/romain_crelier/wp-content/uploads/2025/03/minuscules--1024x561.jpg" alt="" class="wp-image-929" srcset="https://dugoudronetdesplumeseditions.ch/romain_crelier/wp-content/uploads/2025/03/minuscules--1024x561.jpg 1024w, https://dugoudronetdesplumeseditions.ch/romain_crelier/wp-content/uploads/2025/03/minuscules--300x164.jpg 300w, https://dugoudronetdesplumeseditions.ch/romain_crelier/wp-content/uploads/2025/03/minuscules--768x421.jpg 768w, https://dugoudronetdesplumeseditions.ch/romain_crelier/wp-content/uploads/2025/03/minuscules--1536x842.jpg 1536w, https://dugoudronetdesplumeseditions.ch/romain_crelier/wp-content/uploads/2025/03/minuscules--2048x1122.jpg 2048w" sizes="auto, (max-width: 1024px) 100vw, 1024px" /></figure>



<p class="wp-block-paragraph">vue 3</p>



<figure class="wp-block-image size-large"><img loading="lazy" decoding="async" width="1024" height="1024" src="https://dugoudronetdesplumeseditions.ch/romain_crelier/wp-content/uploads/2025/03/minuscules-cantonale-24-1-element-1024x1024.jpg" alt="" class="wp-image-930" srcset="https://dugoudronetdesplumeseditions.ch/romain_crelier/wp-content/uploads/2025/03/minuscules-cantonale-24-1-element-1024x1024.jpg 1024w, https://dugoudronetdesplumeseditions.ch/romain_crelier/wp-content/uploads/2025/03/minuscules-cantonale-24-1-element-300x300.jpg 300w, https://dugoudronetdesplumeseditions.ch/romain_crelier/wp-content/uploads/2025/03/minuscules-cantonale-24-1-element-150x150.jpg 150w, https://dugoudronetdesplumeseditions.ch/romain_crelier/wp-content/uploads/2025/03/minuscules-cantonale-24-1-element-768x768.jpg 768w, https://dugoudronetdesplumeseditions.ch/romain_crelier/wp-content/uploads/2025/03/minuscules-cantonale-24-1-element-1536x1536.jpg 1536w, https://dugoudronetdesplumeseditions.ch/romain_crelier/wp-content/uploads/2025/03/minuscules-cantonale-24-1-element-2048x2048.jpg 2048w" sizes="auto, (max-width: 1024px) 100vw, 1024px" /></figure>



<p class="wp-block-paragraph">Un élément en béton</p>



<figure class="wp-block-image size-large"><img loading="lazy" decoding="async" width="1024" height="353" src="https://dugoudronetdesplumeseditions.ch/romain_crelier/wp-content/uploads/2025/03/dessin-minuscules-2-1024x353.jpg" alt="" class="wp-image-943" srcset="https://dugoudronetdesplumeseditions.ch/romain_crelier/wp-content/uploads/2025/03/dessin-minuscules-2-1024x353.jpg 1024w, https://dugoudronetdesplumeseditions.ch/romain_crelier/wp-content/uploads/2025/03/dessin-minuscules-2-300x103.jpg 300w, https://dugoudronetdesplumeseditions.ch/romain_crelier/wp-content/uploads/2025/03/dessin-minuscules-2-768x265.jpg 768w, https://dugoudronetdesplumeseditions.ch/romain_crelier/wp-content/uploads/2025/03/dessin-minuscules-2-1536x529.jpg 1536w, https://dugoudronetdesplumeseditions.ch/romain_crelier/wp-content/uploads/2025/03/dessin-minuscules-2-2048x706.jpg 2048w" sizes="auto, (max-width: 1024px) 100vw, 1024px" /></figure>



<div class="wp-block-file"></div>



<p class="wp-block-paragraph">Plan</p>



<p class="wp-block-paragraph"></p>

<p>« minuscules » 2024 L’installation « minuscules » est composée de 28 éléments en béton qui ont la forme d’une calotte sphérique d’un diamètre de 13 cm et d’une épaisseur/profondeur de 5 cm. Le béton est teinté dans la masse avec un oxyde de fer. Il est ensuite légèrement poli.Pour ce travail j’utilise l’alphabet braille qui permet de lire &hellip; <a href="https://dugoudronetdesplumeseditions.ch/romain_crelier/installations/minuscules/" class="more-link">Continue reading <span class="screen-reader-text">minuscules</span></a></p>
