{"id":671,"date":"2024-11-16T08:57:04","date_gmt":"2024-11-16T08:57:04","guid":{"rendered":"https:\/\/dugoudronetdesplumeseditions.ch\/romain_crelier\/?page_id=671"},"modified":"2025-03-13T16:11:31","modified_gmt":"2025-03-13T16:11:31","slug":"un-decalage","status":"publish","type":"page","link":"https:\/\/dugoudronetdesplumeseditions.ch\/romain_crelier\/installations\/un-decalage\/","title":{"rendered":"un d\u00e9calage"},"content":{"rendered":"\n<figure class=\"wp-block-image\"><img decoding=\"async\" src=\"https:\/\/romaincrelier.ch\/uploads\/images\/platre-gundeli-1-site-800.jpg\" alt=\"\"\/><\/figure>\n\n\n\n<p class=\"wp-block-paragraph\">B\u00e2le, 1988, pl\u00e2tre, 840 cm x 420 cm x 1 cm. Travail r\u00e9alis\u00e9 dans le cadre d&rsquo;une exposition <br>collective de la classe de sculpture de la Schule f\u00fcr Gestaltung.<\/p>\n\n\n\n<figure class=\"wp-block-image\"><img decoding=\"async\" src=\"https:\/\/romaincrelier.ch\/uploads\/images\/platre-gundeli-2-site-800.jpg\" alt=\"\"\/><\/figure>\n\n\n\n<p class=\"wp-block-paragraph\">d\u00e9tail<\/p>\n","protected":false},"excerpt":{"rendered":"<p>B\u00e2le, 1988, pl\u00e2tre, 840 cm x 420 cm x 1 cm. Travail r\u00e9alis\u00e9 dans le cadre d&rsquo;une exposition collective de la classe de sculpture de la Schule f\u00fcr Gestaltung. d\u00e9tail<\/p>\n","protected":false},"author":4,"featured_media":0,"parent":209,"menu_order":24,"comment_status":"closed","ping_status":"closed","template":"","meta":{"footnotes":""},"class_list":["post-671","page","type-page","status-publish","hentry"],"_links":{"self":[{"href":"https:\/\/dugoudronetdesplumeseditions.ch\/romain_crelier\/wp-json\/wp\/v2\/pages\/671","targetHints":{"allow":["GET"]}}],"collection":[{"href":"https:\/\/dugoudronetdesplumeseditions.ch\/romain_crelier\/wp-json\/wp\/v2\/pages"}],"about":[{"href":"https:\/\/dugoudronetdesplumeseditions.ch\/romain_crelier\/wp-json\/wp\/v2\/types\/page"}],"author":[{"embeddable":true,"href":"https:\/\/dugoudronetdesplumeseditions.ch\/romain_crelier\/wp-json\/wp\/v2\/users\/4"}],"replies":[{"embeddable":true,"href":"https:\/\/dugoudronetdesplumeseditions.ch\/romain_crelier\/wp-json\/wp\/v2\/comments?post=671"}],"version-history":[{"count":2,"href":"https:\/\/dugoudronetdesplumeseditions.ch\/romain_crelier\/wp-json\/wp\/v2\/pages\/671\/revisions"}],"predecessor-version":[{"id":1000,"href":"https:\/\/dugoudronetdesplumeseditions.ch\/romain_crelier\/wp-json\/wp\/v2\/pages\/671\/revisions\/1000"}],"up":[{"embeddable":true,"href":"https:\/\/dugoudronetdesplumeseditions.ch\/romain_crelier\/wp-json\/wp\/v2\/pages\/209"}],"wp:attachment":[{"href":"https:\/\/dugoudronetdesplumeseditions.ch\/romain_crelier\/wp-json\/wp\/v2\/media?parent=671"}],"curies":[{"name":"wp","href":"https:\/\/api.w.org\/{rel}","templated":true}]}}

un décalage

<figure class="wp-block-image"><img decoding="async" src="https://romaincrelier.ch/uploads/images/platre-gundeli-1-site-800.jpg" alt=""/></figure>



<p class="wp-block-paragraph">Bâle, 1988, plâtre, 840 cm x 420 cm x 1 cm. Travail réalisé dans le cadre d&rsquo;une exposition <br>collective de la classe de sculpture de la Schule für Gestaltung.</p>



<figure class="wp-block-image"><img decoding="async" src="https://romaincrelier.ch/uploads/images/platre-gundeli-2-site-800.jpg" alt=""/></figure>



<p class="wp-block-paragraph">détail</p>

<p>Bâle, 1988, plâtre, 840 cm x 420 cm x 1 cm. Travail réalisé dans le cadre d&rsquo;une exposition collective de la classe de sculpture de la Schule für Gestaltung. détail</p>
