{"id":667,"date":"2024-11-16T08:55:43","date_gmt":"2024-11-16T08:55:43","guid":{"rendered":"https:\/\/dugoudronetdesplumeseditions.ch\/romain_crelier\/?page_id=667"},"modified":"2025-03-13T16:05:28","modified_gmt":"2025-03-13T16:05:28","slug":"le-kiosque","status":"publish","type":"page","link":"https:\/\/dugoudronetdesplumeseditions.ch\/romain_crelier\/installations\/le-kiosque\/","title":{"rendered":"le kiosque"},"content":{"rendered":"\n<p class=\"wp-block-paragraph\">Dreirosenbr\u00fccke, B\u00e2le, 1989. L\u2019action \u00abKiosque Dreirosenbr\u00fccke\u00bb repose sur l\u2019id\u00e9e de montrer <br>l&rsquo;image d&rsquo;un lieu &#8211; le kiosque \u00e0 la surface o\u00f9 roule le trafic &#8211; dans un autre lieu &#8211; un passage <br>sous-voie, qui permet au pi\u00e9ton d\u2019\u00e9viter le trafic quand il traverse la rue ou prend le tram. On<br>rencontre ces deux lieux dans un m\u00eame carrefour (cf. plan).<br>Tout d\u2019abord, 60 affiches de format mondial ont \u00e9t\u00e9 imprim\u00e9es d\u2019apr\u00e8s une photo dupremier <br>lieu, le kiosque (cf. prototype de l\u2019affiche). Ces affiches ont ensuite \u00e9t\u00e9 pos\u00e9es sur les panneaux <br>d\u2019affichage du deuxi\u00e8me lieu, le sous-sol. Cet endroit est l\u2019unique emplacement r\u00e9serv\u00e9 \u00e0 <br>l\u2019affichage dans l\u2019ensemble du carrefour, \u00e0 l\u2019exception du kiosque lui-m\u00eame, o\u00f9 3 panneaux <br>publicitaires sont aussi exploit\u00e9s.<br>Durant deux semaines, toute affiche publicitaire a donc \u00e9t\u00e9 supprim\u00e9e. La photo-affiche, au <br>centre de laquelle se trouve le kiosque, suscite une interrogation quant au r\u00f4le du kiosque. <br>Ce dernier, aujourd\u2019hui d\u00e9sert\u00e9, fonctionnait pr\u00e9cis\u00e9ment gr\u00e2ce aux utilisateurs du passage <br>sous-voie, les pi\u00e9tons.<br>Le Kunstkredit de la ville de B\u00e2le a octroy\u00e9 un Prix Id\u00e9e \u00e0 ce projet, ce qui a permis sa r\u00e9alisation.\u00a0<\/p>\n\n\n\n<figure class=\"wp-block-image\"><img decoding=\"async\" src=\"https:\/\/romaincrelier.ch\/uploads\/images\/kiosque-dreirosenbrucke4-800-copie.jpg\" alt=\"\"\/><\/figure>\n\n\n\n<p class=\"wp-block-paragraph\">plan<\/p>\n\n\n\n<figure class=\"wp-block-image\"><img decoding=\"async\" src=\"https:\/\/romaincrelier.ch\/uploads\/images\/kiosque-dreirosenbrucke-3-copie.jpg\" alt=\"\"\/><\/figure>\n\n\n\n<p class=\"wp-block-paragraph\">prototype de l&rsquo;affiche<\/p>\n\n\n\n<figure class=\"wp-block-image\"><img decoding=\"async\" src=\"https:\/\/romaincrelier.ch\/uploads\/images\/Dreirosenbrucke-1-site-800.jpg\" alt=\"\"\/><\/figure>\n\n\n\n<p class=\"wp-block-paragraph\">kiosque&nbsp;<\/p>\n\n\n\n<figure class=\"wp-block-image\"><img decoding=\"async\" src=\"https:\/\/romaincrelier.ch\/uploads\/images\/dreirosenbrucke-2-site-800-.jpg\" alt=\"\"\/><\/figure>\n\n\n\n<p class=\"wp-block-paragraph\">vue g\u00e9n\u00e9rale&nbsp;<\/p>\n\n\n\n<figure class=\"wp-block-image\"><img decoding=\"async\" src=\"https:\/\/romaincrelier.ch\/uploads\/images\/dreirosenbrucke-4-site-800-.jpg\" alt=\"\"\/><\/figure>\n\n\n\n<p class=\"wp-block-paragraph\">passage sous-voie&nbsp;<\/p>\n\n\n\n<figure class=\"wp-block-image\"><img decoding=\"async\" src=\"https:\/\/romaincrelier.ch\/uploads\/images\/dreirosenbrucke-5-site-800.jpg\" alt=\"\"\/><\/figure>\n\n\n\n<p class=\"wp-block-paragraph\">passage sous-voie&nbsp;<\/p>\n\n\n\n<figure class=\"wp-block-image\"><img decoding=\"async\" src=\"https:\/\/romaincrelier.ch\/uploads\/images\/dreirosenbrucke-site-800-copie.jpg\" alt=\"\"\/><\/figure>\n\n\n\n<p class=\"wp-block-paragraph\">passage sous-voie &nbsp; &nbsp; &nbsp; &nbsp; &nbsp; &nbsp; &nbsp; &nbsp; &nbsp; &nbsp; &nbsp; &nbsp; &nbsp; &nbsp; &nbsp; &nbsp; &nbsp; &nbsp; &nbsp; &nbsp; &nbsp; &nbsp; &nbsp; &nbsp; &nbsp; &nbsp; &nbsp; &nbsp; &nbsp; &nbsp; &nbsp; &nbsp; &nbsp; &nbsp; &nbsp; &nbsp; &nbsp; &nbsp; &nbsp; &nbsp; &nbsp; &nbsp; &nbsp; &nbsp; &nbsp;&nbsp;<\/p>\n","protected":false},"excerpt":{"rendered":"<p>Dreirosenbr\u00fccke, B\u00e2le, 1989. L\u2019action \u00abKiosque Dreirosenbr\u00fccke\u00bb repose sur l\u2019id\u00e9e de montrer l&rsquo;image d&rsquo;un lieu &#8211; le kiosque \u00e0 la surface o\u00f9 roule le trafic &#8211; dans un autre lieu &#8211; un passage sous-voie, qui permet au pi\u00e9ton d\u2019\u00e9viter le trafic quand il traverse la rue ou prend le tram. Onrencontre ces deux lieux dans un &hellip; <a href=\"https:\/\/dugoudronetdesplumeseditions.ch\/romain_crelier\/installations\/le-kiosque\/\" class=\"more-link\">Continue reading <span class=\"screen-reader-text\">le kiosque<\/span><\/a><\/p>\n","protected":false},"author":4,"featured_media":0,"parent":209,"menu_order":22,"comment_status":"closed","ping_status":"closed","template":"","meta":{"footnotes":""},"class_list":["post-667","page","type-page","status-publish","hentry"],"_links":{"self":[{"href":"https:\/\/dugoudronetdesplumeseditions.ch\/romain_crelier\/wp-json\/wp\/v2\/pages\/667","targetHints":{"allow":["GET"]}}],"collection":[{"href":"https:\/\/dugoudronetdesplumeseditions.ch\/romain_crelier\/wp-json\/wp\/v2\/pages"}],"about":[{"href":"https:\/\/dugoudronetdesplumeseditions.ch\/romain_crelier\/wp-json\/wp\/v2\/types\/page"}],"author":[{"embeddable":true,"href":"https:\/\/dugoudronetdesplumeseditions.ch\/romain_crelier\/wp-json\/wp\/v2\/users\/4"}],"replies":[{"embeddable":true,"href":"https:\/\/dugoudronetdesplumeseditions.ch\/romain_crelier\/wp-json\/wp\/v2\/comments?post=667"}],"version-history":[{"count":2,"href":"https:\/\/dugoudronetdesplumeseditions.ch\/romain_crelier\/wp-json\/wp\/v2\/pages\/667\/revisions"}],"predecessor-version":[{"id":997,"href":"https:\/\/dugoudronetdesplumeseditions.ch\/romain_crelier\/wp-json\/wp\/v2\/pages\/667\/revisions\/997"}],"up":[{"embeddable":true,"href":"https:\/\/dugoudronetdesplumeseditions.ch\/romain_crelier\/wp-json\/wp\/v2\/pages\/209"}],"wp:attachment":[{"href":"https:\/\/dugoudronetdesplumeseditions.ch\/romain_crelier\/wp-json\/wp\/v2\/media?parent=667"}],"curies":[{"name":"wp","href":"https:\/\/api.w.org\/{rel}","templated":true}]}}

<p class="wp-block-paragraph">Dreirosenbrücke, Bâle, 1989. L’action «Kiosque Dreirosenbrücke» repose sur l’idée de montrer <br>l&rsquo;image d&rsquo;un lieu &#8211; le kiosque à la surface où roule le trafic &#8211; dans un autre lieu &#8211; un passage <br>sous-voie, qui permet au piéton d’éviter le trafic quand il traverse la rue ou prend le tram. On<br>rencontre ces deux lieux dans un même carrefour (cf. plan).<br>Tout d’abord, 60 affiches de format mondial ont été imprimées d’après une photo dupremier <br>lieu, le kiosque (cf. prototype de l’affiche). Ces affiches ont ensuite été posées sur les panneaux <br>d’affichage du deuxième lieu, le sous-sol. Cet endroit est l’unique emplacement réservé à <br>l’affichage dans l’ensemble du carrefour, à l’exception du kiosque lui-même, où 3 panneaux <br>publicitaires sont aussi exploités.<br>Durant deux semaines, toute affiche publicitaire a donc été supprimée. La photo-affiche, au <br>centre de laquelle se trouve le kiosque, suscite une interrogation quant au rôle du kiosque. <br>Ce dernier, aujourd’hui déserté, fonctionnait précisément grâce aux utilisateurs du passage <br>sous-voie, les piétons.<br>Le Kunstkredit de la ville de Bâle a octroyé un Prix Idée à ce projet, ce qui a permis sa réalisation. </p>



<figure class="wp-block-image"><img decoding="async" src="https://romaincrelier.ch/uploads/images/kiosque-dreirosenbrucke4-800-copie.jpg" alt=""/></figure>



<p class="wp-block-paragraph">plan</p>



<figure class="wp-block-image"><img decoding="async" src="https://romaincrelier.ch/uploads/images/kiosque-dreirosenbrucke-3-copie.jpg" alt=""/></figure>



<p class="wp-block-paragraph">prototype de l&rsquo;affiche</p>



<figure class="wp-block-image"><img decoding="async" src="https://romaincrelier.ch/uploads/images/Dreirosenbrucke-1-site-800.jpg" alt=""/></figure>



<p class="wp-block-paragraph">kiosque&nbsp;</p>



<figure class="wp-block-image"><img decoding="async" src="https://romaincrelier.ch/uploads/images/dreirosenbrucke-2-site-800-.jpg" alt=""/></figure>



<p class="wp-block-paragraph">vue générale&nbsp;</p>



<figure class="wp-block-image"><img decoding="async" src="https://romaincrelier.ch/uploads/images/dreirosenbrucke-4-site-800-.jpg" alt=""/></figure>



<p class="wp-block-paragraph">passage sous-voie&nbsp;</p>



<figure class="wp-block-image"><img decoding="async" src="https://romaincrelier.ch/uploads/images/dreirosenbrucke-5-site-800.jpg" alt=""/></figure>



<p class="wp-block-paragraph">passage sous-voie&nbsp;</p>



<figure class="wp-block-image"><img decoding="async" src="https://romaincrelier.ch/uploads/images/dreirosenbrucke-site-800-copie.jpg" alt=""/></figure>



<p class="wp-block-paragraph">passage sous-voie &nbsp; &nbsp; &nbsp; &nbsp; &nbsp; &nbsp; &nbsp; &nbsp; &nbsp; &nbsp; &nbsp; &nbsp; &nbsp; &nbsp; &nbsp; &nbsp; &nbsp; &nbsp; &nbsp; &nbsp; &nbsp; &nbsp; &nbsp; &nbsp; &nbsp; &nbsp; &nbsp; &nbsp; &nbsp; &nbsp; &nbsp; &nbsp; &nbsp; &nbsp; &nbsp; &nbsp; &nbsp; &nbsp; &nbsp; &nbsp; &nbsp; &nbsp; &nbsp; &nbsp; &nbsp;&nbsp;</p>

<p>Dreirosenbrücke, Bâle, 1989. L’action «Kiosque Dreirosenbrücke» repose sur l’idée de montrer l&rsquo;image d&rsquo;un lieu &#8211; le kiosque à la surface où roule le trafic &#8211; dans un autre lieu &#8211; un passage sous-voie, qui permet au piéton d’éviter le trafic quand il traverse la rue ou prend le tram. Onrencontre ces deux lieux dans un &hellip; <a href="https://dugoudronetdesplumeseditions.ch/romain_crelier/installations/le-kiosque/" class="more-link">Continue reading <span class="screen-reader-text">le kiosque</span></a></p>
