{"id":663,"date":"2024-11-16T08:54:28","date_gmt":"2024-11-16T08:54:28","guid":{"rendered":"https:\/\/dugoudronetdesplumeseditions.ch\/romain_crelier\/?page_id=663"},"modified":"2025-03-13T15:56:34","modified_gmt":"2025-03-13T15:56:34","slug":"amnesty","status":"publish","type":"page","link":"https:\/\/dugoudronetdesplumeseditions.ch\/romain_crelier\/installations\/amnesty\/","title":{"rendered":"amnesty"},"content":{"rendered":"\n<p class=\"wp-block-paragraph\"><\/p>\n\n\n\n<figure class=\"wp-block-image\"><img decoding=\"async\" src=\"https:\/\/romaincrelier.ch\/uploads\/images\/Schaublin-1-site-800-.jpg\" alt=\"\"\/><\/figure>\n\n\n\n<p class=\"wp-block-paragraph\">Ancienne usine Schaublin, Del\u00e9mont, 1994, travail r\u00e9alis\u00e9 dans le cadre de l&rsquo;exposition <br>collective pour les 20 ans d&rsquo;amnesty internationnal jura, acier, t\u00f4le galvanis\u00e9e, verre, huile <br>de vidange, suif de cave, 200 cm x 140 cm x 210 cm<\/p>\n\n\n\n<figure class=\"wp-block-image\"><img decoding=\"async\" src=\"https:\/\/romaincrelier.ch\/uploads\/images\/Schaublin-detail-site-800.jpg\" alt=\"\"\/><\/figure>\n\n\n\n<p class=\"wp-block-paragraph\">d\u00e9tail<\/p>\n","protected":false},"excerpt":{"rendered":"<p>Ancienne usine Schaublin, Del\u00e9mont, 1994, travail r\u00e9alis\u00e9 dans le cadre de l&rsquo;exposition collective pour les 20 ans d&rsquo;amnesty internationnal jura, acier, t\u00f4le galvanis\u00e9e, verre, huile de vidange, suif de cave, 200 cm x 140 cm x 210 cm d\u00e9tail<\/p>\n","protected":false},"author":4,"featured_media":0,"parent":209,"menu_order":20,"comment_status":"closed","ping_status":"closed","template":"","meta":{"footnotes":""},"class_list":["post-663","page","type-page","status-publish","hentry"],"_links":{"self":[{"href":"https:\/\/dugoudronetdesplumeseditions.ch\/romain_crelier\/wp-json\/wp\/v2\/pages\/663","targetHints":{"allow":["GET"]}}],"collection":[{"href":"https:\/\/dugoudronetdesplumeseditions.ch\/romain_crelier\/wp-json\/wp\/v2\/pages"}],"about":[{"href":"https:\/\/dugoudronetdesplumeseditions.ch\/romain_crelier\/wp-json\/wp\/v2\/types\/page"}],"author":[{"embeddable":true,"href":"https:\/\/dugoudronetdesplumeseditions.ch\/romain_crelier\/wp-json\/wp\/v2\/users\/4"}],"replies":[{"embeddable":true,"href":"https:\/\/dugoudronetdesplumeseditions.ch\/romain_crelier\/wp-json\/wp\/v2\/comments?post=663"}],"version-history":[{"count":2,"href":"https:\/\/dugoudronetdesplumeseditions.ch\/romain_crelier\/wp-json\/wp\/v2\/pages\/663\/revisions"}],"predecessor-version":[{"id":995,"href":"https:\/\/dugoudronetdesplumeseditions.ch\/romain_crelier\/wp-json\/wp\/v2\/pages\/663\/revisions\/995"}],"up":[{"embeddable":true,"href":"https:\/\/dugoudronetdesplumeseditions.ch\/romain_crelier\/wp-json\/wp\/v2\/pages\/209"}],"wp:attachment":[{"href":"https:\/\/dugoudronetdesplumeseditions.ch\/romain_crelier\/wp-json\/wp\/v2\/media?parent=663"}],"curies":[{"name":"wp","href":"https:\/\/api.w.org\/{rel}","templated":true}]}}

<p class="wp-block-paragraph"></p>



<figure class="wp-block-image"><img decoding="async" src="https://romaincrelier.ch/uploads/images/Schaublin-1-site-800-.jpg" alt=""/></figure>



<p class="wp-block-paragraph">Ancienne usine Schaublin, Delémont, 1994, travail réalisé dans le cadre de l&rsquo;exposition <br>collective pour les 20 ans d&rsquo;amnesty internationnal jura, acier, tôle galvanisée, verre, huile <br>de vidange, suif de cave, 200 cm x 140 cm x 210 cm</p>



<figure class="wp-block-image"><img decoding="async" src="https://romaincrelier.ch/uploads/images/Schaublin-detail-site-800.jpg" alt=""/></figure>



<p class="wp-block-paragraph">détail</p>

<p>Ancienne usine Schaublin, Delémont, 1994, travail réalisé dans le cadre de l&rsquo;exposition collective pour les 20 ans d&rsquo;amnesty internationnal jura, acier, tôle galvanisée, verre, huile de vidange, suif de cave, 200 cm x 140 cm x 210 cm détail</p>
