{"id":657,"date":"2024-11-16T08:52:28","date_gmt":"2024-11-16T08:52:28","guid":{"rendered":"https:\/\/dugoudronetdesplumeseditions.ch\/romain_crelier\/?page_id=657"},"modified":"2025-03-13T15:44:08","modified_gmt":"2025-03-13T15:44:08","slug":"le-phare","status":"publish","type":"page","link":"https:\/\/dugoudronetdesplumeseditions.ch\/romain_crelier\/installations\/le-phare\/","title":{"rendered":"le phare"},"content":{"rendered":"\n<h2 class=\"wp-block-heading\"> 47\u00b0 22\u2032 15\u201d N 7\u00b0 10\u2019 20\u201d W<\/h2>\n\n\n\n<h1 class=\"wp-block-heading\"><img loading=\"lazy\" decoding=\"async\" src=\"https:\/\/romaincrelier.ch\/uploads\/images\/Le-phare-St-Ursanne.jpg\" alt=\"\" width=\"800\" height=\"536\"><\/h1>\n\n\n\n<p class=\"wp-block-paragraph\">Les fours \u00e0 chaux, St-Ursanne, 2002. Ce travail a \u00e9t\u00e9 r\u00e9alis\u00e9 en collaboration avec Arno Hassler <br>et St\u00e9phane Montavon. Les artistes ont utilis\u00e9 l&rsquo;ancien four-chemin\u00e9e pour en faire un phare. <br>Le phare est allum\u00e9 lorsqu&rsquo;il y a des activit\u00e9s dans l&rsquo;espace culturel qui se trouve dans le b\u00e2timent.\u00a0<\/p>\n\n\n\n<figure class=\"wp-block-image\"><img decoding=\"async\" src=\"https:\/\/romaincrelier.ch\/uploads\/images\/Le-phare-St-Ursanne-2.jpg\" alt=\"\"\/><\/figure>\n\n\n\n<p class=\"wp-block-paragraph\">vue 2<\/p>\n\n\n\n<figure class=\"wp-block-image\"><img decoding=\"async\" src=\"https:\/\/romaincrelier.ch\/uploads\/images\/Phare-St-Ursanne-2002-site-800-copie.jpg\" alt=\"\"\/><\/figure>\n\n\n\n<p class=\"wp-block-paragraph\">vue 3<\/p>\n\n\n\n<figure class=\"wp-block-image\"><img decoding=\"async\" src=\"https:\/\/romaincrelier.ch\/uploads\/images\/phare-St-Ursanne-detail2-2002-copie.jpg\" alt=\"\"\/><\/figure>\n\n\n\n<p class=\"wp-block-paragraph\">vue 4<\/p>\n\n\n\n<figure class=\"wp-block-image\"><img decoding=\"async\" src=\"https:\/\/romaincrelier.ch\/uploads\/images\/Le-phare-St-Ursanne-3.jpg\" alt=\"\"\/><\/figure>\n\n\n\n<p class=\"wp-block-paragraph\">vue 5 &nbsp; &nbsp; &nbsp; &nbsp;&nbsp;<\/p>\n","protected":false},"excerpt":{"rendered":"<p>47\u00b0 22\u2032 15\u201d N 7\u00b0 10\u2019 20\u201d W Les fours \u00e0 chaux, St-Ursanne, 2002. Ce travail a \u00e9t\u00e9 r\u00e9alis\u00e9 en collaboration avec Arno Hassler et St\u00e9phane Montavon. Les artistes ont utilis\u00e9 l&rsquo;ancien four-chemin\u00e9e pour en faire un phare. Le phare est allum\u00e9 lorsqu&rsquo;il y a des activit\u00e9s dans l&rsquo;espace culturel qui se trouve dans le &hellip; <a href=\"https:\/\/dugoudronetdesplumeseditions.ch\/romain_crelier\/installations\/le-phare\/\" class=\"more-link\">Continue reading <span class=\"screen-reader-text\">le phare<\/span><\/a><\/p>\n","protected":false},"author":4,"featured_media":0,"parent":209,"menu_order":17,"comment_status":"closed","ping_status":"closed","template":"","meta":{"footnotes":""},"class_list":["post-657","page","type-page","status-publish","hentry"],"_links":{"self":[{"href":"https:\/\/dugoudronetdesplumeseditions.ch\/romain_crelier\/wp-json\/wp\/v2\/pages\/657","targetHints":{"allow":["GET"]}}],"collection":[{"href":"https:\/\/dugoudronetdesplumeseditions.ch\/romain_crelier\/wp-json\/wp\/v2\/pages"}],"about":[{"href":"https:\/\/dugoudronetdesplumeseditions.ch\/romain_crelier\/wp-json\/wp\/v2\/types\/page"}],"author":[{"embeddable":true,"href":"https:\/\/dugoudronetdesplumeseditions.ch\/romain_crelier\/wp-json\/wp\/v2\/users\/4"}],"replies":[{"embeddable":true,"href":"https:\/\/dugoudronetdesplumeseditions.ch\/romain_crelier\/wp-json\/wp\/v2\/comments?post=657"}],"version-history":[{"count":3,"href":"https:\/\/dugoudronetdesplumeseditions.ch\/romain_crelier\/wp-json\/wp\/v2\/pages\/657\/revisions"}],"predecessor-version":[{"id":989,"href":"https:\/\/dugoudronetdesplumeseditions.ch\/romain_crelier\/wp-json\/wp\/v2\/pages\/657\/revisions\/989"}],"up":[{"embeddable":true,"href":"https:\/\/dugoudronetdesplumeseditions.ch\/romain_crelier\/wp-json\/wp\/v2\/pages\/209"}],"wp:attachment":[{"href":"https:\/\/dugoudronetdesplumeseditions.ch\/romain_crelier\/wp-json\/wp\/v2\/media?parent=657"}],"curies":[{"name":"wp","href":"https:\/\/api.w.org\/{rel}","templated":true}]}}

<h2 class="wp-block-heading"> 47° 22′ 15” N 7° 10’ 20” W</h2>



<h1 class="wp-block-heading"><img loading="lazy" decoding="async" src="https://romaincrelier.ch/uploads/images/Le-phare-St-Ursanne.jpg" alt="" width="800" height="536"></h1>



<p class="wp-block-paragraph">Les fours à chaux, St-Ursanne, 2002. Ce travail a été réalisé en collaboration avec Arno Hassler <br>et Stéphane Montavon. Les artistes ont utilisé l&rsquo;ancien four-cheminée pour en faire un phare. <br>Le phare est allumé lorsqu&rsquo;il y a des activités dans l&rsquo;espace culturel qui se trouve dans le bâtiment. </p>



<figure class="wp-block-image"><img decoding="async" src="https://romaincrelier.ch/uploads/images/Le-phare-St-Ursanne-2.jpg" alt=""/></figure>



<p class="wp-block-paragraph">vue 2</p>



<figure class="wp-block-image"><img decoding="async" src="https://romaincrelier.ch/uploads/images/Phare-St-Ursanne-2002-site-800-copie.jpg" alt=""/></figure>



<p class="wp-block-paragraph">vue 3</p>



<figure class="wp-block-image"><img decoding="async" src="https://romaincrelier.ch/uploads/images/phare-St-Ursanne-detail2-2002-copie.jpg" alt=""/></figure>



<p class="wp-block-paragraph">vue 4</p>



<figure class="wp-block-image"><img decoding="async" src="https://romaincrelier.ch/uploads/images/Le-phare-St-Ursanne-3.jpg" alt=""/></figure>



<p class="wp-block-paragraph">vue 5 &nbsp; &nbsp; &nbsp; &nbsp;&nbsp;</p>

<p>47° 22′ 15” N 7° 10’ 20” W Les fours à chaux, St-Ursanne, 2002. Ce travail a été réalisé en collaboration avec Arno Hassler et Stéphane Montavon. Les artistes ont utilisé l&rsquo;ancien four-cheminée pour en faire un phare. Le phare est allumé lorsqu&rsquo;il y a des activités dans l&rsquo;espace culturel qui se trouve dans le &hellip; <a href="https://dugoudronetdesplumeseditions.ch/romain_crelier/installations/le-phare/" class="more-link">Continue reading <span class="screen-reader-text">le phare</span></a></p>
