{"id":642,"date":"2024-11-15T21:44:01","date_gmt":"2024-11-15T21:44:01","guid":{"rendered":"https:\/\/dugoudronetdesplumeseditions.ch\/romain_crelier\/?page_id=642"},"modified":"2025-03-13T15:36:46","modified_gmt":"2025-03-13T15:36:46","slug":"larbre","status":"publish","type":"page","link":"https:\/\/dugoudronetdesplumeseditions.ch\/romain_crelier\/installations\/larbre\/","title":{"rendered":"l&rsquo;arbre"},"content":{"rendered":"\n<p class=\"wp-block-paragraph\"><\/p>\n\n\n\n<figure class=\"wp-block-image\"><img decoding=\"async\" src=\"https:\/\/romaincrelier.ch\/uploads\/images\/Le-Noirmont%202010.jpg\" alt=\"\"\/><\/figure>\n\n\n\n<p class=\"wp-block-paragraph\">La nef, Le Noirmont, 2010, travail r\u00e9alis\u00e9 dans le cadre de l&rsquo;exposition collective \u00ab\u00a0\u00e0 chacun sa<br>for\u00eat\u00a0\u00bb, huile de vidange, acier, b\u00e2che, diam\u00e8tre 500 cm, hauteur 9 cm.<\/p>\n\n\n\n<figure class=\"wp-block-image\"><img decoding=\"async\" src=\"https:\/\/romaincrelier.ch\/uploads\/images\/Le-Noirmont-2010-2.jpg\" alt=\"\"\/><\/figure>\n\n\n\n<p class=\"wp-block-paragraph\">d\u00e9tail<\/p>\n","protected":false},"excerpt":{"rendered":"<p>La nef, Le Noirmont, 2010, travail r\u00e9alis\u00e9 dans le cadre de l&rsquo;exposition collective \u00ab\u00a0\u00e0 chacun safor\u00eat\u00a0\u00bb, huile de vidange, acier, b\u00e2che, diam\u00e8tre 500 cm, hauteur 9 cm. d\u00e9tail<\/p>\n","protected":false},"author":4,"featured_media":0,"parent":209,"menu_order":11,"comment_status":"closed","ping_status":"closed","template":"","meta":{"footnotes":""},"class_list":["post-642","page","type-page","status-publish","hentry"],"_links":{"self":[{"href":"https:\/\/dugoudronetdesplumeseditions.ch\/romain_crelier\/wp-json\/wp\/v2\/pages\/642","targetHints":{"allow":["GET"]}}],"collection":[{"href":"https:\/\/dugoudronetdesplumeseditions.ch\/romain_crelier\/wp-json\/wp\/v2\/pages"}],"about":[{"href":"https:\/\/dugoudronetdesplumeseditions.ch\/romain_crelier\/wp-json\/wp\/v2\/types\/page"}],"author":[{"embeddable":true,"href":"https:\/\/dugoudronetdesplumeseditions.ch\/romain_crelier\/wp-json\/wp\/v2\/users\/4"}],"replies":[{"embeddable":true,"href":"https:\/\/dugoudronetdesplumeseditions.ch\/romain_crelier\/wp-json\/wp\/v2\/comments?post=642"}],"version-history":[{"count":2,"href":"https:\/\/dugoudronetdesplumeseditions.ch\/romain_crelier\/wp-json\/wp\/v2\/pages\/642\/revisions"}],"predecessor-version":[{"id":984,"href":"https:\/\/dugoudronetdesplumeseditions.ch\/romain_crelier\/wp-json\/wp\/v2\/pages\/642\/revisions\/984"}],"up":[{"embeddable":true,"href":"https:\/\/dugoudronetdesplumeseditions.ch\/romain_crelier\/wp-json\/wp\/v2\/pages\/209"}],"wp:attachment":[{"href":"https:\/\/dugoudronetdesplumeseditions.ch\/romain_crelier\/wp-json\/wp\/v2\/media?parent=642"}],"curies":[{"name":"wp","href":"https:\/\/api.w.org\/{rel}","templated":true}]}}

<p class="wp-block-paragraph"></p>



<figure class="wp-block-image"><img decoding="async" src="https://romaincrelier.ch/uploads/images/Le-Noirmont%202010.jpg" alt=""/></figure>



<p class="wp-block-paragraph">La nef, Le Noirmont, 2010, travail réalisé dans le cadre de l&rsquo;exposition collective « à chacun sa<br>forêt », huile de vidange, acier, bâche, diamètre 500 cm, hauteur 9 cm.</p>



<figure class="wp-block-image"><img decoding="async" src="https://romaincrelier.ch/uploads/images/Le-Noirmont-2010-2.jpg" alt=""/></figure>



<p class="wp-block-paragraph">détail</p>

<p>La nef, Le Noirmont, 2010, travail réalisé dans le cadre de l&rsquo;exposition collective « à chacun saforêt », huile de vidange, acier, bâche, diamètre 500 cm, hauteur 9 cm. détail</p>
