{"id":631,"date":"2024-11-15T21:28:33","date_gmt":"2024-11-15T21:28:33","guid":{"rendered":"https:\/\/dugoudronetdesplumeseditions.ch\/romain_crelier\/?page_id=631"},"modified":"2025-05-02T15:29:41","modified_gmt":"2025-05-02T15:29:41","slug":"la-frontiere","status":"publish","type":"page","link":"https:\/\/dugoudronetdesplumeseditions.ch\/romain_crelier\/installations\/la-frontiere\/","title":{"rendered":"la fronti\u00e8re"},"content":{"rendered":"\n<figure class=\"wp-block-image size-full\"><img loading=\"lazy\" decoding=\"async\" width=\"800\" height=\"1195\" src=\"https:\/\/dugoudronetdesplumeseditions.ch\/romain_crelier\/wp-content\/uploads\/2025\/05\/La-frontiere-ArtStadtBern-2017.j-site-800pxpg.jpg\" alt=\"\" class=\"wp-image-1321\" srcset=\"https:\/\/dugoudronetdesplumeseditions.ch\/romain_crelier\/wp-content\/uploads\/2025\/05\/La-frontiere-ArtStadtBern-2017.j-site-800pxpg.jpg 800w, https:\/\/dugoudronetdesplumeseditions.ch\/romain_crelier\/wp-content\/uploads\/2025\/05\/La-frontiere-ArtStadtBern-2017.j-site-800pxpg-201x300.jpg 201w, https:\/\/dugoudronetdesplumeseditions.ch\/romain_crelier\/wp-content\/uploads\/2025\/05\/La-frontiere-ArtStadtBern-2017.j-site-800pxpg-686x1024.jpg 686w, https:\/\/dugoudronetdesplumeseditions.ch\/romain_crelier\/wp-content\/uploads\/2025\/05\/La-frontiere-ArtStadtBern-2017.j-site-800pxpg-768x1147.jpg 768w\" sizes=\"auto, (max-width: 800px) 100vw, 800px\" \/><\/figure>\n\n\n\n<p class=\"wp-block-paragraph\">1<\/p>\n\n\n\n<p class=\"wp-block-paragraph\">Ce travail pour ArtStadtBern 2017 a comme sujet la fronti\u00e8re. C\u2019est en fait une r\u00e9flexion sur le <br>temps qui passe et transforme la mati\u00e8re. De l\u2019\u00e9tat solide \u00e0 l\u2019\u00e9tat liquide par exemple. Pour d\u00e9-<br>terminer la forme, j\u2019ai rep\u00e9r\u00e9 le pourtour du canton de Berne sur une carte topographique. J\u2019ai <br>ensuite fabriqu\u00e9 un moule dans lequel j\u2019ai coul\u00e9 de l\u2019eau pour obtenir une mince couche que<br>j\u2019ai congel\u00e9e. J\u2019ai r\u00e9p\u00e9t\u00e9 l\u2019op\u00e9ration jusqu\u2019\u00e0 ce que le volume soit rempli et transform\u00e9 en glace.<br>J\u2019ai d\u00e9pos\u00e9 ce volume sur un socle au 42 de la M\u00fcnstergasse \u00e0 Berne pour l\u2019exposition <br>ArtStadtBern 2017.<br><\/p>\n\n\n\n<figure class=\"wp-block-image size-full\"><img loading=\"lazy\" decoding=\"async\" width=\"800\" height=\"1200\" src=\"https:\/\/dugoudronetdesplumeseditions.ch\/romain_crelier\/wp-content\/uploads\/2025\/05\/La-frontiere-ArtStadtBern-2017-site-800px.jpg\" alt=\"\" class=\"wp-image-1322\" srcset=\"https:\/\/dugoudronetdesplumeseditions.ch\/romain_crelier\/wp-content\/uploads\/2025\/05\/La-frontiere-ArtStadtBern-2017-site-800px.jpg 800w, https:\/\/dugoudronetdesplumeseditions.ch\/romain_crelier\/wp-content\/uploads\/2025\/05\/La-frontiere-ArtStadtBern-2017-site-800px-200x300.jpg 200w, https:\/\/dugoudronetdesplumeseditions.ch\/romain_crelier\/wp-content\/uploads\/2025\/05\/La-frontiere-ArtStadtBern-2017-site-800px-683x1024.jpg 683w, https:\/\/dugoudronetdesplumeseditions.ch\/romain_crelier\/wp-content\/uploads\/2025\/05\/La-frontiere-ArtStadtBern-2017-site-800px-768x1152.jpg 768w\" sizes=\"auto, (max-width: 800px) 100vw, 800px\" \/><\/figure>\n\n\n\n<p class=\"wp-block-paragraph\">2<br><\/p>\n\n\n\n<figure class=\"wp-block-image size-full\"><img loading=\"lazy\" decoding=\"async\" width=\"800\" height=\"533\" src=\"https:\/\/dugoudronetdesplumeseditions.ch\/romain_crelier\/wp-content\/uploads\/2025\/05\/La-frontiere-ArtStadtBern-2017-site-800px-1.jpg\" alt=\"\" class=\"wp-image-1323\" srcset=\"https:\/\/dugoudronetdesplumeseditions.ch\/romain_crelier\/wp-content\/uploads\/2025\/05\/La-frontiere-ArtStadtBern-2017-site-800px-1.jpg 800w, https:\/\/dugoudronetdesplumeseditions.ch\/romain_crelier\/wp-content\/uploads\/2025\/05\/La-frontiere-ArtStadtBern-2017-site-800px-1-300x200.jpg 300w, https:\/\/dugoudronetdesplumeseditions.ch\/romain_crelier\/wp-content\/uploads\/2025\/05\/La-frontiere-ArtStadtBern-2017-site-800px-1-768x512.jpg 768w\" sizes=\"auto, (max-width: 800px) 100vw, 800px\" \/><\/figure>\n\n\n\n<p class=\"wp-block-paragraph\">3<br><\/p>\n\n\n\n<figure class=\"wp-block-image size-full\"><img loading=\"lazy\" decoding=\"async\" width=\"800\" height=\"533\" src=\"https:\/\/dugoudronetdesplumeseditions.ch\/romain_crelier\/wp-content\/uploads\/2025\/05\/La-frontiere-ArtStadtBern-2017-site-800px-2.jpg\" alt=\"\" class=\"wp-image-1324\" srcset=\"https:\/\/dugoudronetdesplumeseditions.ch\/romain_crelier\/wp-content\/uploads\/2025\/05\/La-frontiere-ArtStadtBern-2017-site-800px-2.jpg 800w, https:\/\/dugoudronetdesplumeseditions.ch\/romain_crelier\/wp-content\/uploads\/2025\/05\/La-frontiere-ArtStadtBern-2017-site-800px-2-300x200.jpg 300w, https:\/\/dugoudronetdesplumeseditions.ch\/romain_crelier\/wp-content\/uploads\/2025\/05\/La-frontiere-ArtStadtBern-2017-site-800px-2-768x512.jpg 768w\" sizes=\"auto, (max-width: 800px) 100vw, 800px\" \/><\/figure>\n\n\n\n<p class=\"wp-block-paragraph\">4<br><\/p>\n\n\n\n<figure class=\"wp-block-image size-full\"><img loading=\"lazy\" decoding=\"async\" width=\"800\" height=\"792\" src=\"https:\/\/dugoudronetdesplumeseditions.ch\/romain_crelier\/wp-content\/uploads\/2025\/05\/La-Frontiere-socle-artstadtbern-2017-site-800px.jpg\" alt=\"\" class=\"wp-image-1320\" srcset=\"https:\/\/dugoudronetdesplumeseditions.ch\/romain_crelier\/wp-content\/uploads\/2025\/05\/La-Frontiere-socle-artstadtbern-2017-site-800px.jpg 800w, https:\/\/dugoudronetdesplumeseditions.ch\/romain_crelier\/wp-content\/uploads\/2025\/05\/La-Frontiere-socle-artstadtbern-2017-site-800px-300x297.jpg 300w, https:\/\/dugoudronetdesplumeseditions.ch\/romain_crelier\/wp-content\/uploads\/2025\/05\/La-Frontiere-socle-artstadtbern-2017-site-800px-150x150.jpg 150w, https:\/\/dugoudronetdesplumeseditions.ch\/romain_crelier\/wp-content\/uploads\/2025\/05\/La-Frontiere-socle-artstadtbern-2017-site-800px-768x760.jpg 768w\" sizes=\"auto, (max-width: 800px) 100vw, 800px\" \/><\/figure>\n\n\n\n<p class=\"wp-block-paragraph\">5  Le socle<\/p>\n","protected":false},"excerpt":{"rendered":"<p>1 Ce travail pour ArtStadtBern 2017 a comme sujet la fronti\u00e8re. C\u2019est en fait une r\u00e9flexion sur le temps qui passe et transforme la mati\u00e8re. De l\u2019\u00e9tat solide \u00e0 l\u2019\u00e9tat liquide par exemple. Pour d\u00e9-terminer la forme, j\u2019ai rep\u00e9r\u00e9 le pourtour du canton de Berne sur une carte topographique. J\u2019ai ensuite fabriqu\u00e9 un moule dans &hellip; <a href=\"https:\/\/dugoudronetdesplumeseditions.ch\/romain_crelier\/installations\/la-frontiere\/\" class=\"more-link\">Continue reading <span class=\"screen-reader-text\">la fronti\u00e8re<\/span><\/a><\/p>\n","protected":false},"author":4,"featured_media":0,"parent":209,"menu_order":7,"comment_status":"closed","ping_status":"closed","template":"","meta":{"footnotes":""},"class_list":["post-631","page","type-page","status-publish","hentry"],"_links":{"self":[{"href":"https:\/\/dugoudronetdesplumeseditions.ch\/romain_crelier\/wp-json\/wp\/v2\/pages\/631","targetHints":{"allow":["GET"]}}],"collection":[{"href":"https:\/\/dugoudronetdesplumeseditions.ch\/romain_crelier\/wp-json\/wp\/v2\/pages"}],"about":[{"href":"https:\/\/dugoudronetdesplumeseditions.ch\/romain_crelier\/wp-json\/wp\/v2\/types\/page"}],"author":[{"embeddable":true,"href":"https:\/\/dugoudronetdesplumeseditions.ch\/romain_crelier\/wp-json\/wp\/v2\/users\/4"}],"replies":[{"embeddable":true,"href":"https:\/\/dugoudronetdesplumeseditions.ch\/romain_crelier\/wp-json\/wp\/v2\/comments?post=631"}],"version-history":[{"count":10,"href":"https:\/\/dugoudronetdesplumeseditions.ch\/romain_crelier\/wp-json\/wp\/v2\/pages\/631\/revisions"}],"predecessor-version":[{"id":1333,"href":"https:\/\/dugoudronetdesplumeseditions.ch\/romain_crelier\/wp-json\/wp\/v2\/pages\/631\/revisions\/1333"}],"up":[{"embeddable":true,"href":"https:\/\/dugoudronetdesplumeseditions.ch\/romain_crelier\/wp-json\/wp\/v2\/pages\/209"}],"wp:attachment":[{"href":"https:\/\/dugoudronetdesplumeseditions.ch\/romain_crelier\/wp-json\/wp\/v2\/media?parent=631"}],"curies":[{"name":"wp","href":"https:\/\/api.w.org\/{rel}","templated":true}]}}

la frontière

<figure class="wp-block-image size-full"><img loading="lazy" decoding="async" width="800" height="1195" src="https://dugoudronetdesplumeseditions.ch/romain_crelier/wp-content/uploads/2025/05/La-frontiere-ArtStadtBern-2017.j-site-800pxpg.jpg" alt="" class="wp-image-1321" srcset="https://dugoudronetdesplumeseditions.ch/romain_crelier/wp-content/uploads/2025/05/La-frontiere-ArtStadtBern-2017.j-site-800pxpg.jpg 800w, https://dugoudronetdesplumeseditions.ch/romain_crelier/wp-content/uploads/2025/05/La-frontiere-ArtStadtBern-2017.j-site-800pxpg-201x300.jpg 201w, https://dugoudronetdesplumeseditions.ch/romain_crelier/wp-content/uploads/2025/05/La-frontiere-ArtStadtBern-2017.j-site-800pxpg-686x1024.jpg 686w, https://dugoudronetdesplumeseditions.ch/romain_crelier/wp-content/uploads/2025/05/La-frontiere-ArtStadtBern-2017.j-site-800pxpg-768x1147.jpg 768w" sizes="auto, (max-width: 800px) 100vw, 800px" /></figure>



<p class="wp-block-paragraph">1</p>



<p class="wp-block-paragraph">Ce travail pour ArtStadtBern 2017 a comme sujet la frontière. C’est en fait une réflexion sur le <br>temps qui passe et transforme la matière. De l’état solide à l’état liquide par exemple. Pour dé-<br>terminer la forme, j’ai repéré le pourtour du canton de Berne sur une carte topographique. J’ai <br>ensuite fabriqué un moule dans lequel j’ai coulé de l’eau pour obtenir une mince couche que<br>j’ai congelée. J’ai répété l’opération jusqu’à ce que le volume soit rempli et transformé en glace.<br>J’ai déposé ce volume sur un socle au 42 de la Münstergasse à Berne pour l’exposition <br>ArtStadtBern 2017.<br></p>



<figure class="wp-block-image size-full"><img loading="lazy" decoding="async" width="800" height="1200" src="https://dugoudronetdesplumeseditions.ch/romain_crelier/wp-content/uploads/2025/05/La-frontiere-ArtStadtBern-2017-site-800px.jpg" alt="" class="wp-image-1322" srcset="https://dugoudronetdesplumeseditions.ch/romain_crelier/wp-content/uploads/2025/05/La-frontiere-ArtStadtBern-2017-site-800px.jpg 800w, https://dugoudronetdesplumeseditions.ch/romain_crelier/wp-content/uploads/2025/05/La-frontiere-ArtStadtBern-2017-site-800px-200x300.jpg 200w, https://dugoudronetdesplumeseditions.ch/romain_crelier/wp-content/uploads/2025/05/La-frontiere-ArtStadtBern-2017-site-800px-683x1024.jpg 683w, https://dugoudronetdesplumeseditions.ch/romain_crelier/wp-content/uploads/2025/05/La-frontiere-ArtStadtBern-2017-site-800px-768x1152.jpg 768w" sizes="auto, (max-width: 800px) 100vw, 800px" /></figure>



<p class="wp-block-paragraph">2<br></p>



<figure class="wp-block-image size-full"><img loading="lazy" decoding="async" width="800" height="533" src="https://dugoudronetdesplumeseditions.ch/romain_crelier/wp-content/uploads/2025/05/La-frontiere-ArtStadtBern-2017-site-800px-1.jpg" alt="" class="wp-image-1323" srcset="https://dugoudronetdesplumeseditions.ch/romain_crelier/wp-content/uploads/2025/05/La-frontiere-ArtStadtBern-2017-site-800px-1.jpg 800w, https://dugoudronetdesplumeseditions.ch/romain_crelier/wp-content/uploads/2025/05/La-frontiere-ArtStadtBern-2017-site-800px-1-300x200.jpg 300w, https://dugoudronetdesplumeseditions.ch/romain_crelier/wp-content/uploads/2025/05/La-frontiere-ArtStadtBern-2017-site-800px-1-768x512.jpg 768w" sizes="auto, (max-width: 800px) 100vw, 800px" /></figure>



<p class="wp-block-paragraph">3<br></p>



<figure class="wp-block-image size-full"><img loading="lazy" decoding="async" width="800" height="533" src="https://dugoudronetdesplumeseditions.ch/romain_crelier/wp-content/uploads/2025/05/La-frontiere-ArtStadtBern-2017-site-800px-2.jpg" alt="" class="wp-image-1324" srcset="https://dugoudronetdesplumeseditions.ch/romain_crelier/wp-content/uploads/2025/05/La-frontiere-ArtStadtBern-2017-site-800px-2.jpg 800w, https://dugoudronetdesplumeseditions.ch/romain_crelier/wp-content/uploads/2025/05/La-frontiere-ArtStadtBern-2017-site-800px-2-300x200.jpg 300w, https://dugoudronetdesplumeseditions.ch/romain_crelier/wp-content/uploads/2025/05/La-frontiere-ArtStadtBern-2017-site-800px-2-768x512.jpg 768w" sizes="auto, (max-width: 800px) 100vw, 800px" /></figure>



<p class="wp-block-paragraph">4<br></p>



<figure class="wp-block-image size-full"><img loading="lazy" decoding="async" width="800" height="792" src="https://dugoudronetdesplumeseditions.ch/romain_crelier/wp-content/uploads/2025/05/La-Frontiere-socle-artstadtbern-2017-site-800px.jpg" alt="" class="wp-image-1320" srcset="https://dugoudronetdesplumeseditions.ch/romain_crelier/wp-content/uploads/2025/05/La-Frontiere-socle-artstadtbern-2017-site-800px.jpg 800w, https://dugoudronetdesplumeseditions.ch/romain_crelier/wp-content/uploads/2025/05/La-Frontiere-socle-artstadtbern-2017-site-800px-300x297.jpg 300w, https://dugoudronetdesplumeseditions.ch/romain_crelier/wp-content/uploads/2025/05/La-Frontiere-socle-artstadtbern-2017-site-800px-150x150.jpg 150w, https://dugoudronetdesplumeseditions.ch/romain_crelier/wp-content/uploads/2025/05/La-Frontiere-socle-artstadtbern-2017-site-800px-768x760.jpg 768w" sizes="auto, (max-width: 800px) 100vw, 800px" /></figure>



<p class="wp-block-paragraph">5  Le socle</p>

<p>1 Ce travail pour ArtStadtBern 2017 a comme sujet la frontière. C’est en fait une réflexion sur le temps qui passe et transforme la matière. De l’état solide à l’état liquide par exemple. Pour dé-terminer la forme, j’ai repéré le pourtour du canton de Berne sur une carte topographique. J’ai ensuite fabriqué un moule dans &hellip; <a href="https://dugoudronetdesplumeseditions.ch/romain_crelier/installations/la-frontiere/" class="more-link">Continue reading <span class="screen-reader-text">la frontière</span></a></p>
