{"id":629,"date":"2024-11-15T21:05:18","date_gmt":"2024-11-15T21:05:18","guid":{"rendered":"https:\/\/dugoudronetdesplumeseditions.ch\/romain_crelier\/?page_id=629"},"modified":"2024-11-16T09:16:49","modified_gmt":"2024-11-16T09:16:49","slug":"reflexions","status":"publish","type":"page","link":"https:\/\/dugoudronetdesplumeseditions.ch\/romain_crelier\/installations\/reflexions\/","title":{"rendered":"r\u00e9flexions"},"content":{"rendered":"\n<p class=\"wp-block-paragraph\"><\/p>\n\n\n\n<figure class=\"wp-block-image\"><img decoding=\"async\" src=\"https:\/\/romaincrelier.ch\/uploads\/images\/La%20Lance%20Concise%20800%20site%202%20.jpg\" alt=\"\"\/><\/figure>\n\n\n\n<p class=\"wp-block-paragraph\">1<\/p>\n\n\n\n<p class=\"wp-block-paragraph\">Concise, 2017. Ce travail a \u00e9t\u00e9 r\u00e9alis\u00e9 dans le clo\u00eetre de l&rsquo;ancienne chartreuse du domaine de La Lance \u00e0 Concise lors de l&rsquo;exposition collective \u00ab\u00a0Silentium\u00a0\u00bb (avec Ruedy Schwyn et Jean-Denis Zaech). L&rsquo;installation est compos\u00e9e de 25 miroirs de 70 cm x 70 cm de 6 mm d\u2019\u00e9paisseur. &nbsp;<\/p>\n\n\n\n<figure class=\"wp-block-image\"><img decoding=\"async\" src=\"https:\/\/romaincrelier.ch\/uploads\/images\/miroirs%20La%20Lance%20800%20dpi.jpg\" alt=\"\"\/><\/figure>\n\n\n\n<p class=\"wp-block-paragraph\">2 &nbsp;<\/p>\n\n\n\n<p class=\"wp-block-paragraph\">Plan du clo\u00eetre avec les miroirs.<\/p>\n\n\n\n<figure class=\"wp-block-image\"><img decoding=\"async\" src=\"https:\/\/romaincrelier.ch\/uploads\/images\/La%20Lance%20Concise%20800%20site%201.jpg\" alt=\"\"\/><\/figure>\n\n\n\n<p class=\"wp-block-paragraph\">3<\/p>\n\n\n\n<figure class=\"wp-block-image\"><img decoding=\"async\" src=\"https:\/\/romaincrelier.ch\/uploads\/images\/La%20Lance%20Concise%20800%20site%205.jpg\" alt=\"\"\/><\/figure>\n\n\n\n<p class=\"wp-block-paragraph\">4 &nbsp;<\/p>\n\n\n\n<p class=\"wp-block-paragraph\">Avec la pluie.<\/p>\n\n\n\n<figure class=\"wp-block-image\"><img decoding=\"async\" src=\"https:\/\/romaincrelier.ch\/uploads\/images\/La%20Lance%20Concise%20800%20site%204.jpg\" alt=\"\"\/><\/figure>\n\n\n\n<p class=\"wp-block-paragraph\">5<\/p>\n","protected":false},"excerpt":{"rendered":"<p>1 Concise, 2017. Ce travail a \u00e9t\u00e9 r\u00e9alis\u00e9 dans le clo\u00eetre de l&rsquo;ancienne chartreuse du domaine de La Lance \u00e0 Concise lors de l&rsquo;exposition collective \u00ab\u00a0Silentium\u00a0\u00bb (avec Ruedy Schwyn et Jean-Denis Zaech). L&rsquo;installation est compos\u00e9e de 25 miroirs de 70 cm x 70 cm de 6 mm d\u2019\u00e9paisseur. &nbsp; 2 &nbsp; Plan du clo\u00eetre avec &hellip; <a href=\"https:\/\/dugoudronetdesplumeseditions.ch\/romain_crelier\/installations\/reflexions\/\" class=\"more-link\">Continue reading <span class=\"screen-reader-text\">r\u00e9flexions<\/span><\/a><\/p>\n","protected":false},"author":4,"featured_media":0,"parent":209,"menu_order":6,"comment_status":"closed","ping_status":"closed","template":"","meta":{"footnotes":""},"class_list":["post-629","page","type-page","status-publish","hentry"],"_links":{"self":[{"href":"https:\/\/dugoudronetdesplumeseditions.ch\/romain_crelier\/wp-json\/wp\/v2\/pages\/629","targetHints":{"allow":["GET"]}}],"collection":[{"href":"https:\/\/dugoudronetdesplumeseditions.ch\/romain_crelier\/wp-json\/wp\/v2\/pages"}],"about":[{"href":"https:\/\/dugoudronetdesplumeseditions.ch\/romain_crelier\/wp-json\/wp\/v2\/types\/page"}],"author":[{"embeddable":true,"href":"https:\/\/dugoudronetdesplumeseditions.ch\/romain_crelier\/wp-json\/wp\/v2\/users\/4"}],"replies":[{"embeddable":true,"href":"https:\/\/dugoudronetdesplumeseditions.ch\/romain_crelier\/wp-json\/wp\/v2\/comments?post=629"}],"version-history":[{"count":1,"href":"https:\/\/dugoudronetdesplumeseditions.ch\/romain_crelier\/wp-json\/wp\/v2\/pages\/629\/revisions"}],"predecessor-version":[{"id":630,"href":"https:\/\/dugoudronetdesplumeseditions.ch\/romain_crelier\/wp-json\/wp\/v2\/pages\/629\/revisions\/630"}],"up":[{"embeddable":true,"href":"https:\/\/dugoudronetdesplumeseditions.ch\/romain_crelier\/wp-json\/wp\/v2\/pages\/209"}],"wp:attachment":[{"href":"https:\/\/dugoudronetdesplumeseditions.ch\/romain_crelier\/wp-json\/wp\/v2\/media?parent=629"}],"curies":[{"name":"wp","href":"https:\/\/api.w.org\/{rel}","templated":true}]}}

réflexions

<p class="wp-block-paragraph"></p>



<figure class="wp-block-image"><img decoding="async" src="https://romaincrelier.ch/uploads/images/La%20Lance%20Concise%20800%20site%202%20.jpg" alt=""/></figure>



<p class="wp-block-paragraph">1</p>



<p class="wp-block-paragraph">Concise, 2017. Ce travail a été réalisé dans le cloître de l&rsquo;ancienne chartreuse du domaine de La Lance à Concise lors de l&rsquo;exposition collective « Silentium » (avec Ruedy Schwyn et Jean-Denis Zaech). L&rsquo;installation est composée de 25 miroirs de 70 cm x 70 cm de 6 mm d’épaisseur. &nbsp;</p>



<figure class="wp-block-image"><img decoding="async" src="https://romaincrelier.ch/uploads/images/miroirs%20La%20Lance%20800%20dpi.jpg" alt=""/></figure>



<p class="wp-block-paragraph">2 &nbsp;</p>



<p class="wp-block-paragraph">Plan du cloître avec les miroirs.</p>



<figure class="wp-block-image"><img decoding="async" src="https://romaincrelier.ch/uploads/images/La%20Lance%20Concise%20800%20site%201.jpg" alt=""/></figure>



<p class="wp-block-paragraph">3</p>



<figure class="wp-block-image"><img decoding="async" src="https://romaincrelier.ch/uploads/images/La%20Lance%20Concise%20800%20site%205.jpg" alt=""/></figure>



<p class="wp-block-paragraph">4 &nbsp;</p>



<p class="wp-block-paragraph">Avec la pluie.</p>



<figure class="wp-block-image"><img decoding="async" src="https://romaincrelier.ch/uploads/images/La%20Lance%20Concise%20800%20site%204.jpg" alt=""/></figure>



<p class="wp-block-paragraph">5</p>

<p>1 Concise, 2017. Ce travail a été réalisé dans le cloître de l&rsquo;ancienne chartreuse du domaine de La Lance à Concise lors de l&rsquo;exposition collective « Silentium » (avec Ruedy Schwyn et Jean-Denis Zaech). L&rsquo;installation est composée de 25 miroirs de 70 cm x 70 cm de 6 mm d’épaisseur. &nbsp; 2 &nbsp; Plan du cloître avec &hellip; <a href="https://dugoudronetdesplumeseditions.ch/romain_crelier/installations/reflexions/" class="more-link">Continue reading <span class="screen-reader-text">réflexions</span></a></p>
