{"id":620,"date":"2024-11-15T21:02:22","date_gmt":"2024-11-15T21:02:22","guid":{"rendered":"https:\/\/dugoudronetdesplumeseditions.ch\/romain_crelier\/?page_id=620"},"modified":"2025-03-01T15:54:34","modified_gmt":"2025-03-01T15:54:34","slug":"dedans-dehors","status":"publish","type":"page","link":"https:\/\/dugoudronetdesplumeseditions.ch\/romain_crelier\/installations\/dedans-dehors\/","title":{"rendered":"dedans-dehors"},"content":{"rendered":"\n<figure class=\"wp-block-image size-full\"><img loading=\"lazy\" decoding=\"async\" width=\"800\" height=\"533\" src=\"https:\/\/dugoudronetdesplumeseditions.ch\/romain_crelier\/wp-content\/uploads\/2024\/11\/Hegenheim-image-site-800-1.jpg\" alt=\"\" class=\"wp-image-621\" srcset=\"https:\/\/dugoudronetdesplumeseditions.ch\/romain_crelier\/wp-content\/uploads\/2024\/11\/Hegenheim-image-site-800-1.jpg 800w, https:\/\/dugoudronetdesplumeseditions.ch\/romain_crelier\/wp-content\/uploads\/2024\/11\/Hegenheim-image-site-800-1-300x200.jpg 300w, https:\/\/dugoudronetdesplumeseditions.ch\/romain_crelier\/wp-content\/uploads\/2024\/11\/Hegenheim-image-site-800-1-768x512.jpg 768w\" sizes=\"auto, (max-width: 800px) 100vw, 800px\" \/><\/figure>\n\n\n\n<p class=\"wp-block-paragraph\">FABRIKculture, Hegenheim, 2020. Exposition collective \u00ab\u00a0Quartett\u00a0\u00bb avec Colette Couleau, <br>Andreas Frick\u00a0et Gert Handschin.<br>B\u00e2che, huile de moteur, rivets, aluminium, bois. Diam\u00e8tre ext\u00e9rieur : 700 cm, hauteur : 8 cm.\u00a0<\/p>\n\n\n\n<figure class=\"wp-block-image size-full\"><img loading=\"lazy\" decoding=\"async\" width=\"800\" height=\"524\" src=\"https:\/\/dugoudronetdesplumeseditions.ch\/romain_crelier\/wp-content\/uploads\/2024\/11\/Image-site-Hegenheim-800-1.jpg\" alt=\"\" class=\"wp-image-622\" srcset=\"https:\/\/dugoudronetdesplumeseditions.ch\/romain_crelier\/wp-content\/uploads\/2024\/11\/Image-site-Hegenheim-800-1.jpg 800w, https:\/\/dugoudronetdesplumeseditions.ch\/romain_crelier\/wp-content\/uploads\/2024\/11\/Image-site-Hegenheim-800-1-300x197.jpg 300w, https:\/\/dugoudronetdesplumeseditions.ch\/romain_crelier\/wp-content\/uploads\/2024\/11\/Image-site-Hegenheim-800-1-768x503.jpg 768w\" sizes=\"auto, (max-width: 800px) 100vw, 800px\" \/><\/figure>\n\n\n\n<p class=\"wp-block-paragraph\">d\u00e9tail 1, reflet<\/p>\n\n\n\n<p class=\"wp-block-paragraph\"><\/p>\n\n\n\n<figure class=\"wp-block-image size-full\"><img loading=\"lazy\" decoding=\"async\" width=\"800\" height=\"525\" src=\"https:\/\/dugoudronetdesplumeseditions.ch\/romain_crelier\/wp-content\/uploads\/2024\/11\/Image-site-Hegenheim-800-detail-1.jpg\" alt=\"\" class=\"wp-image-623\" srcset=\"https:\/\/dugoudronetdesplumeseditions.ch\/romain_crelier\/wp-content\/uploads\/2024\/11\/Image-site-Hegenheim-800-detail-1.jpg 800w, https:\/\/dugoudronetdesplumeseditions.ch\/romain_crelier\/wp-content\/uploads\/2024\/11\/Image-site-Hegenheim-800-detail-1-300x197.jpg 300w, https:\/\/dugoudronetdesplumeseditions.ch\/romain_crelier\/wp-content\/uploads\/2024\/11\/Image-site-Hegenheim-800-detail-1-768x504.jpg 768w\" sizes=\"auto, (max-width: 800px) 100vw, 800px\" \/><\/figure>\n\n\n\n<p class=\"wp-block-paragraph\">d\u00e9tail 2, reflet<\/p>\n\n\n\n<figure class=\"wp-block-image size-full\"><img loading=\"lazy\" decoding=\"async\" width=\"800\" height=\"870\" src=\"https:\/\/dugoudronetdesplumeseditions.ch\/romain_crelier\/wp-content\/uploads\/2024\/11\/plan-dessin-Hegenheim-definitif-1.jpg\" alt=\"\" class=\"wp-image-624\" srcset=\"https:\/\/dugoudronetdesplumeseditions.ch\/romain_crelier\/wp-content\/uploads\/2024\/11\/plan-dessin-Hegenheim-definitif-1.jpg 800w, https:\/\/dugoudronetdesplumeseditions.ch\/romain_crelier\/wp-content\/uploads\/2024\/11\/plan-dessin-Hegenheim-definitif-1-276x300.jpg 276w, https:\/\/dugoudronetdesplumeseditions.ch\/romain_crelier\/wp-content\/uploads\/2024\/11\/plan-dessin-Hegenheim-definitif-1-768x835.jpg 768w\" sizes=\"auto, (max-width: 800px) 100vw, 800px\" \/><\/figure>\n\n\n\n<p class=\"wp-block-paragraph\">plan<\/p>\n","protected":false},"excerpt":{"rendered":"<p>FABRIKculture, Hegenheim, 2020. Exposition collective \u00ab\u00a0Quartett\u00a0\u00bb avec Colette Couleau, Andreas Frick\u00a0et Gert Handschin.B\u00e2che, huile de moteur, rivets, aluminium, bois. Diam\u00e8tre ext\u00e9rieur : 700 cm, hauteur : 8 cm.\u00a0 d\u00e9tail 1, reflet d\u00e9tail 2, reflet plan<\/p>\n","protected":false},"author":4,"featured_media":0,"parent":209,"menu_order":4,"comment_status":"closed","ping_status":"closed","template":"","meta":{"footnotes":""},"class_list":["post-620","page","type-page","status-publish","hentry"],"_links":{"self":[{"href":"https:\/\/dugoudronetdesplumeseditions.ch\/romain_crelier\/wp-json\/wp\/v2\/pages\/620","targetHints":{"allow":["GET"]}}],"collection":[{"href":"https:\/\/dugoudronetdesplumeseditions.ch\/romain_crelier\/wp-json\/wp\/v2\/pages"}],"about":[{"href":"https:\/\/dugoudronetdesplumeseditions.ch\/romain_crelier\/wp-json\/wp\/v2\/types\/page"}],"author":[{"embeddable":true,"href":"https:\/\/dugoudronetdesplumeseditions.ch\/romain_crelier\/wp-json\/wp\/v2\/users\/4"}],"replies":[{"embeddable":true,"href":"https:\/\/dugoudronetdesplumeseditions.ch\/romain_crelier\/wp-json\/wp\/v2\/comments?post=620"}],"version-history":[{"count":2,"href":"https:\/\/dugoudronetdesplumeseditions.ch\/romain_crelier\/wp-json\/wp\/v2\/pages\/620\/revisions"}],"predecessor-version":[{"id":924,"href":"https:\/\/dugoudronetdesplumeseditions.ch\/romain_crelier\/wp-json\/wp\/v2\/pages\/620\/revisions\/924"}],"up":[{"embeddable":true,"href":"https:\/\/dugoudronetdesplumeseditions.ch\/romain_crelier\/wp-json\/wp\/v2\/pages\/209"}],"wp:attachment":[{"href":"https:\/\/dugoudronetdesplumeseditions.ch\/romain_crelier\/wp-json\/wp\/v2\/media?parent=620"}],"curies":[{"name":"wp","href":"https:\/\/api.w.org\/{rel}","templated":true}]}}

<figure class="wp-block-image size-full"><img loading="lazy" decoding="async" width="800" height="533" src="https://dugoudronetdesplumeseditions.ch/romain_crelier/wp-content/uploads/2024/11/Hegenheim-image-site-800-1.jpg" alt="" class="wp-image-621" srcset="https://dugoudronetdesplumeseditions.ch/romain_crelier/wp-content/uploads/2024/11/Hegenheim-image-site-800-1.jpg 800w, https://dugoudronetdesplumeseditions.ch/romain_crelier/wp-content/uploads/2024/11/Hegenheim-image-site-800-1-300x200.jpg 300w, https://dugoudronetdesplumeseditions.ch/romain_crelier/wp-content/uploads/2024/11/Hegenheim-image-site-800-1-768x512.jpg 768w" sizes="auto, (max-width: 800px) 100vw, 800px" /></figure>



<p class="wp-block-paragraph">FABRIKculture, Hegenheim, 2020. Exposition collective « Quartett » avec Colette Couleau, <br>Andreas Frick et Gert Handschin.<br>Bâche, huile de moteur, rivets, aluminium, bois. Diamètre extérieur : 700 cm, hauteur : 8 cm. </p>



<figure class="wp-block-image size-full"><img loading="lazy" decoding="async" width="800" height="524" src="https://dugoudronetdesplumeseditions.ch/romain_crelier/wp-content/uploads/2024/11/Image-site-Hegenheim-800-1.jpg" alt="" class="wp-image-622" srcset="https://dugoudronetdesplumeseditions.ch/romain_crelier/wp-content/uploads/2024/11/Image-site-Hegenheim-800-1.jpg 800w, https://dugoudronetdesplumeseditions.ch/romain_crelier/wp-content/uploads/2024/11/Image-site-Hegenheim-800-1-300x197.jpg 300w, https://dugoudronetdesplumeseditions.ch/romain_crelier/wp-content/uploads/2024/11/Image-site-Hegenheim-800-1-768x503.jpg 768w" sizes="auto, (max-width: 800px) 100vw, 800px" /></figure>



<p class="wp-block-paragraph">détail 1, reflet</p>



<p class="wp-block-paragraph"></p>



<figure class="wp-block-image size-full"><img loading="lazy" decoding="async" width="800" height="525" src="https://dugoudronetdesplumeseditions.ch/romain_crelier/wp-content/uploads/2024/11/Image-site-Hegenheim-800-detail-1.jpg" alt="" class="wp-image-623" srcset="https://dugoudronetdesplumeseditions.ch/romain_crelier/wp-content/uploads/2024/11/Image-site-Hegenheim-800-detail-1.jpg 800w, https://dugoudronetdesplumeseditions.ch/romain_crelier/wp-content/uploads/2024/11/Image-site-Hegenheim-800-detail-1-300x197.jpg 300w, https://dugoudronetdesplumeseditions.ch/romain_crelier/wp-content/uploads/2024/11/Image-site-Hegenheim-800-detail-1-768x504.jpg 768w" sizes="auto, (max-width: 800px) 100vw, 800px" /></figure>



<p class="wp-block-paragraph">détail 2, reflet</p>



<figure class="wp-block-image size-full"><img loading="lazy" decoding="async" width="800" height="870" src="https://dugoudronetdesplumeseditions.ch/romain_crelier/wp-content/uploads/2024/11/plan-dessin-Hegenheim-definitif-1.jpg" alt="" class="wp-image-624" srcset="https://dugoudronetdesplumeseditions.ch/romain_crelier/wp-content/uploads/2024/11/plan-dessin-Hegenheim-definitif-1.jpg 800w, https://dugoudronetdesplumeseditions.ch/romain_crelier/wp-content/uploads/2024/11/plan-dessin-Hegenheim-definitif-1-276x300.jpg 276w, https://dugoudronetdesplumeseditions.ch/romain_crelier/wp-content/uploads/2024/11/plan-dessin-Hegenheim-definitif-1-768x835.jpg 768w" sizes="auto, (max-width: 800px) 100vw, 800px" /></figure>



<p class="wp-block-paragraph">plan</p>

<p>FABRIKculture, Hegenheim, 2020. Exposition collective « Quartett » avec Colette Couleau, Andreas Frick et Gert Handschin.Bâche, huile de moteur, rivets, aluminium, bois. Diamètre extérieur : 700 cm, hauteur : 8 cm.  détail 1, reflet détail 2, reflet plan</p>
