{"id":360,"date":"2024-11-11T19:49:00","date_gmt":"2024-11-11T19:49:00","guid":{"rendered":"https:\/\/dugoudronetdesplumeseditions.ch\/romain_crelier\/?page_id=360"},"modified":"2024-11-11T19:59:12","modified_gmt":"2024-11-11T19:59:12","slug":"alice-henkes","status":"publish","type":"page","link":"https:\/\/dugoudronetdesplumeseditions.ch\/romain_crelier\/titre\/alice-henkes\/","title":{"rendered":"Alice Henkes"},"content":{"rendered":"\n<h2 class=\"wp-block-heading\">Texte du Kunst Bulletin 09.2013<\/h2>\n\n\n\n<p class=\"wp-block-paragraph\">Bellelay : Romain Crelier &#8211; Kreuzgew\u00f6lbe mit Tiefensog<\/p>\n\n\n\n<p class=\"wp-block-paragraph\">Die opulente Sch\u00f6nheit der Abteikirche mit ihrer verspielten Barockarchitektur r\u00fcckt in der Installation von Romain Crelier (*1962) verdoppelt und gleichsam vertieft in den Blick. Im Kirchenschiff und im Chor hat der K\u00fcnstler flache Becken aufgestellt, die er mit gebrauchtem Motor\u00f6l f\u00fcllte, und faszinierend ist die Spiegelung, die Crelier so erreicht. Auf der schwarzen, \u00f6ligen Fl\u00e4che schwimmt \u00e4us-serst klar und pr\u00e4zise das Spiegelbild des Kirchenraums mit seinen reichen Stukkaturen und Verzierungen. Kaum ist das Abbild vom dreidimensionalen Vorbild zu unterscheiden, w\u00e4re da nicht ein leichter Grauton, welcher der Spiegelung eine besondere Tiefe gibt, eine dramatische Dimension, die dem originalen Raum so nicht eignet.<br>Der in Porrentruy geborene Crelier hat in Sion und Basel studiert. Zu seinem \u0152uvre geh\u00f6ren Grafiken, Zeichnungen, Installationen und Objekte. In der Installation \u2039La mise en ab\u00eeme\u203a entwickelt er eine sehr klare und reduzierte Bildsprache. Die Becken f\u00fcr das Motor\u00f6l sind aus je drei kreisf\u00f6rmigen Modulen zusammengesetzt und w\u00e4ren in ihrer abstrakt gerundeten Form auch in einer modernen Parkanlage denkbar. In ihren Massen nehmen sie die Volumina der Kreuzgew\u00f6lbe der Decke auf und spiegeln so den Raum in gleichsam mathematischer Weise. Von der Empore aus gesehen, liegen sie wie reizvolle Zeichnungen auf dem Grund.<br>Seit den Neunzigerjahren arbeitet Crelier mit gebrauchtem Motor\u00f6l, auf dessen besondere \u00e4sthetische Eigenschaften er eher zuf\u00e4llig stiess. Ein Reiz der Arbeit besteht auch darin, dass sie mithilfe eines Abfallprodukts ein H\u00f6chstmass an Sch\u00f6nheit erzeugt. Der barocke Kirchenraum \u00f6ffnet sich in den Motor\u00f6lbecken ein zweites Mal vor dem Publikum, die hohen Kreuzgew\u00f6lbedecken f\u00fchren auf einmal in unermessliche Tiefen. W\u00f6rtlich verstanden besagt der Titel \u2039Mise en ab\u00eeme\u203a ja auch, dass hier etwas an den Abgrund ger\u00fcckt wurde. Der aus der Heraldik stammende Begriff bezeichnet jedoch auch ein Bild, das sich selbst enth\u00e4lt, ein Effekt, der im Barock zum beliebten Bestandteil von Vanitas-Darstellungen avancierte. Auch dieser kunsthistorische Bezug schwingt mit in dem dunklen Spiegelbild von Bellelay. Und wenn man sich ein wenig \u00fcber die \u00d6lbecken beugt, wird man selbst zum Bestandteil dieser grandiosen Reflexion \u00fcber Raum und Sch\u00f6nheit.&nbsp;<\/p>\n","protected":false},"excerpt":{"rendered":"<p>Texte du Kunst Bulletin 09.2013 Bellelay : Romain Crelier &#8211; Kreuzgew\u00f6lbe mit Tiefensog Die opulente Sch\u00f6nheit der Abteikirche mit ihrer verspielten Barockarchitektur r\u00fcckt in der Installation von Romain Crelier (*1962) verdoppelt und gleichsam vertieft in den Blick. Im Kirchenschiff und im Chor hat der K\u00fcnstler flache Becken aufgestellt, die er mit gebrauchtem Motor\u00f6l f\u00fcllte, und &hellip; <a href=\"https:\/\/dugoudronetdesplumeseditions.ch\/romain_crelier\/titre\/alice-henkes\/\" class=\"more-link\">Continue reading <span class=\"screen-reader-text\">Alice Henkes<\/span><\/a><\/p>\n","protected":false},"author":4,"featured_media":0,"parent":11,"menu_order":10,"comment_status":"closed","ping_status":"closed","template":"","meta":{"footnotes":""},"class_list":["post-360","page","type-page","status-publish","hentry"],"_links":{"self":[{"href":"https:\/\/dugoudronetdesplumeseditions.ch\/romain_crelier\/wp-json\/wp\/v2\/pages\/360","targetHints":{"allow":["GET"]}}],"collection":[{"href":"https:\/\/dugoudronetdesplumeseditions.ch\/romain_crelier\/wp-json\/wp\/v2\/pages"}],"about":[{"href":"https:\/\/dugoudronetdesplumeseditions.ch\/romain_crelier\/wp-json\/wp\/v2\/types\/page"}],"author":[{"embeddable":true,"href":"https:\/\/dugoudronetdesplumeseditions.ch\/romain_crelier\/wp-json\/wp\/v2\/users\/4"}],"replies":[{"embeddable":true,"href":"https:\/\/dugoudronetdesplumeseditions.ch\/romain_crelier\/wp-json\/wp\/v2\/comments?post=360"}],"version-history":[{"count":2,"href":"https:\/\/dugoudronetdesplumeseditions.ch\/romain_crelier\/wp-json\/wp\/v2\/pages\/360\/revisions"}],"predecessor-version":[{"id":373,"href":"https:\/\/dugoudronetdesplumeseditions.ch\/romain_crelier\/wp-json\/wp\/v2\/pages\/360\/revisions\/373"}],"up":[{"embeddable":true,"href":"https:\/\/dugoudronetdesplumeseditions.ch\/romain_crelier\/wp-json\/wp\/v2\/pages\/11"}],"wp:attachment":[{"href":"https:\/\/dugoudronetdesplumeseditions.ch\/romain_crelier\/wp-json\/wp\/v2\/media?parent=360"}],"curies":[{"name":"wp","href":"https:\/\/api.w.org\/{rel}","templated":true}]}}

<h2 class="wp-block-heading">Texte du Kunst Bulletin 09.2013</h2>



<p class="wp-block-paragraph">Bellelay : Romain Crelier &#8211; Kreuzgewölbe mit Tiefensog</p>



<p class="wp-block-paragraph">Die opulente Schönheit der Abteikirche mit ihrer verspielten Barockarchitektur rückt in der Installation von Romain Crelier (*1962) verdoppelt und gleichsam vertieft in den Blick. Im Kirchenschiff und im Chor hat der Künstler flache Becken aufgestellt, die er mit gebrauchtem Motoröl füllte, und faszinierend ist die Spiegelung, die Crelier so erreicht. Auf der schwarzen, öligen Fläche schwimmt äus-serst klar und präzise das Spiegelbild des Kirchenraums mit seinen reichen Stukkaturen und Verzierungen. Kaum ist das Abbild vom dreidimensionalen Vorbild zu unterscheiden, wäre da nicht ein leichter Grauton, welcher der Spiegelung eine besondere Tiefe gibt, eine dramatische Dimension, die dem originalen Raum so nicht eignet.<br>Der in Porrentruy geborene Crelier hat in Sion und Basel studiert. Zu seinem Œuvre gehören Grafiken, Zeichnungen, Installationen und Objekte. In der Installation ‹La mise en abîme› entwickelt er eine sehr klare und reduzierte Bildsprache. Die Becken für das Motoröl sind aus je drei kreisförmigen Modulen zusammengesetzt und wären in ihrer abstrakt gerundeten Form auch in einer modernen Parkanlage denkbar. In ihren Massen nehmen sie die Volumina der Kreuzgewölbe der Decke auf und spiegeln so den Raum in gleichsam mathematischer Weise. Von der Empore aus gesehen, liegen sie wie reizvolle Zeichnungen auf dem Grund.<br>Seit den Neunzigerjahren arbeitet Crelier mit gebrauchtem Motoröl, auf dessen besondere ästhetische Eigenschaften er eher zufällig stiess. Ein Reiz der Arbeit besteht auch darin, dass sie mithilfe eines Abfallprodukts ein Höchstmass an Schönheit erzeugt. Der barocke Kirchenraum öffnet sich in den Motorölbecken ein zweites Mal vor dem Publikum, die hohen Kreuzgewölbedecken führen auf einmal in unermessliche Tiefen. Wörtlich verstanden besagt der Titel ‹Mise en abîme› ja auch, dass hier etwas an den Abgrund gerückt wurde. Der aus der Heraldik stammende Begriff bezeichnet jedoch auch ein Bild, das sich selbst enthält, ein Effekt, der im Barock zum beliebten Bestandteil von Vanitas-Darstellungen avancierte. Auch dieser kunsthistorische Bezug schwingt mit in dem dunklen Spiegelbild von Bellelay. Und wenn man sich ein wenig über die Ölbecken beugt, wird man selbst zum Bestandteil dieser grandiosen Reflexion über Raum und Schönheit.&nbsp;</p>

<p>Texte du Kunst Bulletin 09.2013 Bellelay : Romain Crelier &#8211; Kreuzgewölbe mit Tiefensog Die opulente Schönheit der Abteikirche mit ihrer verspielten Barockarchitektur rückt in der Installation von Romain Crelier (*1962) verdoppelt und gleichsam vertieft in den Blick. Im Kirchenschiff und im Chor hat der Künstler flache Becken aufgestellt, die er mit gebrauchtem Motoröl füllte, und &hellip; <a href="https://dugoudronetdesplumeseditions.ch/romain_crelier/titre/alice-henkes/" class="more-link">Continue reading <span class="screen-reader-text">Alice Henkes</span></a></p>
