{"id":351,"date":"2024-11-11T19:31:56","date_gmt":"2024-11-11T19:31:56","guid":{"rendered":"https:\/\/dugoudronetdesplumeseditions.ch\/romain_crelier\/?page_id=351"},"modified":"2025-04-01T13:58:45","modified_gmt":"2025-04-01T13:58:45","slug":"marisol-diz","status":"publish","type":"page","link":"https:\/\/dugoudronetdesplumeseditions.ch\/romain_crelier\/titre\/marisol-diz\/","title":{"rendered":"Marisol Diz"},"content":{"rendered":"\n<h2 class=\"wp-block-heading\">Texte du catalogue \u00ab\u00a0La balade de S\u00e9prais\u00a0\u00bb<\/h2>\n\n\n\n<p class=\"wp-block-paragraph\">Sculpteur, graveur et dessinateur, Romain Crelier, artiste du pays, avait \u00e9t\u00e9 invit\u00e9 \u00e0 la Balade de S\u00e9prais \u00e0 plusieurs reprises. Cependant, la d\u00e9marche ne correspondait pas \u00e0 son travail et il ne se retrouvait pas dans l\u2019id\u00e9e de cr\u00e9er une \u0153uvre avec des&nbsp;mat\u00e9riaux de r\u00e9cup\u00e9ration.<\/p>\n\n\n\n<p class=\"wp-block-paragraph\">Il s\u2019est initi\u00e9 \u00e0 la sculpture par le modelage et plus tard, le b\u00e9ton appara\u00eet dans plusieurs de ses sculptures. Ce mat\u00e9riau lui permet de cr\u00e9er des objets identifiables ais\u00e9ment : fauteuils, biblioth\u00e8ques, lits avec lesquels il joue sur l\u2019opposition de l\u2019utilitaire et du d\u00e9coratif.<\/p>\n\n\n\n<p class=\"wp-block-paragraph\">Lorsqu\u2019il est contact\u00e9 une nouvelle fois en 2007, il accepte finalement de r\u00e9aliser un projet et de relever le d\u00e9fi de travailler des mat\u00e9riaux recycl\u00e9s. Il se souvient alors avoir gard\u00e9 une enseigne lumineuse, r\u00e9cup\u00e9r\u00e9e dans un garage de la r\u00e9gion des ann\u00e9es auparavant. Le logo et le graphisme lui plaisent. Il demande \u00e0 un ami serrurier de lui fournir un m\u00e2t en m\u00e9tal de six m\u00e8tres de haut qu\u2019il peint en bleu. De ce m\u00e9tal se d\u00e9tachent trois embranchements de part et d\u2019autre. Le plus bas pour le bo\u00eetier o\u00f9 l\u2019\u00e9nergie solaire est transform\u00e9e en \u00e9lectricit\u00e9, celui du milieu pour l\u2019enseigne et le plus haut pour le panneau photovolta\u00efque. L\u2019ensemble est fix\u00e9 \u00e0 un socle en b\u00e9ton enterr\u00e9 sous terre.<\/p>\n\n\n\n<p class=\"wp-block-paragraph\">Jusque-l\u00e0, l\u2019\u00e9lectricit\u00e9 n\u2019avait pas encore \u00e9t\u00e9 explor\u00e9e artistiquement \u00e0 la Balade de S\u00e9prais. Chaque soir, l\u2019enseigne s\u2019illumine jusqu\u2019\u00e0 ce que l\u2019\u00e9nergie solaire emmagasin\u00e9e durant la journ\u00e9e s\u2019\u00e9puise.<\/p>\n\n\n\n<p class=\"wp-block-paragraph\">Autonome \u00e9nerg\u00e9tiquement, elle l\u2019est aussi spatialement par son emplacement isol\u00e9 au bord de la route qui m\u00e8ne au village de S\u00e9prais. L\u2019artiste veut montrer son \u0153uvre \u00e0 tous, ind\u00e9pendamment du fait que l\u2019on vienne faire la Balade ou que l\u2019on passe par l\u00e0.<\/p>\n\n\n\n<p class=\"wp-block-paragraph\">Au premier abord, on peut ne pas percevoir la transformation du mot LADA en DADA. En faisant glisser la marque de voiture russe vers le mouvement artistique, litt\u00e9raire et intellectuel n\u00e9 \u00e0 Zurich en 1916, Crelier s\u2019amuse \u00e0 surprendre le promeneur et \u00e0 brouiller les pistes. comme un logo ou une marque, le mot DADA n\u2019est pas lu mais vu. Dans la publicit\u00e9, une couleur ou un indice suffisent \u00e0 faire \u00e9merger une marque dans notre esprit et \u00e0 fixer notre attention : le rouge pour une boisson sucr\u00e9e, une virgule pos\u00e9e \u00e0 l\u2019envers pour une marque de sport&#8230; Avec l\u2019\u0153uvre de Crelier, on pourrait s\u2019attendre \u00e0 voir un garage \u00e0 quelques m\u00e8tres. Mais il n\u2019en est rien ; en lieu et place du garage, la nature et les vaches. Ainsi, l\u2019enseigne publicitaire pour une marque de voitures d\u00e9tourn\u00e9e en \u0153uvre photovolta\u00efque questionne-t-elle notre mode de vie et notre rapport \u00e0 l\u2019environnement.<\/p>\n\n\n\n<p class=\"wp-block-paragraph\">On se situe ici entre le jeu de mots et l\u2019hommage au mouvement Dada. Issu d\u2019un besoin d\u2019ind\u00e9pendance et d\u2019une m\u00e9fiance envers la communaut\u00e9 et la bourgeoisie, ce qui importe \u00e0 ses initiateurs est d\u2019\u00e9lever des objets sans valeur au rang d\u2019objets esth\u00e9tiques. La libert\u00e9, l\u2019insolite, l\u2019absurde et la contradiction sont les bases du courant. Crelier admire les luttes libertaires et artistiques mais dit ne pas s\u2019identifier vraiment, dans son travail, au mouvement DADA. Son \u0153uvre doit plut\u00f4t \u00eatre consid\u00e9r\u00e9e comme un clin d\u2019\u0153il \u00e0 une p\u00e9riode de l\u2019Histoire de l\u2019art.<\/p>\n\n\n\n<p class=\"wp-block-paragraph\">Toutefois, lui aussi part d\u2019un objet sans valeur artistique, le transforme, le rend singulier par rapport au reste des sculptures pr\u00e9sentes \u00e0 S\u00e9prais en l\u2019illuminant, et l\u2019\u00e9l\u00e8ve au rang d\u2019\u0153uvre d\u2019art.&nbsp;<\/p>\n\n\n\n<p class=\"wp-block-paragraph\">T\u00e9l\u00e9charger le pdf<a href=\"https:\/\/dugoudronetdesplumeseditions.ch\/romain_crelier\/wp-content\/uploads\/2025\/04\/bds-Dada-RC-3.pdf\">\u00a0ici<\/a><\/p>\n","protected":false},"excerpt":{"rendered":"<p>Texte du catalogue \u00ab\u00a0La balade de S\u00e9prais\u00a0\u00bb Sculpteur, graveur et dessinateur, Romain Crelier, artiste du pays, avait \u00e9t\u00e9 invit\u00e9 \u00e0 la Balade de S\u00e9prais \u00e0 plusieurs reprises. Cependant, la d\u00e9marche ne correspondait pas \u00e0 son travail et il ne se retrouvait pas dans l\u2019id\u00e9e de cr\u00e9er une \u0153uvre avec des&nbsp;mat\u00e9riaux de r\u00e9cup\u00e9ration. Il s\u2019est initi\u00e9 &hellip; <a href=\"https:\/\/dugoudronetdesplumeseditions.ch\/romain_crelier\/titre\/marisol-diz\/\" class=\"more-link\">Continue reading <span class=\"screen-reader-text\">Marisol Diz<\/span><\/a><\/p>\n","protected":false},"author":4,"featured_media":0,"parent":11,"menu_order":7,"comment_status":"closed","ping_status":"closed","template":"","meta":{"footnotes":""},"class_list":["post-351","page","type-page","status-publish","hentry"],"_links":{"self":[{"href":"https:\/\/dugoudronetdesplumeseditions.ch\/romain_crelier\/wp-json\/wp\/v2\/pages\/351","targetHints":{"allow":["GET"]}}],"collection":[{"href":"https:\/\/dugoudronetdesplumeseditions.ch\/romain_crelier\/wp-json\/wp\/v2\/pages"}],"about":[{"href":"https:\/\/dugoudronetdesplumeseditions.ch\/romain_crelier\/wp-json\/wp\/v2\/types\/page"}],"author":[{"embeddable":true,"href":"https:\/\/dugoudronetdesplumeseditions.ch\/romain_crelier\/wp-json\/wp\/v2\/users\/4"}],"replies":[{"embeddable":true,"href":"https:\/\/dugoudronetdesplumeseditions.ch\/romain_crelier\/wp-json\/wp\/v2\/comments?post=351"}],"version-history":[{"count":3,"href":"https:\/\/dugoudronetdesplumeseditions.ch\/romain_crelier\/wp-json\/wp\/v2\/pages\/351\/revisions"}],"predecessor-version":[{"id":1147,"href":"https:\/\/dugoudronetdesplumeseditions.ch\/romain_crelier\/wp-json\/wp\/v2\/pages\/351\/revisions\/1147"}],"up":[{"embeddable":true,"href":"https:\/\/dugoudronetdesplumeseditions.ch\/romain_crelier\/wp-json\/wp\/v2\/pages\/11"}],"wp:attachment":[{"href":"https:\/\/dugoudronetdesplumeseditions.ch\/romain_crelier\/wp-json\/wp\/v2\/media?parent=351"}],"curies":[{"name":"wp","href":"https:\/\/api.w.org\/{rel}","templated":true}]}}

<h2 class="wp-block-heading">Texte du catalogue « La balade de Séprais »</h2>



<p class="wp-block-paragraph">Sculpteur, graveur et dessinateur, Romain Crelier, artiste du pays, avait été invité à la Balade de Séprais à plusieurs reprises. Cependant, la démarche ne correspondait pas à son travail et il ne se retrouvait pas dans l’idée de créer une œuvre avec des&nbsp;matériaux de récupération.</p>



<p class="wp-block-paragraph">Il s’est initié à la sculpture par le modelage et plus tard, le béton apparaît dans plusieurs de ses sculptures. Ce matériau lui permet de créer des objets identifiables aisément : fauteuils, bibliothèques, lits avec lesquels il joue sur l’opposition de l’utilitaire et du décoratif.</p>



<p class="wp-block-paragraph">Lorsqu’il est contacté une nouvelle fois en 2007, il accepte finalement de réaliser un projet et de relever le défi de travailler des matériaux recyclés. Il se souvient alors avoir gardé une enseigne lumineuse, récupérée dans un garage de la région des années auparavant. Le logo et le graphisme lui plaisent. Il demande à un ami serrurier de lui fournir un mât en métal de six mètres de haut qu’il peint en bleu. De ce métal se détachent trois embranchements de part et d’autre. Le plus bas pour le boîtier où l’énergie solaire est transformée en électricité, celui du milieu pour l’enseigne et le plus haut pour le panneau photovoltaïque. L’ensemble est fixé à un socle en béton enterré sous terre.</p>



<p class="wp-block-paragraph">Jusque-là, l’électricité n’avait pas encore été explorée artistiquement à la Balade de Séprais. Chaque soir, l’enseigne s’illumine jusqu’à ce que l’énergie solaire emmagasinée durant la journée s’épuise.</p>



<p class="wp-block-paragraph">Autonome énergétiquement, elle l’est aussi spatialement par son emplacement isolé au bord de la route qui mène au village de Séprais. L’artiste veut montrer son œuvre à tous, indépendamment du fait que l’on vienne faire la Balade ou que l’on passe par là.</p>



<p class="wp-block-paragraph">Au premier abord, on peut ne pas percevoir la transformation du mot LADA en DADA. En faisant glisser la marque de voiture russe vers le mouvement artistique, littéraire et intellectuel né à Zurich en 1916, Crelier s’amuse à surprendre le promeneur et à brouiller les pistes. comme un logo ou une marque, le mot DADA n’est pas lu mais vu. Dans la publicité, une couleur ou un indice suffisent à faire émerger une marque dans notre esprit et à fixer notre attention : le rouge pour une boisson sucrée, une virgule posée à l’envers pour une marque de sport&#8230; Avec l’œuvre de Crelier, on pourrait s’attendre à voir un garage à quelques mètres. Mais il n’en est rien ; en lieu et place du garage, la nature et les vaches. Ainsi, l’enseigne publicitaire pour une marque de voitures détournée en œuvre photovoltaïque questionne-t-elle notre mode de vie et notre rapport à l’environnement.</p>



<p class="wp-block-paragraph">On se situe ici entre le jeu de mots et l’hommage au mouvement Dada. Issu d’un besoin d’indépendance et d’une méfiance envers la communauté et la bourgeoisie, ce qui importe à ses initiateurs est d’élever des objets sans valeur au rang d’objets esthétiques. La liberté, l’insolite, l’absurde et la contradiction sont les bases du courant. Crelier admire les luttes libertaires et artistiques mais dit ne pas s’identifier vraiment, dans son travail, au mouvement DADA. Son œuvre doit plutôt être considérée comme un clin d’œil à une période de l’Histoire de l’art.</p>



<p class="wp-block-paragraph">Toutefois, lui aussi part d’un objet sans valeur artistique, le transforme, le rend singulier par rapport au reste des sculptures présentes à Séprais en l’illuminant, et l’élève au rang d’œuvre d’art.&nbsp;</p>



<p class="wp-block-paragraph">Télécharger le pdf<a href="https://dugoudronetdesplumeseditions.ch/romain_crelier/wp-content/uploads/2025/04/bds-Dada-RC-3.pdf"> ici</a></p>

<p>Texte du catalogue « La balade de Séprais » Sculpteur, graveur et dessinateur, Romain Crelier, artiste du pays, avait été invité à la Balade de Séprais à plusieurs reprises. Cependant, la démarche ne correspondait pas à son travail et il ne se retrouvait pas dans l’idée de créer une œuvre avec des&nbsp;matériaux de récupération. Il s’est initié &hellip; <a href="https://dugoudronetdesplumeseditions.ch/romain_crelier/titre/marisol-diz/" class="more-link">Continue reading <span class="screen-reader-text">Marisol Diz</span></a></p>
