{"id":241,"date":"2024-11-05T16:39:55","date_gmt":"2024-11-05T16:39:55","guid":{"rendered":"https:\/\/dugoudronetdesplumeseditions.ch\/romain_crelier\/?page_id=241"},"modified":"2024-11-05T16:44:27","modified_gmt":"2024-11-05T16:44:27","slug":"liens","status":"publish","type":"page","link":"https:\/\/dugoudronetdesplumeseditions.ch\/romain_crelier\/liens\/","title":{"rendered":"liens"},"content":{"rendered":"<p><a href=\"http:\/\/dugoudronetdesplumeseditions.ch\/\" target=\"_blank\" rel=\"noopener\">du goudron et des plumes \u00e9ditions<br \/>\n<\/a><a href=\"http:\/\/musee-moutier.ch\/\" target=\"_blank\" rel=\"noopener\">Mus\u00e9e Jurassien des Arts Moutier<br \/>\n<\/a><a href=\"http:\/\/www.eac-leshalles.ch\/eac\/index.php\" target=\"_blank\" rel=\"noopener\">espace d&rsquo;art contemporain (les halles) Porrentruy<br \/>\n<\/a><a href=\"http:\/\/www.balade-seprais.ch\/\">La balade de S\u00e9prais<br \/>\n<\/a><a href=\"http:\/\/www.institut-jurassien.ch\/jcms\/index.php\" target=\"_blank\" rel=\"noopener\">Institut Jurassien des Sciences, des lettres et des Arts<br \/>\n<\/a><a href=\"http:\/\/www.gravuremoutier.ch\/f_atelier.html\" target=\"_blank\" rel=\"noopener\">Atelier de gravure Moutier<\/a><\/p>\n","protected":false},"excerpt":{"rendered":"<p>du goudron et des plumes \u00e9ditions Mus\u00e9e Jurassien des Arts Moutier espace d&rsquo;art contemporain (les halles) Porrentruy La balade de S\u00e9prais Institut Jurassien des Sciences, des lettres et des Arts Atelier de gravure Moutier<\/p>\n","protected":false},"author":4,"featured_media":0,"parent":0,"menu_order":13,"comment_status":"closed","ping_status":"closed","template":"","meta":{"footnotes":""},"class_list":["post-241","page","type-page","status-publish","hentry"],"_links":{"self":[{"href":"https:\/\/dugoudronetdesplumeseditions.ch\/romain_crelier\/wp-json\/wp\/v2\/pages\/241","targetHints":{"allow":["GET"]}}],"collection":[{"href":"https:\/\/dugoudronetdesplumeseditions.ch\/romain_crelier\/wp-json\/wp\/v2\/pages"}],"about":[{"href":"https:\/\/dugoudronetdesplumeseditions.ch\/romain_crelier\/wp-json\/wp\/v2\/types\/page"}],"author":[{"embeddable":true,"href":"https:\/\/dugoudronetdesplumeseditions.ch\/romain_crelier\/wp-json\/wp\/v2\/users\/4"}],"replies":[{"embeddable":true,"href":"https:\/\/dugoudronetdesplumeseditions.ch\/romain_crelier\/wp-json\/wp\/v2\/comments?post=241"}],"version-history":[{"count":2,"href":"https:\/\/dugoudronetdesplumeseditions.ch\/romain_crelier\/wp-json\/wp\/v2\/pages\/241\/revisions"}],"predecessor-version":[{"id":253,"href":"https:\/\/dugoudronetdesplumeseditions.ch\/romain_crelier\/wp-json\/wp\/v2\/pages\/241\/revisions\/253"}],"wp:attachment":[{"href":"https:\/\/dugoudronetdesplumeseditions.ch\/romain_crelier\/wp-json\/wp\/v2\/media?parent=241"}],"curies":[{"name":"wp","href":"https:\/\/api.w.org\/{rel}","templated":true}]}}

<p><a href="http://dugoudronetdesplumeseditions.ch/" target="_blank" rel="noopener">du goudron et des plumes éditions<br />
</a><a href="http://musee-moutier.ch/" target="_blank" rel="noopener">Musée Jurassien des Arts Moutier<br />
</a><a href="http://www.eac-leshalles.ch/eac/index.php" target="_blank" rel="noopener">espace d&rsquo;art contemporain (les halles) Porrentruy<br />
</a><a href="http://www.balade-seprais.ch/">La balade de Séprais<br />
</a><a href="http://www.institut-jurassien.ch/jcms/index.php" target="_blank" rel="noopener">Institut Jurassien des Sciences, des lettres et des Arts<br />
</a><a href="http://www.gravuremoutier.ch/f_atelier.html" target="_blank" rel="noopener">Atelier de gravure Moutier</a></p>

<p>du goudron et des plumes éditions Musée Jurassien des Arts Moutier espace d&rsquo;art contemporain (les halles) Porrentruy La balade de Séprais Institut Jurassien des Sciences, des lettres et des Arts Atelier de gravure Moutier</p>
