{"id":744,"date":"2018-02-12T15:46:56","date_gmt":"2018-02-12T14:46:56","guid":{"rendered":"http:\/\/dugoudronetdesplumeseditions.ch\/?page_id=744"},"modified":"2025-11-23T11:49:28","modified_gmt":"2025-11-23T10:49:28","slug":"francine-collet-poffet","status":"publish","type":"page","link":"https:\/\/dugoudronetdesplumeseditions.ch\/?page_id=744","title":{"rendered":"Francine Collet Poffet"},"content":{"rendered":"<p>Francine Collet Poffet vit \u00e0 Vevey o\u00f9 elle d\u00e9veloppe une \u0153uvre sur papier qui interroge sa perception du monde. Ses collages en relief et ses travaux ajour\u00e9s t\u00e9moignent de mani\u00e8re singuli\u00e8re de sa surdit\u00e9 atypique.<\/p>\n<p><a href=\"http:\/\/www.francine-collet-poffet.ch\">www.francine-collet-poffet.ch<\/a><\/p>\n<h4>\u00a0<\/h4>\n<h4>Francine nous parle du processus cr\u00e9atif de ses collages<\/h4>\n<p>&nbsp;<\/p>\n<p><a href=\"https:\/\/dugoudronetdesplumeseditions.ch\/wp-content\/uploads\/2018\/03\/collageFaceAFace05-1.jpeg\"><img loading=\"lazy\" decoding=\"async\" class=\"alignleft size-medium wp-image-1125\" src=\"https:\/\/dugoudronetdesplumeseditions.ch\/wp-content\/uploads\/2018\/03\/collageFaceAFace05-1-300x195.jpeg\" alt=\"\" width=\"300\" height=\"195\" srcset=\"https:\/\/dugoudronetdesplumeseditions.ch\/wp-content\/uploads\/2018\/03\/collageFaceAFace05-1-300x195.jpeg 300w, https:\/\/dugoudronetdesplumeseditions.ch\/wp-content\/uploads\/2018\/03\/collageFaceAFace05-1-768x499.jpeg 768w, https:\/\/dugoudronetdesplumeseditions.ch\/wp-content\/uploads\/2018\/03\/collageFaceAFace05-1-1024x666.jpeg 1024w, https:\/\/dugoudronetdesplumeseditions.ch\/wp-content\/uploads\/2018\/03\/collageFaceAFace05-1.jpeg 1280w\" sizes=\"auto, (max-width: 300px) 100vw, 300px\" \/><\/a><\/p>\n<p>&nbsp;<\/p>\n<p>&nbsp;<\/p>\n<p>&nbsp;<\/p>\n<p>&nbsp;<\/p>\n<p>&nbsp;<\/p>\n<p>&nbsp;<\/p>\n<p>\u00ab\u00a0J\u2019entends un mot sur deux, je ne per\u00e7ois pas les d\u00e9terminants des noms, les noms propres sont du charabia. Le flot des mots m\u2019arrive avec ses blancs et ses trous. Les mots sont hach\u00e9s, les syllabes ajour\u00e9es, les voyelles en relief et les consommes sifflantes invisibles. Je dois inventer du sens entre ces pi\u00e8ces sonores sans queue ni t\u00eate, assembler des bouts de conversations qui tombent devant mes yeux \u00e0 toute vitesse. Souvent je perds le fil de ces galimatias.<br \/>L\u2019id\u00e9e de transcrire visuellement mon v\u00e9cu quotidien au milieu des conversations a m\u00fbri progressivement. J\u2019ai commenc\u00e9 avec un livre d\u2019occasion. Comme je comprends un mot sur deux, j\u2019ai d\u00e9coup\u00e9 un mot sur deux dans le texte et j\u2019ai coll\u00e9 les mots enlev\u00e9s dans les bords de la feuille. Avec d\u2019autres livres, j\u2019ai d\u00e9coup\u00e9 les d\u00e9terminants, puis les consonnes sifflantes, etc. Tout ce que je n\u2019entendais pas. Ces trous et ces blancs formaient comme un puzzle al\u00e9atoire. Peu \u00e0 peu j\u2019ai exp\u00e9riment\u00e9 d\u2019autres proc\u00e9d\u00e9s, toujours en lien avec le papier et la mati\u00e8re des mots \u00e9crits. Creuser dans l\u2019\u00e9paisseur des conversations et voir appara\u00eetre un ou plusieurs mots sans liens apparents. Empiler des couches de textes, avec un liser\u00e9 ou une dentelle graphique. Effiler des lignes de mots. Le texte entrelac\u00e9 perd sa signification initiale. Il devient un mat\u00e9riau brut. Le r\u00e9sultat donne envie de toucher, de passer le doigt dessus pour d\u00e9couvrir ce nouveau graphisme \u00e0 la fois tactile et visuel. Ces mots qui s\u2019entrechoquent, se juxtaposent deviennent une m\u00e9taphore visuelle de ma perception des \u00e9changes entre les gens\u00a0: des conversations en mille-feuille.<\/p>\n<p><a href=\"https:\/\/dugoudronetdesplumeseditions.ch\/wp-content\/uploads\/2018\/03\/PhotoCollageRegard05.jpeg\"><img loading=\"lazy\" decoding=\"async\" class=\"alignleft size-medium wp-image-1134\" src=\"https:\/\/dugoudronetdesplumeseditions.ch\/wp-content\/uploads\/2018\/03\/PhotoCollageRegard05-277x300.jpeg\" alt=\"\" width=\"277\" height=\"300\" srcset=\"https:\/\/dugoudronetdesplumeseditions.ch\/wp-content\/uploads\/2018\/03\/PhotoCollageRegard05-277x300.jpeg 277w, https:\/\/dugoudronetdesplumeseditions.ch\/wp-content\/uploads\/2018\/03\/PhotoCollageRegard05-768x830.jpeg 768w, https:\/\/dugoudronetdesplumeseditions.ch\/wp-content\/uploads\/2018\/03\/PhotoCollageRegard05-947x1024.jpeg 947w, https:\/\/dugoudronetdesplumeseditions.ch\/wp-content\/uploads\/2018\/03\/PhotoCollageRegard05.jpeg 960w\" sizes=\"auto, (max-width: 277px) 100vw, 277px\" \/><\/a> <a href=\"https:\/\/dugoudronetdesplumeseditions.ch\/wp-content\/uploads\/2018\/03\/PhotoCollageTissage05.jpeg\"><img loading=\"lazy\" decoding=\"async\" class=\"alignleft size-medium wp-image-1135\" src=\"https:\/\/dugoudronetdesplumeseditions.ch\/wp-content\/uploads\/2018\/03\/PhotoCollageTissage05-214x300.jpeg\" alt=\"\" width=\"214\" height=\"300\" srcset=\"https:\/\/dugoudronetdesplumeseditions.ch\/wp-content\/uploads\/2018\/03\/PhotoCollageTissage05-214x300.jpeg 214w, https:\/\/dugoudronetdesplumeseditions.ch\/wp-content\/uploads\/2018\/03\/PhotoCollageTissage05-768x1076.jpeg 768w, https:\/\/dugoudronetdesplumeseditions.ch\/wp-content\/uploads\/2018\/03\/PhotoCollageTissage05-731x1024.jpeg 731w, https:\/\/dugoudronetdesplumeseditions.ch\/wp-content\/uploads\/2018\/03\/PhotoCollageTissage05.jpeg 914w\" sizes=\"auto, (max-width: 214px) 100vw, 214px\" \/><\/a><\/p>\n<p>&nbsp;<\/p>\n<p>&nbsp;<\/p>\n<p>&nbsp;<\/p>\n<p>&nbsp;<\/p>\n<p>&nbsp;<\/p>\n<p>&nbsp;<\/p>\n<p>&nbsp;<\/p>\n<p>&nbsp;<\/p>\n<h4>Les conversations en mille-feuille sont n\u00e9es dans ce terreau exp\u00e9rimental<\/h4>\n<p>Avec Patricia Crelier, nous l\u2019avons imagin\u00e9 \u00e0 quatre mains. Nous ne voulions pas \u00e9crire une succession d\u2019anecdotes, ni succomber \u00e0 une approche didactique ou path\u00e9tique. Nous avons opt\u00e9 pour le jeu. Ce livre permettrait au lecteur de vivre en quelque sorte le mode op\u00e9ratoire de Paula, la jeune femme sourde atypique, qui regorge de \u00ab\u00a0trucs\u00a0\u00bb pour comprendre le monde qui l\u2019entoure, avec ses sons brouill\u00e9s. Le lecteur voit d&rsquo;abord une image singuli\u00e8re, insolite, qu\u2019il ne comprend pas tout de suite. Derri\u00e8re cette image, il d\u00e9couvre en double-page une repr\u00e9sentation qui lui donne des cl\u00e9s et r\u00e9sout l\u2019\u00e9nigme de l\u2019image.<br \/>Il me tenait aussi \u00e0 c\u0153ur de tenter de faire ressentir une de formes de mon fonctionnement\u00a0: ce va-et-vient permanent entre diff\u00e9rentes informations visuelles, \u00e9crites ou graphiques qui sont autant de r\u00e9bus ou d\u2019indices. Le lecteur peut vivre ce mouvement d\u2019all\u00e9es et venues\u00a0: il ouvre la page, la d\u00e9ploie puis la referme, la tourne, revient en arri\u00e8re, repart plus loin et ainsi de suite. Ce faisant, il est possible qu\u2019il vive une exp\u00e9rience diff\u00e9rente, qui pourrait rejoindre la mienne au quotidien.\u00a0\u00bb<\/p>\n<p><a href=\"https:\/\/dugoudronetdesplumeseditions.ch\/wp-content\/uploads\/2018\/03\/collage-Francine-3.jpeg\"><img loading=\"lazy\" decoding=\"async\" class=\"alignleft size-medium wp-image-1151\" src=\"https:\/\/dugoudronetdesplumeseditions.ch\/wp-content\/uploads\/2018\/03\/collage-Francine-3-300x225.jpeg\" alt=\"\" width=\"300\" height=\"225\" srcset=\"https:\/\/dugoudronetdesplumeseditions.ch\/wp-content\/uploads\/2018\/03\/collage-Francine-3-300x225.jpeg 300w, https:\/\/dugoudronetdesplumeseditions.ch\/wp-content\/uploads\/2018\/03\/collage-Francine-3-768x576.jpeg 768w, https:\/\/dugoudronetdesplumeseditions.ch\/wp-content\/uploads\/2018\/03\/collage-Francine-3-1024x768.jpeg 1024w, https:\/\/dugoudronetdesplumeseditions.ch\/wp-content\/uploads\/2018\/03\/collage-Francine-3.jpeg 1280w\" sizes=\"auto, (max-width: 300px) 100vw, 300px\" \/><\/a><a href=\"https:\/\/dugoudronetdesplumeseditions.ch\/wp-content\/uploads\/2018\/03\/collage-francine-4.jpeg\"><img loading=\"lazy\" decoding=\"async\" class=\"alignleft size-medium wp-image-1152\" src=\"https:\/\/dugoudronetdesplumeseditions.ch\/wp-content\/uploads\/2018\/03\/collage-francine-4-300x225.jpeg\" alt=\"\" width=\"300\" height=\"225\" srcset=\"https:\/\/dugoudronetdesplumeseditions.ch\/wp-content\/uploads\/2018\/03\/collage-francine-4-300x225.jpeg 300w, https:\/\/dugoudronetdesplumeseditions.ch\/wp-content\/uploads\/2018\/03\/collage-francine-4-768x576.jpeg 768w, https:\/\/dugoudronetdesplumeseditions.ch\/wp-content\/uploads\/2018\/03\/collage-francine-4-1024x768.jpeg 1024w, https:\/\/dugoudronetdesplumeseditions.ch\/wp-content\/uploads\/2018\/03\/collage-francine-4.jpeg 1280w\" sizes=\"auto, (max-width: 300px) 100vw, 300px\" \/><\/a><\/p>\n<p>&nbsp;<\/p>\n<p>&nbsp;<\/p>\n<p>&nbsp;<\/p>\n<p>&nbsp;<\/p>\n<p>&nbsp;<\/p>\n<p>&nbsp;<\/p>\n\n\n<blockquote class=\"wp-block-quote is-layout-flow wp-block-quote-is-layout-flow\">\n<p class=\"has-text-color has-link-color wp-elements-1 wp-block-paragraph\" style=\"color:#ffffff00\">  .<\/p>\n<\/blockquote>\n\n\n\n<p class=\"wp-block-paragraph\"><a href=\"https:\/\/dugoudronetdesplumeseditions.ch\/?p=858\" data-type=\"post\" data-id=\"858\">Conversations en mille-feuille<\/a><\/p>\n\n\n\n<p class=\"wp-block-paragraph\"><\/p>\n","protected":false},"excerpt":{"rendered":"<p>Francine Collet Poffet vit \u00e0 Vevey o\u00f9 elle d\u00e9veloppe une \u0153uvre sur papier qui interroge&#8230;<\/p>\n","protected":false},"author":1,"featured_media":0,"parent":0,"menu_order":0,"comment_status":"closed","ping_status":"closed","template":"","meta":{"footnotes":""},"class_list":["post-744","page","type-page","status-publish","hentry"],"_links":{"self":[{"href":"https:\/\/dugoudronetdesplumeseditions.ch\/index.php?rest_route=\/wp\/v2\/pages\/744","targetHints":{"allow":["GET"]}}],"collection":[{"href":"https:\/\/dugoudronetdesplumeseditions.ch\/index.php?rest_route=\/wp\/v2\/pages"}],"about":[{"href":"https:\/\/dugoudronetdesplumeseditions.ch\/index.php?rest_route=\/wp\/v2\/types\/page"}],"author":[{"embeddable":true,"href":"https:\/\/dugoudronetdesplumeseditions.ch\/index.php?rest_route=\/wp\/v2\/users\/1"}],"replies":[{"embeddable":true,"href":"https:\/\/dugoudronetdesplumeseditions.ch\/index.php?rest_route=%2Fwp%2Fv2%2Fcomments&post=744"}],"version-history":[{"count":30,"href":"https:\/\/dugoudronetdesplumeseditions.ch\/index.php?rest_route=\/wp\/v2\/pages\/744\/revisions"}],"predecessor-version":[{"id":3569,"href":"https:\/\/dugoudronetdesplumeseditions.ch\/index.php?rest_route=\/wp\/v2\/pages\/744\/revisions\/3569"}],"wp:attachment":[{"href":"https:\/\/dugoudronetdesplumeseditions.ch\/index.php?rest_route=%2Fwp%2Fv2%2Fmedia&parent=744"}],"curies":[{"name":"wp","href":"https:\/\/api.w.org\/{rel}","templated":true}]}}

<p>Francine Collet Poffet vit à Vevey où elle développe une œuvre sur papier qui interroge sa perception du monde. Ses collages en relief et ses travaux ajourés témoignent de manière singulière de sa surdité atypique.</p>
<p><a href="http://www.francine-collet-poffet.ch">www.francine-collet-poffet.ch</a></p>
<h4> </h4>
<h4>Francine nous parle du processus créatif de ses collages</h4>
<p>&nbsp;</p>
<p><a href="https://dugoudronetdesplumeseditions.ch/wp-content/uploads/2018/03/collageFaceAFace05-1.jpeg"><img loading="lazy" decoding="async" class="alignleft size-medium wp-image-1125" src="https://dugoudronetdesplumeseditions.ch/wp-content/uploads/2018/03/collageFaceAFace05-1-300x195.jpeg" alt="" width="300" height="195" srcset="https://dugoudronetdesplumeseditions.ch/wp-content/uploads/2018/03/collageFaceAFace05-1-300x195.jpeg 300w, https://dugoudronetdesplumeseditions.ch/wp-content/uploads/2018/03/collageFaceAFace05-1-768x499.jpeg 768w, https://dugoudronetdesplumeseditions.ch/wp-content/uploads/2018/03/collageFaceAFace05-1-1024x666.jpeg 1024w, https://dugoudronetdesplumeseditions.ch/wp-content/uploads/2018/03/collageFaceAFace05-1.jpeg 1280w" sizes="auto, (max-width: 300px) 100vw, 300px" /></a></p>
<p>&nbsp;</p>
<p>&nbsp;</p>
<p>&nbsp;</p>
<p>&nbsp;</p>
<p>&nbsp;</p>
<p>&nbsp;</p>
<p>« J’entends un mot sur deux, je ne perçois pas les déterminants des noms, les noms propres sont du charabia. Le flot des mots m’arrive avec ses blancs et ses trous. Les mots sont hachés, les syllabes ajourées, les voyelles en relief et les consommes sifflantes invisibles. Je dois inventer du sens entre ces pièces sonores sans queue ni tête, assembler des bouts de conversations qui tombent devant mes yeux à toute vitesse. Souvent je perds le fil de ces galimatias.<br />L’idée de transcrire visuellement mon vécu quotidien au milieu des conversations a mûri progressivement. J’ai commencé avec un livre d’occasion. Comme je comprends un mot sur deux, j’ai découpé un mot sur deux dans le texte et j’ai collé les mots enlevés dans les bords de la feuille. Avec d’autres livres, j’ai découpé les déterminants, puis les consonnes sifflantes, etc. Tout ce que je n’entendais pas. Ces trous et ces blancs formaient comme un puzzle aléatoire. Peu à peu j’ai expérimenté d’autres procédés, toujours en lien avec le papier et la matière des mots écrits. Creuser dans l’épaisseur des conversations et voir apparaître un ou plusieurs mots sans liens apparents. Empiler des couches de textes, avec un liseré ou une dentelle graphique. Effiler des lignes de mots. Le texte entrelacé perd sa signification initiale. Il devient un matériau brut. Le résultat donne envie de toucher, de passer le doigt dessus pour découvrir ce nouveau graphisme à la fois tactile et visuel. Ces mots qui s’entrechoquent, se juxtaposent deviennent une métaphore visuelle de ma perception des échanges entre les gens : des conversations en mille-feuille.</p>
<p><a href="https://dugoudronetdesplumeseditions.ch/wp-content/uploads/2018/03/PhotoCollageRegard05.jpeg"><img loading="lazy" decoding="async" class="alignleft size-medium wp-image-1134" src="https://dugoudronetdesplumeseditions.ch/wp-content/uploads/2018/03/PhotoCollageRegard05-277x300.jpeg" alt="" width="277" height="300" srcset="https://dugoudronetdesplumeseditions.ch/wp-content/uploads/2018/03/PhotoCollageRegard05-277x300.jpeg 277w, https://dugoudronetdesplumeseditions.ch/wp-content/uploads/2018/03/PhotoCollageRegard05-768x830.jpeg 768w, https://dugoudronetdesplumeseditions.ch/wp-content/uploads/2018/03/PhotoCollageRegard05-947x1024.jpeg 947w, https://dugoudronetdesplumeseditions.ch/wp-content/uploads/2018/03/PhotoCollageRegard05.jpeg 960w" sizes="auto, (max-width: 277px) 100vw, 277px" /></a> <a href="https://dugoudronetdesplumeseditions.ch/wp-content/uploads/2018/03/PhotoCollageTissage05.jpeg"><img loading="lazy" decoding="async" class="alignleft size-medium wp-image-1135" src="https://dugoudronetdesplumeseditions.ch/wp-content/uploads/2018/03/PhotoCollageTissage05-214x300.jpeg" alt="" width="214" height="300" srcset="https://dugoudronetdesplumeseditions.ch/wp-content/uploads/2018/03/PhotoCollageTissage05-214x300.jpeg 214w, https://dugoudronetdesplumeseditions.ch/wp-content/uploads/2018/03/PhotoCollageTissage05-768x1076.jpeg 768w, https://dugoudronetdesplumeseditions.ch/wp-content/uploads/2018/03/PhotoCollageTissage05-731x1024.jpeg 731w, https://dugoudronetdesplumeseditions.ch/wp-content/uploads/2018/03/PhotoCollageTissage05.jpeg 914w" sizes="auto, (max-width: 214px) 100vw, 214px" /></a></p>
<p>&nbsp;</p>
<p>&nbsp;</p>
<p>&nbsp;</p>
<p>&nbsp;</p>
<p>&nbsp;</p>
<p>&nbsp;</p>
<p>&nbsp;</p>
<p>&nbsp;</p>
<h4>Les conversations en mille-feuille sont nées dans ce terreau expérimental</h4>
<p>Avec Patricia Crelier, nous l’avons imaginé à quatre mains. Nous ne voulions pas écrire une succession d’anecdotes, ni succomber à une approche didactique ou pathétique. Nous avons opté pour le jeu. Ce livre permettrait au lecteur de vivre en quelque sorte le mode opératoire de Paula, la jeune femme sourde atypique, qui regorge de « trucs » pour comprendre le monde qui l’entoure, avec ses sons brouillés. Le lecteur voit d&rsquo;abord une image singulière, insolite, qu’il ne comprend pas tout de suite. Derrière cette image, il découvre en double-page une représentation qui lui donne des clés et résout l’énigme de l’image.<br />Il me tenait aussi à cœur de tenter de faire ressentir une de formes de mon fonctionnement : ce va-et-vient permanent entre différentes informations visuelles, écrites ou graphiques qui sont autant de rébus ou d’indices. Le lecteur peut vivre ce mouvement d’allées et venues : il ouvre la page, la déploie puis la referme, la tourne, revient en arrière, repart plus loin et ainsi de suite. Ce faisant, il est possible qu’il vive une expérience différente, qui pourrait rejoindre la mienne au quotidien. »</p>
<p><a href="https://dugoudronetdesplumeseditions.ch/wp-content/uploads/2018/03/collage-Francine-3.jpeg"><img loading="lazy" decoding="async" class="alignleft size-medium wp-image-1151" src="https://dugoudronetdesplumeseditions.ch/wp-content/uploads/2018/03/collage-Francine-3-300x225.jpeg" alt="" width="300" height="225" srcset="https://dugoudronetdesplumeseditions.ch/wp-content/uploads/2018/03/collage-Francine-3-300x225.jpeg 300w, https://dugoudronetdesplumeseditions.ch/wp-content/uploads/2018/03/collage-Francine-3-768x576.jpeg 768w, https://dugoudronetdesplumeseditions.ch/wp-content/uploads/2018/03/collage-Francine-3-1024x768.jpeg 1024w, https://dugoudronetdesplumeseditions.ch/wp-content/uploads/2018/03/collage-Francine-3.jpeg 1280w" sizes="auto, (max-width: 300px) 100vw, 300px" /></a><a href="https://dugoudronetdesplumeseditions.ch/wp-content/uploads/2018/03/collage-francine-4.jpeg"><img loading="lazy" decoding="async" class="alignleft size-medium wp-image-1152" src="https://dugoudronetdesplumeseditions.ch/wp-content/uploads/2018/03/collage-francine-4-300x225.jpeg" alt="" width="300" height="225" srcset="https://dugoudronetdesplumeseditions.ch/wp-content/uploads/2018/03/collage-francine-4-300x225.jpeg 300w, https://dugoudronetdesplumeseditions.ch/wp-content/uploads/2018/03/collage-francine-4-768x576.jpeg 768w, https://dugoudronetdesplumeseditions.ch/wp-content/uploads/2018/03/collage-francine-4-1024x768.jpeg 1024w, https://dugoudronetdesplumeseditions.ch/wp-content/uploads/2018/03/collage-francine-4.jpeg 1280w" sizes="auto, (max-width: 300px) 100vw, 300px" /></a></p>
<p>&nbsp;</p>
<p>&nbsp;</p>
<p>&nbsp;</p>
<p>&nbsp;</p>
<p>&nbsp;</p>
<p>&nbsp;</p>


<blockquote class="wp-block-quote is-layout-flow wp-block-quote-is-layout-flow">
<p class="has-text-color has-link-color wp-elements-1 wp-block-paragraph" style="color:#ffffff00">  .</p>
</blockquote>



<p class="wp-block-paragraph"><a href="https://dugoudronetdesplumeseditions.ch/?p=858" data-type="post" data-id="858">Conversations en mille-feuille</a></p>



<p class="wp-block-paragraph"></p>

<p>Francine Collet Poffet vit à Vevey où elle développe une œuvre sur papier qui interroge&#8230;</p>
