{"id":43,"date":"2014-07-11T20:06:24","date_gmt":"2014-07-11T20:06:24","guid":{"rendered":"http:\/\/dugoudronetdesplumeseditions.ch\/?page_id=43"},"modified":"2024-08-17T09:05:33","modified_gmt":"2024-08-17T07:05:33","slug":"stephane-montavon","status":"publish","type":"page","link":"https:\/\/dugoudronetdesplumeseditions.ch\/?page_id=43","title":{"rendered":"St\u00e9phane Montavon (plasticien)"},"content":{"rendered":"<p style=\"color: #666666;\">St\u00e9phane Montavon est n\u00e9 en 1960 \u00e0 B\u00e2le (Suisse). Il a suivi l&rsquo;\u00e9cole des Beaux-Arts (ESAV) \u00e0 Gen\u00e8ve de 1982 \u00e0 1988. Il a r\u00e9alis\u00e9 des expositions personnelles en Suisse, Espagne, Etats-Unis ainsi que de nombreuses collectives.<\/p>\n<p>Dans son \u0153uvre, l\u2019absolu silence se peuple et se meut de figures superpos\u00e9es, imbriqu\u00e9es, tant\u00f4t effac\u00e9es, en retrait, tant\u00f4t soulign\u00e9es, elles t\u00e9moignent d\u2019un \u00eatre-l\u00e0, opini\u00e2tre.<\/p>\n<blockquote><p>&nbsp;<\/p><\/blockquote>\n<p style=\"color: #666666;\"><a href=\"https:\/\/dugoudronetdesplumeseditions.ch\/?p=231\">Face-\u00e0-face 2<\/a><\/p>\n<p style=\"color: #666666;\"><a href=\"https:\/\/dugoudronetdesplumeseditions.ch\/?p=239\">Face-\u00e0-face 1<\/a><\/p>\n","protected":false},"excerpt":{"rendered":"<p>St\u00e9phane Montavon est n\u00e9 en 1960 \u00e0 B\u00e2le (Suisse). Il a suivi l&rsquo;\u00e9cole des Beaux-Arts&#8230;<\/p>\n","protected":false},"author":1,"featured_media":0,"parent":0,"menu_order":0,"comment_status":"closed","ping_status":"closed","template":"","meta":{"footnotes":""},"class_list":["post-43","page","type-page","status-publish","hentry"],"_links":{"self":[{"href":"https:\/\/dugoudronetdesplumeseditions.ch\/index.php?rest_route=\/wp\/v2\/pages\/43","targetHints":{"allow":["GET"]}}],"collection":[{"href":"https:\/\/dugoudronetdesplumeseditions.ch\/index.php?rest_route=\/wp\/v2\/pages"}],"about":[{"href":"https:\/\/dugoudronetdesplumeseditions.ch\/index.php?rest_route=\/wp\/v2\/types\/page"}],"author":[{"embeddable":true,"href":"https:\/\/dugoudronetdesplumeseditions.ch\/index.php?rest_route=\/wp\/v2\/users\/1"}],"replies":[{"embeddable":true,"href":"https:\/\/dugoudronetdesplumeseditions.ch\/index.php?rest_route=%2Fwp%2Fv2%2Fcomments&post=43"}],"version-history":[{"count":10,"href":"https:\/\/dugoudronetdesplumeseditions.ch\/index.php?rest_route=\/wp\/v2\/pages\/43\/revisions"}],"predecessor-version":[{"id":3181,"href":"https:\/\/dugoudronetdesplumeseditions.ch\/index.php?rest_route=\/wp\/v2\/pages\/43\/revisions\/3181"}],"wp:attachment":[{"href":"https:\/\/dugoudronetdesplumeseditions.ch\/index.php?rest_route=%2Fwp%2Fv2%2Fmedia&parent=43"}],"curies":[{"name":"wp","href":"https:\/\/api.w.org\/{rel}","templated":true}]}}

Stéphane Montavon (plasticien)

<p style="color: #666666;">Stéphane Montavon est né en 1960 à Bâle (Suisse). Il a suivi l&rsquo;école des Beaux-Arts (ESAV) à Genève de 1982 à 1988. Il a réalisé des expositions personnelles en Suisse, Espagne, Etats-Unis ainsi que de nombreuses collectives.</p>
<p>Dans son œuvre, l’absolu silence se peuple et se meut de figures superposées, imbriquées, tantôt effacées, en retrait, tantôt soulignées, elles témoignent d’un être-là, opiniâtre.</p>
<blockquote><p>&nbsp;</p></blockquote>
<p style="color: #666666;"><a href="https://dugoudronetdesplumeseditions.ch/?p=231">Face-à-face 2</a></p>
<p style="color: #666666;"><a href="https://dugoudronetdesplumeseditions.ch/?p=239">Face-à-face 1</a></p>

<p>Stéphane Montavon est né en 1960 à Bâle (Suisse). Il a suivi l&rsquo;école des Beaux-Arts&#8230;</p>
