{"id":428,"date":"2015-04-14T09:26:27","date_gmt":"2015-04-14T09:26:27","guid":{"rendered":"http:\/\/dugoudronetdesplumeseditions.ch\/?page_id=428"},"modified":"2023-03-20T18:59:20","modified_gmt":"2023-03-20T17:59:20","slug":"josiane-bataillard-3","status":"publish","type":"page","link":"https:\/\/dugoudronetdesplumeseditions.ch\/?page_id=428","title":{"rendered":"Josiane Bataillard"},"content":{"rendered":"<p>Josiane Bataillard vivait en Franche-Comt\u00e9, elle habitait dans les livres, \u00e0 l\u2019abri des pages. Elle animait des lectures en appartement et des ateliers d\u2019\u00e9criture. Ces moments \u00e9taient un voyage partag\u00e9 dans lequel les participants s\u2019\u00e9tonnaient. Ils Osaient jouer, \u00e9couter, \u00e9crire ou dessiner. Josiane animait un blog, lesmotsdesrives.com, dans lequel elle transmettait son enthousiasme pour des livres ou des films. Elle a aussi \u00e9t\u00e9 une collaboratrice pr\u00e9cieuse pour les \u00e9ditions du goudron et des plumes durant 10 ans. Nous nous souvenons de sa malice, de son exigence et de sa g\u00e9n\u00e9rosit\u00e9. Josiane est d\u00e9c\u00e9d\u00e9e le 26.10.2020.<\/p>\n<p>\u00ab\u00a0Si la vie m&rsquo;habille d&rsquo;un costume sur mesure, j&rsquo;en veux un autre plus beau, plus fou.<br>Si la vie d\u00e9cline et triste se fl\u00e9trit, je la veux en versicolore.<br>Si la vie s&rsquo;oublie au fond d&rsquo;un cagibi, je la cherche nouvelle.<br>Les livres, les tableaux, les poup\u00e9es de chiffons et les histoires! Des histoires et des histoires \u00e0 n&rsquo;en plus finir.<br>La vie, la vraie, est celle que je lis dans les livres et dans vos yeux.\u00a0\u00bb<\/p>\n<p><\/p>\n\n\n<blockquote class=\"wp-block-quote is-layout-flow wp-block-quote-is-layout-flow\"><p><\/p><\/blockquote>\n\n\n\n<p class=\"wp-block-paragraph\"><\/p>\n\n\n\n<p class=\"wp-block-paragraph\"><\/p>\n\n\n\n<p class=\"wp-block-paragraph\"><a href=\"https:\/\/dugoudronetdesplumeseditions.ch\/?p=147\">Le tricot d&rsquo;Anna<\/a><\/p>\n\n\n\n<p class=\"wp-block-paragraph\"><a href=\"https:\/\/dugoudronetdesplumeseditions.ch\/?p=113\">Alphabet Tic Tac<\/a><\/p>\n\n\n\n<p class=\"wp-block-paragraph\"><a href=\"https:\/\/dugoudronetdesplumeseditions.ch\/?p=374\">Les Zinutilit\u00e9s<\/a><\/p>\n\n\n\n<p class=\"wp-block-paragraph\"><a href=\"https:\/\/dugoudronetdesplumeseditions.ch\/?p=869\">Les orgues d&rsquo;Am\u00e9lie<\/a><\/p>\n\n\n\n<p class=\"wp-block-paragraph\"><a href=\"https:\/\/dugoudronetdesplumeseditions.ch\/?p=2097\">Ouf l&rsquo;alphabet fou<\/a><\/p>\n\n\n\n<p class=\"wp-block-paragraph\"><a href=\"https:\/\/dugoudronetdesplumeseditions.ch\/?p=1539\">Les valses d&rsquo;Alo\u00efse<\/a> (coffret Quinze)<\/p>\n\n\n\n<p class=\"wp-block-paragraph\"><\/p>\n\n\n\n<p class=\"wp-block-paragraph\"><\/p>\n","protected":false},"excerpt":{"rendered":"<p>Josiane Bataillard vivait en Franche-Comt\u00e9, elle habitait dans les livres, \u00e0 l\u2019abri des pages. Elle&#8230;<\/p>\n","protected":false},"author":1,"featured_media":0,"parent":0,"menu_order":0,"comment_status":"closed","ping_status":"closed","template":"","meta":{"footnotes":""},"class_list":["post-428","page","type-page","status-publish","hentry"],"_links":{"self":[{"href":"https:\/\/dugoudronetdesplumeseditions.ch\/index.php?rest_route=\/wp\/v2\/pages\/428","targetHints":{"allow":["GET"]}}],"collection":[{"href":"https:\/\/dugoudronetdesplumeseditions.ch\/index.php?rest_route=\/wp\/v2\/pages"}],"about":[{"href":"https:\/\/dugoudronetdesplumeseditions.ch\/index.php?rest_route=\/wp\/v2\/types\/page"}],"author":[{"embeddable":true,"href":"https:\/\/dugoudronetdesplumeseditions.ch\/index.php?rest_route=\/wp\/v2\/users\/1"}],"replies":[{"embeddable":true,"href":"https:\/\/dugoudronetdesplumeseditions.ch\/index.php?rest_route=%2Fwp%2Fv2%2Fcomments&post=428"}],"version-history":[{"count":11,"href":"https:\/\/dugoudronetdesplumeseditions.ch\/index.php?rest_route=\/wp\/v2\/pages\/428\/revisions"}],"predecessor-version":[{"id":2561,"href":"https:\/\/dugoudronetdesplumeseditions.ch\/index.php?rest_route=\/wp\/v2\/pages\/428\/revisions\/2561"}],"wp:attachment":[{"href":"https:\/\/dugoudronetdesplumeseditions.ch\/index.php?rest_route=%2Fwp%2Fv2%2Fmedia&parent=428"}],"curies":[{"name":"wp","href":"https:\/\/api.w.org\/{rel}","templated":true}]}}

<p>Josiane Bataillard vivait en Franche-Comté, elle habitait dans les livres, à l’abri des pages. Elle animait des lectures en appartement et des ateliers d’écriture. Ces moments étaient un voyage partagé dans lequel les participants s’étonnaient. Ils Osaient jouer, écouter, écrire ou dessiner. Josiane animait un blog, lesmotsdesrives.com, dans lequel elle transmettait son enthousiasme pour des livres ou des films. Elle a aussi été une collaboratrice précieuse pour les éditions du goudron et des plumes durant 10 ans. Nous nous souvenons de sa malice, de son exigence et de sa générosité. Josiane est décédée le 26.10.2020.</p>
<p>« Si la vie m&rsquo;habille d&rsquo;un costume sur mesure, j&rsquo;en veux un autre plus beau, plus fou.<br>Si la vie décline et triste se flétrit, je la veux en versicolore.<br>Si la vie s&rsquo;oublie au fond d&rsquo;un cagibi, je la cherche nouvelle.<br>Les livres, les tableaux, les poupées de chiffons et les histoires! Des histoires et des histoires à n&rsquo;en plus finir.<br>La vie, la vraie, est celle que je lis dans les livres et dans vos yeux. »</p>
<p></p>


<blockquote class="wp-block-quote is-layout-flow wp-block-quote-is-layout-flow"><p></p></blockquote>



<p class="wp-block-paragraph"></p>



<p class="wp-block-paragraph"></p>



<p class="wp-block-paragraph"><a href="https://dugoudronetdesplumeseditions.ch/?p=147">Le tricot d&rsquo;Anna</a></p>



<p class="wp-block-paragraph"><a href="https://dugoudronetdesplumeseditions.ch/?p=113">Alphabet Tic Tac</a></p>



<p class="wp-block-paragraph"><a href="https://dugoudronetdesplumeseditions.ch/?p=374">Les Zinutilités</a></p>



<p class="wp-block-paragraph"><a href="https://dugoudronetdesplumeseditions.ch/?p=869">Les orgues d&rsquo;Amélie</a></p>



<p class="wp-block-paragraph"><a href="https://dugoudronetdesplumeseditions.ch/?p=2097">Ouf l&rsquo;alphabet fou</a></p>



<p class="wp-block-paragraph"><a href="https://dugoudronetdesplumeseditions.ch/?p=1539">Les valses d&rsquo;Aloïse</a> (coffret Quinze)</p>



<p class="wp-block-paragraph"></p>



<p class="wp-block-paragraph"></p>

<p>Josiane Bataillard vivait en Franche-Comté, elle habitait dans les livres, à l’abri des pages. Elle&#8230;</p>
