{"id":3707,"date":"2026-07-12T11:26:40","date_gmt":"2026-07-12T09:26:40","guid":{"rendered":"https:\/\/dugoudronetdesplumeseditions.ch\/?page_id=3707"},"modified":"2026-07-12T11:28:00","modified_gmt":"2026-07-12T09:28:00","slug":"leo-schluchter","status":"publish","type":"page","link":"https:\/\/dugoudronetdesplumeseditions.ch\/?page_id=3707","title":{"rendered":"L\u00e9o Schl\u00fcchter"},"content":{"rendered":"\n<p class=\"wp-block-paragraph\">N\u00e9 en 1999, L\u00e9o Schl\u00fcchter vit \u00e0 Rossemaison. Form\u00e9 comme arboriculteur en 2019, il d\u00e9veloppe tr\u00e8s t\u00f4t un rapport sensible \u00e0 la mati\u00e8re et au vivant. Le travail au contact de la terre, du bois et des cycles naturels nourrit son imaginaire artistique. Son parcours professionnel se construit dans le paysagisme ou les m\u00e9tiers du b\u00e2timent comme scieur-foreur. Ces exp\u00e9riences renforcent son rapport au geste, \u00e0 l\u2019outil et \u00e0 la transformation de la mati\u00e8re. Parall\u00e8lement, une curiosit\u00e9 artistique constante l\u2019am\u00e8ne \u00e0 explorer plusieurs m\u00e9diums&nbsp;: dessin, peinture, animation 2D ou gravure. Si le dessin est tr\u00e8s pr\u00e9sent dans sa vie, notamment dans ses carnets de voyage qui accompagnent ses d\u00e9placements et constituent un espace privil\u00e9gi\u00e9 d\u2019observation et d\u2019exp\u00e9rimentation, c\u2019est assez naturellement que L\u00e9o Schl\u00fcchter empoigne la gouge. Avec la gravure sur bois, il retrouve, en la transformant, son exp\u00e9rience d\u2019arboriculteur. <em>Hildegard<\/em>, premier projet artistique structur\u00e9 et abouti, marque une \u00e9tape dans l\u2019affirmation de sa d\u00e9marche.<\/p>\n\n\n\n<p class=\"wp-block-paragraph\"><\/p>\n\n\n\n<blockquote class=\"wp-block-quote is-layout-flow wp-block-quote-is-layout-flow\">\n<p class=\"wp-block-paragraph\"><\/p>\n<\/blockquote>\n\n\n\n<p class=\"wp-block-paragraph\"><\/p>\n\n\n\n<p class=\"wp-block-paragraph\"><\/p>\n\n\n\n<p class=\"wp-block-paragraph\">Hildegard<\/p>\n","protected":false},"excerpt":{"rendered":"<p>N\u00e9 en 1999, L\u00e9o Schl\u00fcchter vit \u00e0 Rossemaison. Form\u00e9 comme arboriculteur en 2019, il d\u00e9veloppe&#8230;<\/p>\n","protected":false},"author":1,"featured_media":0,"parent":0,"menu_order":0,"comment_status":"closed","ping_status":"closed","template":"","meta":{"footnotes":""},"class_list":["post-3707","page","type-page","status-publish","hentry"],"_links":{"self":[{"href":"https:\/\/dugoudronetdesplumeseditions.ch\/index.php?rest_route=\/wp\/v2\/pages\/3707","targetHints":{"allow":["GET"]}}],"collection":[{"href":"https:\/\/dugoudronetdesplumeseditions.ch\/index.php?rest_route=\/wp\/v2\/pages"}],"about":[{"href":"https:\/\/dugoudronetdesplumeseditions.ch\/index.php?rest_route=\/wp\/v2\/types\/page"}],"author":[{"embeddable":true,"href":"https:\/\/dugoudronetdesplumeseditions.ch\/index.php?rest_route=\/wp\/v2\/users\/1"}],"replies":[{"embeddable":true,"href":"https:\/\/dugoudronetdesplumeseditions.ch\/index.php?rest_route=%2Fwp%2Fv2%2Fcomments&post=3707"}],"version-history":[{"count":2,"href":"https:\/\/dugoudronetdesplumeseditions.ch\/index.php?rest_route=\/wp\/v2\/pages\/3707\/revisions"}],"predecessor-version":[{"id":3714,"href":"https:\/\/dugoudronetdesplumeseditions.ch\/index.php?rest_route=\/wp\/v2\/pages\/3707\/revisions\/3714"}],"wp:attachment":[{"href":"https:\/\/dugoudronetdesplumeseditions.ch\/index.php?rest_route=%2Fwp%2Fv2%2Fmedia&parent=3707"}],"curies":[{"name":"wp","href":"https:\/\/api.w.org\/{rel}","templated":true}]}}

Léo Schlüchter

<p class="wp-block-paragraph">Né en 1999, Léo Schlüchter vit à Rossemaison. Formé comme arboriculteur en 2019, il développe très tôt un rapport sensible à la matière et au vivant. Le travail au contact de la terre, du bois et des cycles naturels nourrit son imaginaire artistique. Son parcours professionnel se construit dans le paysagisme ou les métiers du bâtiment comme scieur-foreur. Ces expériences renforcent son rapport au geste, à l’outil et à la transformation de la matière. Parallèlement, une curiosité artistique constante l’amène à explorer plusieurs médiums&nbsp;: dessin, peinture, animation 2D ou gravure. Si le dessin est très présent dans sa vie, notamment dans ses carnets de voyage qui accompagnent ses déplacements et constituent un espace privilégié d’observation et d’expérimentation, c’est assez naturellement que Léo Schlüchter empoigne la gouge. Avec la gravure sur bois, il retrouve, en la transformant, son expérience d’arboriculteur. <em>Hildegard</em>, premier projet artistique structuré et abouti, marque une étape dans l’affirmation de sa démarche.</p>



<p class="wp-block-paragraph"></p>



<blockquote class="wp-block-quote is-layout-flow wp-block-quote-is-layout-flow">
<p class="wp-block-paragraph"></p>
</blockquote>



<p class="wp-block-paragraph"></p>



<p class="wp-block-paragraph"></p>



<p class="wp-block-paragraph">Hildegard</p>

<p>Né en 1999, Léo Schlüchter vit à Rossemaison. Formé comme arboriculteur en 2019, il développe&#8230;</p>
