{"id":33,"date":"2014-07-11T19:58:52","date_gmt":"2014-07-11T19:58:52","guid":{"rendered":"http:\/\/dugoudronetdesplumeseditions.ch\/?page_id=33"},"modified":"2018-02-13T00:23:32","modified_gmt":"2018-02-12T23:23:32","slug":"jacques-belat","status":"publish","type":"page","link":"https:\/\/dugoudronetdesplumeseditions.ch\/?page_id=33","title":{"rendered":"Jacques B\u00e9lat"},"content":{"rendered":"<p style=\"color: #000000;\"><span style=\"color: #333333;\">Jacques B\u00e9lat est n\u00e9 en 1952 \u00e0 Del\u00e9mont (Suisse). Photographe, il a collabor\u00e9 avec des entreprises horlog\u00e8res et des m\u00e9dias. Il a r\u00e9alis\u00e9 plusieurs livres en lien avec le Jura et obtenu en 1984 le grand prix suisse de la photographie. <\/span><span style=\"color: #333333;\"><em>Jacques B\u00e9lat, seul en ses terres,<\/em> pr\u00e9sente une vision ethnographique du peuple jurassien des ann\u00e9es quatre-vingt. Dans <em>Fa\u00e7on d\u2019autrefois<\/em>, Jacques B\u00e9lat photographie la vie des gens \u00e0 travers des m\u00e9tiers souvent oubli\u00e9s. Avec son livre <em>Traces,<\/em> le photographe fait le portrait des cr\u00e9ateurs\u00a0de cette r\u00e9gion.<\/span><\/p>\n<blockquote><p>&nbsp;<\/p><\/blockquote>\n<p style=\"color: #000000;\"><a title=\"Humanit\u00e9s &amp; Cie\" href=\"https:\/\/dugoudronetdesplumeseditions.ch\/?p=103\">Humanit\u00e9s &amp; Cie<\/a><\/p>\n","protected":false},"excerpt":{"rendered":"<p>Jacques B\u00e9lat est n\u00e9 en 1952 \u00e0 Del\u00e9mont (Suisse). Photographe, il a collabor\u00e9 avec des&#8230;<\/p>\n","protected":false},"author":1,"featured_media":0,"parent":0,"menu_order":0,"comment_status":"closed","ping_status":"closed","template":"","meta":{"footnotes":""},"class_list":["post-33","page","type-page","status-publish","hentry"],"_links":{"self":[{"href":"https:\/\/dugoudronetdesplumeseditions.ch\/index.php?rest_route=\/wp\/v2\/pages\/33","targetHints":{"allow":["GET"]}}],"collection":[{"href":"https:\/\/dugoudronetdesplumeseditions.ch\/index.php?rest_route=\/wp\/v2\/pages"}],"about":[{"href":"https:\/\/dugoudronetdesplumeseditions.ch\/index.php?rest_route=\/wp\/v2\/types\/page"}],"author":[{"embeddable":true,"href":"https:\/\/dugoudronetdesplumeseditions.ch\/index.php?rest_route=\/wp\/v2\/users\/1"}],"replies":[{"embeddable":true,"href":"https:\/\/dugoudronetdesplumeseditions.ch\/index.php?rest_route=%2Fwp%2Fv2%2Fcomments&post=33"}],"version-history":[{"count":10,"href":"https:\/\/dugoudronetdesplumeseditions.ch\/index.php?rest_route=\/wp\/v2\/pages\/33\/revisions"}],"predecessor-version":[{"id":841,"href":"https:\/\/dugoudronetdesplumeseditions.ch\/index.php?rest_route=\/wp\/v2\/pages\/33\/revisions\/841"}],"wp:attachment":[{"href":"https:\/\/dugoudronetdesplumeseditions.ch\/index.php?rest_route=%2Fwp%2Fv2%2Fmedia&parent=33"}],"curies":[{"name":"wp","href":"https:\/\/api.w.org\/{rel}","templated":true}]}}

Jacques Bélat

<p style="color: #000000;"><span style="color: #333333;">Jacques Bélat est né en 1952 à Delémont (Suisse). Photographe, il a collaboré avec des entreprises horlogères et des médias. Il a réalisé plusieurs livres en lien avec le Jura et obtenu en 1984 le grand prix suisse de la photographie. </span><span style="color: #333333;"><em>Jacques Bélat, seul en ses terres,</em> présente une vision ethnographique du peuple jurassien des années quatre-vingt. Dans <em>Façon d’autrefois</em>, Jacques Bélat photographie la vie des gens à travers des métiers souvent oubliés. Avec son livre <em>Traces,</em> le photographe fait le portrait des créateurs de cette région.</span></p>
<blockquote><p>&nbsp;</p></blockquote>
<p style="color: #000000;"><a title="Humanités &amp; Cie" href="https://dugoudronetdesplumeseditions.ch/?p=103">Humanités &amp; Cie</a></p>

<p>Jacques Bélat est né en 1952 à Delémont (Suisse). Photographe, il a collaboré avec des&#8230;</p>
