{"id":320,"date":"2015-04-09T09:15:23","date_gmt":"2015-04-09T09:15:23","guid":{"rendered":"http:\/\/dugoudronetdesplumeseditions.ch\/?page_id=320"},"modified":"2018-07-27T09:03:42","modified_gmt":"2018-07-27T07:03:42","slug":"audrey-devaud","status":"publish","type":"page","link":"https:\/\/dugoudronetdesplumeseditions.ch\/?page_id=320","title":{"rendered":"Audrey Devaud"},"content":{"rendered":"<p>Audrey Devaud est n\u00e9e \u00e0 Besan\u00e7on en 1987. Elle a \u00e9tudi\u00e9 les arts ailleurs avant de revenir dans sa ville pour s&rsquo;installer avec sa machine \u00e0 graver. Depuis, elles carburent toutes les deux. Audrey cherche \u00e0 faire des images \u00e0 se mettre sous les yeux pour ceux dont le regard a faim. Ces images s&rsquo;agglutinent et forment des tas. Elles s&rsquo;abritent parfois dans un livre, parfois avec un texte et parfois avec rien. Elle les remplit et les creuse, en esp\u00e9rant qu&rsquo;elles veuillent bien accueillir toute la po\u00e9sie qu&rsquo;elle ne sait pas dire.<\/p>\n<p><a href=\"http:\/\/www.audreydevaud.com\/\">www.audreydevaud.com<\/a><\/p>\n<blockquote><p>&nbsp;<\/p><\/blockquote>\n<p><a href=\"https:\/\/dugoudronetdesplumeseditions.ch\/?p=441\">Fi\u00e9vrier<\/a><\/p>\n","protected":false},"excerpt":{"rendered":"<p>Audrey Devaud est n\u00e9e \u00e0 Besan\u00e7on en 1987. Elle a \u00e9tudi\u00e9 les arts ailleurs avant&#8230;<\/p>\n","protected":false},"author":1,"featured_media":0,"parent":0,"menu_order":0,"comment_status":"closed","ping_status":"closed","template":"","meta":{"footnotes":""},"class_list":["post-320","page","type-page","status-publish","hentry"],"_links":{"self":[{"href":"https:\/\/dugoudronetdesplumeseditions.ch\/index.php?rest_route=\/wp\/v2\/pages\/320","targetHints":{"allow":["GET"]}}],"collection":[{"href":"https:\/\/dugoudronetdesplumeseditions.ch\/index.php?rest_route=\/wp\/v2\/pages"}],"about":[{"href":"https:\/\/dugoudronetdesplumeseditions.ch\/index.php?rest_route=\/wp\/v2\/types\/page"}],"author":[{"embeddable":true,"href":"https:\/\/dugoudronetdesplumeseditions.ch\/index.php?rest_route=\/wp\/v2\/users\/1"}],"replies":[{"embeddable":true,"href":"https:\/\/dugoudronetdesplumeseditions.ch\/index.php?rest_route=%2Fwp%2Fv2%2Fcomments&post=320"}],"version-history":[{"count":8,"href":"https:\/\/dugoudronetdesplumeseditions.ch\/index.php?rest_route=\/wp\/v2\/pages\/320\/revisions"}],"predecessor-version":[{"id":832,"href":"https:\/\/dugoudronetdesplumeseditions.ch\/index.php?rest_route=\/wp\/v2\/pages\/320\/revisions\/832"}],"wp:attachment":[{"href":"https:\/\/dugoudronetdesplumeseditions.ch\/index.php?rest_route=%2Fwp%2Fv2%2Fmedia&parent=320"}],"curies":[{"name":"wp","href":"https:\/\/api.w.org\/{rel}","templated":true}]}}

<p>Audrey Devaud est née à Besançon en 1987. Elle a étudié les arts ailleurs avant de revenir dans sa ville pour s&rsquo;installer avec sa machine à graver. Depuis, elles carburent toutes les deux. Audrey cherche à faire des images à se mettre sous les yeux pour ceux dont le regard a faim. Ces images s&rsquo;agglutinent et forment des tas. Elles s&rsquo;abritent parfois dans un livre, parfois avec un texte et parfois avec rien. Elle les remplit et les creuse, en espérant qu&rsquo;elles veuillent bien accueillir toute la poésie qu&rsquo;elle ne sait pas dire.</p>
<p><a href="http://www.audreydevaud.com/">www.audreydevaud.com</a></p>
<blockquote><p>&nbsp;</p></blockquote>
<p><a href="https://dugoudronetdesplumeseditions.ch/?p=441">Fiévrier</a></p>

<p>Audrey Devaud est née à Besançon en 1987. Elle a étudié les arts ailleurs avant&#8230;</p>
