{"id":2469,"date":"2023-03-18T14:12:37","date_gmt":"2023-03-18T13:12:37","guid":{"rendered":"http:\/\/dugoudronetdesplumeseditions.ch\/?page_id=2469"},"modified":"2025-11-23T11:51:24","modified_gmt":"2025-11-23T10:51:24","slug":"gilles-f-jobin","status":"publish","type":"page","link":"https:\/\/dugoudronetdesplumeseditions.ch\/?page_id=2469","title":{"rendered":"Gilles F. Jobin"},"content":{"rendered":"\n<p class=\"wp-block-paragraph\">Gilles F. Jobin vit \u00e0 Del\u00e9mont. Il est curieux de tout ce qui remue la langue, aime envoyer des lettres, d\u00e9sapprouve ce qui emp\u00eache de penser. Il participe \u00e0 des lectures publiques, parfois musicales avec le groupe <em>naanzook<\/em>. Auteur de textes courts, po\u00e8mes, r\u00e9cits avec ou sans contraintes d\u2019\u00e9criture, il \u00e9dite depuis 2005 la microrevue trimestrielle A4. Il a publi\u00e9 3 livres aux \u00e9ditions Samizdat\u00a0: <em>Jouer dans le noir<\/em>, <em>Au temps de l\u2019amour inquiet<\/em>, et <em>Malgr\u00e9 la nuit<\/em> et <em>Ce qu\u2019on<\/em> <em>voit d\u2019ici<\/em> avec Isabelle Sbrissa et Sylvie Aubry \u00e0 la SJE. Il participe \u00e0 divers collectifs, notamment aux \u00e9ditions Plaisir de Lire, <em>N\u2019habite pas\/plus \u00e0 l\u2019adresse indiqu\u00e9e <\/em>et<em> Des nouvelles d\u2019Emma.<\/em><\/p>\n\n\n\n<blockquote class=\"wp-block-quote is-layout-flow wp-block-quote-is-layout-flow\">\n<p class=\"wp-block-paragraph\"><\/p>\n<\/blockquote>\n\n\n\n<p class=\"wp-block-paragraph\"><\/p>\n\n\n\n<p class=\"wp-block-paragraph\"><a href=\"https:\/\/dugoudronetdesplumeseditions.ch\/?p=3135\">Ignace<\/a><\/p>\n\n\n\n<p class=\"wp-block-paragraph\"><a href=\"https:\/\/dugoudronetdesplumeseditions.ch\/?p=2674\" data-type=\"post\" data-id=\"2674\">Le jeune chevalier et le petit dragon<\/a><\/p>\n\n\n\n<p class=\"wp-block-paragraph\"><\/p>\n","protected":false},"excerpt":{"rendered":"<p>Gilles F. Jobin vit \u00e0 Del\u00e9mont. Il est curieux de tout ce qui remue la&#8230;<\/p>\n","protected":false},"author":1,"featured_media":0,"parent":0,"menu_order":0,"comment_status":"closed","ping_status":"closed","template":"","meta":{"footnotes":""},"class_list":["post-2469","page","type-page","status-publish","hentry"],"_links":{"self":[{"href":"https:\/\/dugoudronetdesplumeseditions.ch\/index.php?rest_route=\/wp\/v2\/pages\/2469","targetHints":{"allow":["GET"]}}],"collection":[{"href":"https:\/\/dugoudronetdesplumeseditions.ch\/index.php?rest_route=\/wp\/v2\/pages"}],"about":[{"href":"https:\/\/dugoudronetdesplumeseditions.ch\/index.php?rest_route=\/wp\/v2\/types\/page"}],"author":[{"embeddable":true,"href":"https:\/\/dugoudronetdesplumeseditions.ch\/index.php?rest_route=\/wp\/v2\/users\/1"}],"replies":[{"embeddable":true,"href":"https:\/\/dugoudronetdesplumeseditions.ch\/index.php?rest_route=%2Fwp%2Fv2%2Fcomments&post=2469"}],"version-history":[{"count":5,"href":"https:\/\/dugoudronetdesplumeseditions.ch\/index.php?rest_route=\/wp\/v2\/pages\/2469\/revisions"}],"predecessor-version":[{"id":3574,"href":"https:\/\/dugoudronetdesplumeseditions.ch\/index.php?rest_route=\/wp\/v2\/pages\/2469\/revisions\/3574"}],"wp:attachment":[{"href":"https:\/\/dugoudronetdesplumeseditions.ch\/index.php?rest_route=%2Fwp%2Fv2%2Fmedia&parent=2469"}],"curies":[{"name":"wp","href":"https:\/\/api.w.org\/{rel}","templated":true}]}}

<p class="wp-block-paragraph">Gilles F. Jobin vit à Delémont. Il est curieux de tout ce qui remue la langue, aime envoyer des lettres, désapprouve ce qui empêche de penser. Il participe à des lectures publiques, parfois musicales avec le groupe <em>naanzook</em>. Auteur de textes courts, poèmes, récits avec ou sans contraintes d’écriture, il édite depuis 2005 la microrevue trimestrielle A4. Il a publié 3 livres aux éditions Samizdat : <em>Jouer dans le noir</em>, <em>Au temps de l’amour inquiet</em>, et <em>Malgré la nuit</em> et <em>Ce qu’on</em> <em>voit d’ici</em> avec Isabelle Sbrissa et Sylvie Aubry à la SJE. Il participe à divers collectifs, notamment aux éditions Plaisir de Lire, <em>N’habite pas/plus à l’adresse indiquée </em>et<em> Des nouvelles d’Emma.</em></p>



<blockquote class="wp-block-quote is-layout-flow wp-block-quote-is-layout-flow">
<p class="wp-block-paragraph"></p>
</blockquote>



<p class="wp-block-paragraph"></p>



<p class="wp-block-paragraph"><a href="https://dugoudronetdesplumeseditions.ch/?p=3135">Ignace</a></p>



<p class="wp-block-paragraph"><a href="https://dugoudronetdesplumeseditions.ch/?p=2674" data-type="post" data-id="2674">Le jeune chevalier et le petit dragon</a></p>



<p class="wp-block-paragraph"></p>

<p>Gilles F. Jobin vit à Delémont. Il est curieux de tout ce qui remue la&#8230;</p>
