{"id":2453,"date":"2023-03-18T13:55:27","date_gmt":"2023-03-18T12:55:27","guid":{"rendered":"http:\/\/dugoudronetdesplumeseditions.ch\/?page_id=2453"},"modified":"2023-03-18T13:55:27","modified_gmt":"2023-03-18T12:55:27","slug":"neal-byrne-jossen-2","status":"publish","type":"page","link":"https:\/\/dugoudronetdesplumeseditions.ch\/?page_id=2453","title":{"rendered":"Neal Byrne Jossen"},"content":{"rendered":"\n<p class=\"wp-block-paragraph\">Neal Byrne Jossen, Suisse et Irlandais, n\u00e9 \u00e0 Rabat (Maroc) en 1985 vit \u00e0 Bienne. Form\u00e9 en gravure, art visuel et m\u00e9diation culturelle, il a des exp\u00e9riences professionnelles vari\u00e9es, notamment comme intervenant social \u00e0 La Soupe Populaire \u00e0 Lausanne. Il a collabor\u00e9 \u00e0 de nombreux projets et expositions, notamment \u00e0 woof woof woof woof who let the dog out\u00a0?! \u00e0 espace Libre \u00e0 Bienne.<\/p>\n\n\n\n<p class=\"wp-block-paragraph\"><\/p>\n\n\n\n<blockquote class=\"wp-block-quote is-layout-flow wp-block-quote-is-layout-flow\"><p><\/p><\/blockquote>\n\n\n\n<p class=\"wp-block-paragraph\"><\/p>\n\n\n\n<p class=\"wp-block-paragraph\"><a href=\"https:\/\/dugoudronetdesplumeseditions.ch\/?p=1528\">La Soupe<\/a> (coffret Quinze) <\/p>\n","protected":false},"excerpt":{"rendered":"<p>Neal Byrne Jossen, Suisse et Irlandais, n\u00e9 \u00e0 Rabat (Maroc) en 1985 vit \u00e0 Bienne&#8230;.<\/p>\n","protected":false},"author":1,"featured_media":0,"parent":0,"menu_order":0,"comment_status":"closed","ping_status":"closed","template":"","meta":{"footnotes":""},"class_list":["post-2453","page","type-page","status-publish","hentry"],"_links":{"self":[{"href":"https:\/\/dugoudronetdesplumeseditions.ch\/index.php?rest_route=\/wp\/v2\/pages\/2453","targetHints":{"allow":["GET"]}}],"collection":[{"href":"https:\/\/dugoudronetdesplumeseditions.ch\/index.php?rest_route=\/wp\/v2\/pages"}],"about":[{"href":"https:\/\/dugoudronetdesplumeseditions.ch\/index.php?rest_route=\/wp\/v2\/types\/page"}],"author":[{"embeddable":true,"href":"https:\/\/dugoudronetdesplumeseditions.ch\/index.php?rest_route=\/wp\/v2\/users\/1"}],"replies":[{"embeddable":true,"href":"https:\/\/dugoudronetdesplumeseditions.ch\/index.php?rest_route=%2Fwp%2Fv2%2Fcomments&post=2453"}],"version-history":[{"count":1,"href":"https:\/\/dugoudronetdesplumeseditions.ch\/index.php?rest_route=\/wp\/v2\/pages\/2453\/revisions"}],"predecessor-version":[{"id":2454,"href":"https:\/\/dugoudronetdesplumeseditions.ch\/index.php?rest_route=\/wp\/v2\/pages\/2453\/revisions\/2454"}],"wp:attachment":[{"href":"https:\/\/dugoudronetdesplumeseditions.ch\/index.php?rest_route=%2Fwp%2Fv2%2Fmedia&parent=2453"}],"curies":[{"name":"wp","href":"https:\/\/api.w.org\/{rel}","templated":true}]}}

<p class="wp-block-paragraph">Neal Byrne Jossen, Suisse et Irlandais, né à Rabat (Maroc) en 1985 vit à Bienne. Formé en gravure, art visuel et médiation culturelle, il a des expériences professionnelles variées, notamment comme intervenant social à La Soupe Populaire à Lausanne. Il a collaboré à de nombreux projets et expositions, notamment à woof woof woof woof who let the dog out ?! à espace Libre à Bienne.</p>



<p class="wp-block-paragraph"></p>



<blockquote class="wp-block-quote is-layout-flow wp-block-quote-is-layout-flow"><p></p></blockquote>



<p class="wp-block-paragraph"></p>



<p class="wp-block-paragraph"><a href="https://dugoudronetdesplumeseditions.ch/?p=1528">La Soupe</a> (coffret Quinze) </p>

<p>Neal Byrne Jossen, Suisse et Irlandais, né à Rabat (Maroc) en 1985 vit à Bienne&#8230;.</p>
