{"id":2328,"date":"2023-03-18T14:42:04","date_gmt":"2023-03-18T13:42:04","guid":{"rendered":"http:\/\/dugoudronetdesplumeseditions.ch\/?page_id=2328"},"modified":"2025-11-23T11:45:13","modified_gmt":"2025-11-23T10:45:13","slug":"isabelle-volpato","status":"publish","type":"page","link":"https:\/\/dugoudronetdesplumeseditions.ch\/?page_id=2328","title":{"rendered":"Isabelle Volpato"},"content":{"rendered":"\n<p class=\"wp-block-paragraph\"><strong>Isabelle Volpato<\/strong> d\u2019origine fran\u00e7aise, vit \u00e0 Porrentruy o\u00f9 elle pratique le m\u00e9tier d\u2019orthophoniste et de relectrice. Elle est une passeuse, favorise les rencontres et stimule les liens notamment autour du th\u00e9\u00e2tre.<\/p>\n\n\n\n<p class=\"wp-block-paragraph\">Collaboratrice des \u00e9ditions du goudron et des plumes, elle a particip\u00e9 \u00e0 la r\u00e9\u00e9criture de deux ouvrages, <em>Poisson d\u2019avril<\/em> et <em>La Sir\u00e8ne du Doubs<\/em>, ainsi qu\u2019\u00e0 la cr\u00e9ation collective de <em>Bulle<\/em>.<\/p>\n\n\n\n<p class=\"wp-block-paragraph\"><a href=\"http:\/\/www.oz\u00e9crits.xyz\">www.oz\u00e9crits.xyz<\/a><\/p>\n\n\n\n<p class=\"wp-block-paragraph\"><\/p>\n\n\n\n<blockquote class=\"wp-block-quote is-layout-flow wp-block-quote-is-layout-flow\">\n<p class=\"wp-block-paragraph\"><\/p>\n<\/blockquote>\n\n\n\n<p class=\"wp-block-paragraph\"><\/p>\n\n\n\n<p class=\"wp-block-paragraph\"><\/p>\n\n\n\n<p class=\"wp-block-paragraph\"><a href=\"https:\/\/dugoudronetdesplumeseditions.ch\/?p=3337\" data-type=\"post\" data-id=\"3337\">Bulle<\/a> <\/p>\n\n\n\n<p class=\"wp-block-paragraph\"><a href=\"https:\/\/dugoudronetdesplumeseditions.ch\/?p=2182\">Sir\u00e8ne du Doubs \/2<\/a><\/p>\n\n\n\n<p class=\"wp-block-paragraph\"><a href=\"https:\/\/dugoudronetdesplumeseditions.ch\/?p=2090\" data-type=\"post\" data-id=\"2090\">Poisson d&rsquo;avril \/2<\/a><\/p>\n\n\n\n<p class=\"wp-block-paragraph\"><\/p>\n","protected":false},"excerpt":{"rendered":"<p>Isabelle Volpato d\u2019origine fran\u00e7aise, vit \u00e0 Porrentruy o\u00f9 elle pratique le m\u00e9tier d\u2019orthophoniste et de&#8230;<\/p>\n","protected":false},"author":1,"featured_media":0,"parent":0,"menu_order":0,"comment_status":"closed","ping_status":"closed","template":"","meta":{"footnotes":""},"class_list":["post-2328","page","type-page","status-publish","hentry"],"_links":{"self":[{"href":"https:\/\/dugoudronetdesplumeseditions.ch\/index.php?rest_route=\/wp\/v2\/pages\/2328","targetHints":{"allow":["GET"]}}],"collection":[{"href":"https:\/\/dugoudronetdesplumeseditions.ch\/index.php?rest_route=\/wp\/v2\/pages"}],"about":[{"href":"https:\/\/dugoudronetdesplumeseditions.ch\/index.php?rest_route=\/wp\/v2\/types\/page"}],"author":[{"embeddable":true,"href":"https:\/\/dugoudronetdesplumeseditions.ch\/index.php?rest_route=\/wp\/v2\/users\/1"}],"replies":[{"embeddable":true,"href":"https:\/\/dugoudronetdesplumeseditions.ch\/index.php?rest_route=%2Fwp%2Fv2%2Fcomments&post=2328"}],"version-history":[{"count":5,"href":"https:\/\/dugoudronetdesplumeseditions.ch\/index.php?rest_route=\/wp\/v2\/pages\/2328\/revisions"}],"predecessor-version":[{"id":3563,"href":"https:\/\/dugoudronetdesplumeseditions.ch\/index.php?rest_route=\/wp\/v2\/pages\/2328\/revisions\/3563"}],"wp:attachment":[{"href":"https:\/\/dugoudronetdesplumeseditions.ch\/index.php?rest_route=%2Fwp%2Fv2%2Fmedia&parent=2328"}],"curies":[{"name":"wp","href":"https:\/\/api.w.org\/{rel}","templated":true}]}}

<p class="wp-block-paragraph"><strong>Isabelle Volpato</strong> d’origine française, vit à Porrentruy où elle pratique le métier d’orthophoniste et de relectrice. Elle est une passeuse, favorise les rencontres et stimule les liens notamment autour du théâtre.</p>



<p class="wp-block-paragraph">Collaboratrice des éditions du goudron et des plumes, elle a participé à la réécriture de deux ouvrages, <em>Poisson d’avril</em> et <em>La Sirène du Doubs</em>, ainsi qu’à la création collective de <em>Bulle</em>.</p>



<p class="wp-block-paragraph"><a href="http://www.ozécrits.xyz">www.ozécrits.xyz</a></p>



<p class="wp-block-paragraph"></p>



<blockquote class="wp-block-quote is-layout-flow wp-block-quote-is-layout-flow">
<p class="wp-block-paragraph"></p>
</blockquote>



<p class="wp-block-paragraph"></p>



<p class="wp-block-paragraph"></p>



<p class="wp-block-paragraph"><a href="https://dugoudronetdesplumeseditions.ch/?p=3337" data-type="post" data-id="3337">Bulle</a> </p>



<p class="wp-block-paragraph"><a href="https://dugoudronetdesplumeseditions.ch/?p=2182">Sirène du Doubs /2</a></p>



<p class="wp-block-paragraph"><a href="https://dugoudronetdesplumeseditions.ch/?p=2090" data-type="post" data-id="2090">Poisson d&rsquo;avril /2</a></p>



<p class="wp-block-paragraph"></p>

<p>Isabelle Volpato d’origine française, vit à Porrentruy où elle pratique le métier d’orthophoniste et de&#8230;</p>
